{"id":40040,"date":"2024-11-16T13:19:09","date_gmt":"2024-11-16T12:19:09","guid":{"rendered":"https:\/\/conservation-science.ch\/?page_id=40040"},"modified":"2024-11-16T16:44:14","modified_gmt":"2024-11-16T15:44:14","slug":"zuerich","status":"publish","type":"page","link":"https:\/\/conservation-science.ch\/?page_id=40040&lang=de","title":{"rendered":"ZH (Z\u00fcrich)"},"content":{"rendered":"<p><strong>Im Kanton Z\u00fcrich durchgef\u00fchrte Projekte\u00a0(aufs Bild klicken):<\/strong><\/p>\n<p>&nbsp;<\/p>\n<table style=\"width: 700px;\" border=\"2\" width=\"580\" cellpadding=\"2\">\n<tbody>\n<tr>\n<td style=\"width: 103px;\"><strong>Res\u00fcmee<\/strong><\/td>\n<td style=\"width: 120px;\"><strong>Ort\/Datum<\/strong><\/td>\n<td style=\"width: 230px;\"><strong>Objekt<br \/>\n<\/strong><\/td>\n<td style=\"width: 247px;\"><strong>Thema<\/strong><\/td>\n<\/tr>\n<tr>\n<td style=\"vertical-align: top; width: 103px;\"><a href=\"https:\/\/csc-sarl.ch\/wp-content\/uploads\/2018\/06\/a_0295_02.pdf\" target=\"_self\" rel=\"noopener\"><img decoding=\"async\" class=\"rex_image\" src=\"https:\/\/csc-sarl.ch\/wp-content\/uploads\/2018\/06\/zh_029502_large60px.jpg\" alt=\"\" ismap=\"ismap\" \/><\/a><\/td>\n<td style=\"vertical-align: top; width: 120px;\"><span style=\"font-size: 10pt;\">D\u00e4ttlikon<\/span><br \/>\n<span style=\"font-size: 10pt;\">12.7.13<\/span><br \/>\n<span style=\"font-size: 10pt;\">295.02<\/span><\/td>\n<td style=\"vertical-align: top; width: 230px;\"><span style=\"font-size: 10pt;\">Evang.-Ref. Kirche<\/span><\/td>\n<td style=\"vertical-align: top; width: 247px;\"><span style=\"font-size: 10pt;\">Materialanalysen<\/span><\/td>\n<\/tr>\n<tr>\n<td style=\"vertical-align: top; width: 103px;\"><a href=\"https:\/\/csc-sarl.ch\/wp-content\/uploads\/2018\/06\/a_0252_01.pdf\" target=\"_self\" rel=\"noopener\"><img decoding=\"async\" class=\"rex_image\" src=\"https:\/\/csc-sarl.ch\/wp-content\/uploads\/2018\/06\/zh_025201_large60px.jpg\" alt=\"\" ismap=\"ismap\" \/><\/a><\/td>\n<td style=\"vertical-align: top; width: 120px;\"><span style=\"font-size: 10pt;\">Rheinau<\/span><br \/>\n<span style=\"font-size: 10pt;\">19.9.12<\/span><br \/>\n<span style=\"font-size: 10pt;\">252.01<\/span><\/td>\n<td style=\"vertical-align: top; width: 230px;\"><span style=\"font-size: 10pt;\">Klosterkirche, Deckengem\u00e4lde<\/span><\/td>\n<td style=\"vertical-align: top; width: 247px;\"><span style=\"font-size: 10pt;\">Salzanalysen\u00a0<\/span><\/td>\n<\/tr>\n<tr>\n<td style=\"vertical-align: top; width: 103px;\"><a href=\"https:\/\/csc-sarl.ch\/wp-content\/uploads\/2018\/06\/a_0296_01.pdf\" target=\"_self\" rel=\"noopener\"><img decoding=\"async\" class=\"rex_image\" src=\"https:\/\/csc-sarl.ch\/wp-content\/uploads\/2018\/06\/zh_029601_large60px.jpg\" alt=\"\" ismap=\"ismap\" \/><\/a><\/td>\n<td style=\"vertical-align: top; width: 120px;\"><span style=\"font-size: 10pt;\">St\u00e4fa<\/span><br \/>\n<span style=\"font-size: 10pt;\">11.7.13<\/span><br \/>\n<span style=\"font-size: 10pt;\">296.01<\/span><\/td>\n<td style=\"vertical-align: top; width: 230px;\"><span style=\"font-size: 10pt;\">Haus zur Farb<\/span><\/td>\n<td style=\"vertical-align: top; width: 247px;\"><span style=\"font-size: 10pt;\">Untersuchung von Anstrichproben<\/span><\/td>\n<\/tr>\n<tr>\n<td style=\"vertical-align: top; width: 103px;\"><a href=\"https:\/\/csc-sarl.ch\/wp-content\/uploads\/2018\/06\/a_0143_01.pdf\" target=\"_self\" rel=\"noopener\"><img decoding=\"async\" class=\"rex_image\" src=\"https:\/\/csc-sarl.ch\/wp-content\/uploads\/2018\/06\/zh_014301_large60px.jpg\" alt=\"[Keine Beschreibung eingegeben]\" ismap=\"ismap\" \/><\/a><\/td>\n<td style=\"vertical-align: top; width: 120px;\"><span style=\"font-size: 10pt;\">Winterthur<\/span><br \/>\n<span style=\"font-size: 10pt;\">9.4.10<\/span><br \/>\n<span style=\"font-size: 10pt;\">143.01<\/span><\/td>\n<td style=\"vertical-align: top; width: 230px;\"><span style=\"font-size: 10pt;\">Technikumstrasse 68<\/span><\/td>\n<td style=\"vertical-align: top; width: 247px;\"><span style=\"font-size: 10pt;\">Materialanalysen<\/span><\/td>\n<\/tr>\n<tr>\n<td style=\"vertical-align: top; width: 103px;\"><a href=\"https:\/\/csc-sarl.ch\/wp-content\/uploads\/2018\/06\/a_0251_01.pdf\" target=\"_self\" rel=\"noopener\"><img decoding=\"async\" class=\"rex_image\" src=\"https:\/\/csc-sarl.ch\/wp-content\/uploads\/2018\/06\/zh_025101_large60px.jpg\" alt=\"\" ismap=\"ismap\" \/><\/a><\/td>\n<td style=\"vertical-align: top; width: 120px;\"><span style=\"font-size: 10pt;\">Winterthur<\/span><br \/>\n<span style=\"font-size: 10pt;\">11.9.12<\/span><br \/>\n<span style=\"font-size: 10pt;\">251.01<\/span><\/td>\n<td style=\"vertical-align: top; width: 230px;\"><span style=\"font-size: 10pt;\">Tribunal de district<\/span><\/td>\n<td style=\"vertical-align: top; width: 247px;\"><span style=\"font-size: 10pt;\">Nachweis einer Oberfl\u00e4chenbeschichtung<\/span><\/td>\n<\/tr>\n<tr>\n<td style=\"vertical-align: top; width: 103px;\"><a href=\"https:\/\/csc-sarl.ch\/wp-content\/uploads\/2018\/06\/a_0133_01.pdf\" target=\"_self\" rel=\"noopener\"><img decoding=\"async\" class=\"rex_image\" src=\"https:\/\/csc-sarl.ch\/wp-content\/uploads\/2018\/06\/zh_013301_large60px.jpg\" alt=\"[Keine Beschreibung eingegeben]\" ismap=\"ismap\" \/><\/a><\/td>\n<td style=\"vertical-align: top; width: 120px;\"><span style=\"font-size: 10pt;\">Z\u00fcrich<\/span><br \/>\n<span style=\"font-size: 10pt;\">23.11.09<\/span><br \/>\n<span style=\"font-size: 10pt;\">133.01<\/span><\/td>\n<td style=\"vertical-align: top; width: 230px;\"><span style=\"font-size: 10pt;\">Stadthaus<\/span><\/td>\n<td style=\"vertical-align: top; width: 247px;\"><span style=\"font-size: 10pt;\">Studie zu den Oberfl\u00e4chenbehandlungen am Figurenschmuck<\/span><\/td>\n<\/tr>\n<tr>\n<td style=\"vertical-align: top; width: 103px;\"><a href=\"https:\/\/csc-sarl.ch\/wp-content\/uploads\/2018\/06\/a_0196_02.pdf\" target=\"_self\" rel=\"noopener\"><img decoding=\"async\" class=\"rex_image\" src=\"https:\/\/csc-sarl.ch\/wp-content\/uploads\/2018\/06\/zh_019602.jpg\" alt=\"[Keine Beschreibung eingegeben]\" ismap=\"ismap\" \/><\/a><\/td>\n<td style=\"vertical-align: top; width: 120px;\"><span style=\"font-size: 10pt;\">Z\u00fcrich<\/span><br \/>\n<span style=\"font-size: 10pt;\">29.08.11<\/span><br \/>\n<span style=\"font-size: 10pt;\">196.02<\/span><\/td>\n<td style=\"vertical-align: top; width: 230px;\"><span style=\"font-size: 10pt;\">Villa Patumbah<\/span><\/td>\n<td style=\"vertical-align: top; width: 247px;\"><span style=\"font-size: 10pt;\">Quantitative Salzanalysen<\/span><\/td>\n<\/tr>\n<tr>\n<td style=\"vertical-align: top; width: 103px;\"><a href=\"https:\/\/csc-sarl.ch\/wp-content\/uploads\/2018\/06\/a_0285_01.pdf\" target=\"_self\" rel=\"noopener\"><img decoding=\"async\" class=\"rex_image\" src=\"https:\/\/csc-sarl.ch\/wp-content\/uploads\/2018\/06\/zh_028501_large60px.jpg\" alt=\"\" ismap=\"ismap\" \/><\/a><\/td>\n<td style=\"vertical-align: top; width: 120px;\"><span style=\"font-size: 10pt;\">Z\u00fcrich<\/span><br \/>\n<span style=\"font-size: 10pt;\">24.4.13<\/span><br \/>\n<span style=\"font-size: 10pt;\">285.01<\/span><\/td>\n<td style=\"vertical-align: top; width: 230px;\"><span style=\"font-size: 10pt;\">Kongresshaus<\/span><\/td>\n<td style=\"vertical-align: top; width: 247px;\"><span style=\"font-size: 10pt;\">Materialanalysen<\/span><\/td>\n<\/tr>\n<tr>\n<td style=\"vertical-align: top; width: 103px;\"><a href=\"https:\/\/csc-sarl.ch\/wp-content\/uploads\/2018\/06\/a_0297_01.pdf\" target=\"_self\" rel=\"noopener\"><img decoding=\"async\" class=\"rex_image\" src=\"https:\/\/csc-sarl.ch\/wp-content\/uploads\/2018\/06\/zh_029701_large60px.jpg\" alt=\"[Keine Beschreibung eingegeben]\" ismap=\"ismap\" \/><\/a><\/td>\n<td style=\"vertical-align: top; width: 120px;\"><span style=\"font-size: 10pt;\">Z\u00fcrich<\/span><br \/>\n<span style=\"font-size: 10pt;\">26.8.13<\/span><br \/>\n<span style=\"font-size: 10pt;\">297.01<\/span><\/td>\n<td style=\"vertical-align: top; width: 230px;\"><span style=\"font-size: 10pt;\">Z\u00fcri-Leu<\/span><\/td>\n<td style=\"vertical-align: top; width: 247px;\"><span style=\"font-size: 10pt;\">Salzanalysen\u00a0<\/span><\/td>\n<\/tr>\n<tr>\n<td style=\"vertical-align: top; width: 103px;\"><a href=\"https:\/\/csc-sarl.ch\/wp-content\/uploads\/2018\/06\/a_0396_01.pdf\" target=\"_self\" rel=\"noopener\"><img decoding=\"async\" class=\"rex_image\" src=\"https:\/\/csc-sarl.ch\/wp-content\/uploads\/2018\/06\/zh_039601.jpg\" alt=\"[Keine Beschreibung eingegeben]\" ismap=\"ismap\" \/><\/a><\/td>\n<td style=\"vertical-align: top; width: 120px;\"><span style=\"font-size: 10pt;\">Z\u00fcrich<\/span><br \/>\n<span style=\"font-size: 10pt;\">8.6.15<\/span><br \/>\n<span style=\"font-size: 10pt;\">396.01<\/span><\/td>\n<td style=\"vertical-align: top; width: 230px;\"><span style=\"font-size: 10pt;\">Banhofstr. 57, Warenhaus St. Annahof<\/span><\/td>\n<td style=\"vertical-align: top; width: 247px;\"><span style=\"font-size: 10pt;\">Materialanalysen<\/span><\/td>\n<\/tr>\n<tr>\n<td style=\"vertical-align: top; width: 103px;\"><a href=\"https:\/\/csc-sarl.ch\/wp-content\/uploads\/2018\/06\/a_0415_01.pdf\" target=\"_self\" rel=\"noopener\"><img decoding=\"async\" class=\"rex_image\" src=\"https:\/\/csc-sarl.ch\/wp-content\/uploads\/2018\/06\/zh_041501.jpg\" alt=\"[Keine Beschreibung eingegeben]\" ismap=\"ismap\" \/><\/a><\/td>\n<td style=\"vertical-align: top; width: 120px;\"><span style=\"font-size: 10pt;\">Z\u00fcrich<\/span><br \/>\n<span style=\"font-size: 10pt;\">18.4.16<\/span><br \/>\n<span style=\"font-size: 10pt;\">415.01<\/span><\/td>\n<td style=\"vertical-align: top; width: 230px;\"><span style=\"font-size: 10pt;\">Fraum\u00fcnster, Kreuzgang, Bodmerfresken\u00a0<\/span><\/td>\n<td style=\"vertical-align: top; width: 247px;\"><span style=\"font-size: 10pt;\">Salzverwitterung<\/span><\/td>\n<\/tr>\n<tr>\n<td style=\"vertical-align: top; width: 103px;\"><a href=\"https:\/\/csc-sarl.ch\/wp-content\/uploads\/2018\/06\/a_0424_01.pdf\" target=\"_self\" rel=\"noopener\"><img decoding=\"async\" class=\"rex_image\" src=\"https:\/\/csc-sarl.ch\/wp-content\/uploads\/2018\/06\/zh_042401.jpg\" alt=\"[Keine Beschreibung eingegeben]\" ismap=\"ismap\" \/><\/a><\/td>\n<td style=\"vertical-align: top; width: 120px;\"><span style=\"font-size: 10pt;\">Z\u00fcrich<\/span><br \/>\n<span style=\"font-size: 10pt;\">18.2.16<\/span><br \/>\n<span style=\"font-size: 10pt;\">424.01<\/span><\/td>\n<td style=\"vertical-align: top; width: 230px;\"><span id=\"result_box\" class=\"short_text\" lang=\"fr\" style=\"font-size: 10pt;\">Schweizerisches Landmuseum, Malerei Dachuntersicht<\/span><\/td>\n<td style=\"vertical-align: top; width: 247px;\"><span style=\"font-size: 10pt;\">Materialanalysen<\/span><\/td>\n<\/tr>\n<\/tbody>\n<\/table>\n","protected":false},"excerpt":{"rendered":"<p>Im Kanton Z\u00fcrich durchgef\u00fchrte Projekte\u00a0(aufs Bild klicken): &nbsp; Res\u00fcmee Ort\/Datum Objekt Thema D\u00e4ttlikon 12.7.13 295.02 Evang.-Ref. Kirche Materialanalysen Rheinau 19.9.12 252.01 Klosterkirche, Deckengem\u00e4lde Salzanalysen\u00a0 St\u00e4fa 11.7.13 296.01 Haus zur Farb Untersuchung von Anstrichproben Winterthur 9.4.10 143.01 Technikumstrasse 68 Materialanalysen Winterthur 11.9.12 251.01 Tribunal de district Nachweis einer Oberfl\u00e4chenbeschichtung Z\u00fcrich 23.11.09 133.01 Stadthaus Studie zu den &hellip; <a href=\"https:\/\/conservation-science.ch\/?page_id=40040&#038;lang=de\" class=\"more-link\">Continuer la lecture de <span class=\"screen-reader-text\">ZH (Z\u00fcrich)<\/span><\/a><\/p>\n","protected":false},"author":4,"featured_media":0,"parent":39867,"menu_order":30,"comment_status":"closed","ping_status":"closed","template":"","meta":{"footnotes":""},"class_list":["post-40040","page","type-page","status-publish","hentry"],"yoast_head":"<!-- This site is optimized with the Yoast SEO plugin v27.2 - https:\/\/yoast.com\/product\/yoast-seo-wordpress\/ -->\n<title>ZH (Z\u00fcrich) - Bl\u00e4uer - Conservation - Science<\/title>\n<meta name=\"robots\" content=\"index, follow, max-snippet:-1, max-image-preview:large, max-video-preview:-1\" \/>\n<link rel=\"canonical\" href=\"https:\/\/conservation-science.ch\/?page_id=40040&lang=de\" \/>\n<meta property=\"og:locale\" content=\"fr_FR\" \/>\n<meta property=\"og:type\" content=\"article\" \/>\n<meta property=\"og:title\" content=\"ZH (Z\u00fcrich) - Bl\u00e4uer - Conservation - Science\" \/>\n<meta property=\"og:description\" content=\"Im Kanton Z\u00fcrich durchgef\u00fchrte Projekte\u00a0(aufs Bild klicken): &nbsp; Res\u00fcmee Ort\/Datum Objekt Thema D\u00e4ttlikon 12.7.13 295.02 Evang.-Ref. Kirche Materialanalysen Rheinau 19.9.12 252.01 Klosterkirche, Deckengem\u00e4lde Salzanalysen\u00a0 St\u00e4fa 11.7.13 296.01 Haus zur Farb Untersuchung von Anstrichproben Winterthur 9.4.10 143.01 Technikumstrasse 68 Materialanalysen Winterthur 11.9.12 251.01 Tribunal de district Nachweis einer Oberfl\u00e4chenbeschichtung Z\u00fcrich 23.11.09 133.01 Stadthaus Studie zu den &hellip; Continuer la lecture de ZH (Z\u00fcrich)\" \/>\n<meta property=\"og:url\" content=\"https:\/\/conservation-science.ch\/?page_id=40040&amp;lang=de\" \/>\n<meta property=\"og:site_name\" content=\"Bl\u00e4uer - Conservation - Science\" \/>\n<meta property=\"article:modified_time\" content=\"2024-11-16T15:44:14+00:00\" \/>\n<meta property=\"og:image\" content=\"https:\/\/csc-sarl.ch\/wp-content\/uploads\/2018\/06\/zh_029502_large60px.jpg\" \/>\n<meta name=\"twitter:card\" content=\"summary_large_image\" \/>\n<meta name=\"twitter:label1\" content=\"Dur\u00e9e de lecture estim\u00e9e\" \/>\n\t<meta name=\"twitter:data1\" content=\"3 minutes\" \/>\n<script type=\"application\/ld+json\" class=\"yoast-schema-graph\">{\"@context\":\"https:\/\/schema.org\",\"@graph\":[{\"@type\":\"WebPage\",\"@id\":\"https:\/\/conservation-science.ch\/?page_id=40040&lang=de\",\"url\":\"https:\/\/conservation-science.ch\/?page_id=40040&lang=de\",\"name\":\"ZH (Z\u00fcrich) - Bl\u00e4uer - Conservation - Science\",\"isPartOf\":{\"@id\":\"https:\/\/conservation-science.ch\/#website\"},\"primaryImageOfPage\":{\"@id\":\"https:\/\/conservation-science.ch\/?page_id=40040&lang=de#primaryimage\"},\"image\":{\"@id\":\"https:\/\/conservation-science.ch\/?page_id=40040&lang=de#primaryimage\"},\"thumbnailUrl\":\"https:\/\/csc-sarl.ch\/wp-content\/uploads\/2018\/06\/zh_029502_large60px.jpg\",\"datePublished\":\"2024-11-16T12:19:09+00:00\",\"dateModified\":\"2024-11-16T15:44:14+00:00\",\"breadcrumb\":{\"@id\":\"https:\/\/conservation-science.ch\/?page_id=40040&lang=de#breadcrumb\"},\"inLanguage\":\"fr-FR\",\"potentialAction\":[{\"@type\":\"ReadAction\",\"target\":[\"https:\/\/conservation-science.ch\/?page_id=40040&lang=de\"]}]},{\"@type\":\"ImageObject\",\"inLanguage\":\"fr-FR\",\"@id\":\"https:\/\/conservation-science.ch\/?page_id=40040&lang=de#primaryimage\",\"url\":\"https:\/\/csc-sarl.ch\/wp-content\/uploads\/2018\/06\/zh_029502_large60px.jpg\",\"contentUrl\":\"https:\/\/csc-sarl.ch\/wp-content\/uploads\/2018\/06\/zh_029502_large60px.jpg\"},{\"@type\":\"BreadcrumbList\",\"@id\":\"https:\/\/conservation-science.ch\/?page_id=40040&lang=de#breadcrumb\",\"itemListElement\":[{\"@type\":\"ListItem\",\"position\":1,\"name\":\"Accueil\",\"item\":\"https:\/\/conservation-science.ch\/\"},{\"@type\":\"ListItem\",\"position\":2,\"name\":\"Studien \/ Expertisen\",\"item\":\"https:\/\/conservation-science.ch\/?page_id=39826&lang=de\"},{\"@type\":\"ListItem\",\"position\":3,\"name\":\"Schweiz\",\"item\":\"https:\/\/conservation-science.ch\/?page_id=39867&lang=de\"},{\"@type\":\"ListItem\",\"position\":4,\"name\":\"ZH (Z\u00fcrich)\"}]},{\"@type\":\"WebSite\",\"@id\":\"https:\/\/conservation-science.ch\/#website\",\"url\":\"https:\/\/conservation-science.ch\/\",\"name\":\"CSC - Conservation - Sciences\",\"description\":\"Transmission de connaissances dans le domaine des sciences de la conservation du patrimoine b\u00e2ti\",\"potentialAction\":[{\"@type\":\"SearchAction\",\"target\":{\"@type\":\"EntryPoint\",\"urlTemplate\":\"https:\/\/conservation-science.ch\/?s={search_term_string}\"},\"query-input\":{\"@type\":\"PropertyValueSpecification\",\"valueRequired\":true,\"valueName\":\"search_term_string\"}}],\"inLanguage\":\"fr-FR\"}]}<\/script>\n<!-- \/ Yoast SEO plugin. -->","yoast_head_json":{"title":"ZH (Z\u00fcrich) - Bl\u00e4uer - Conservation - Science","robots":{"index":"index","follow":"follow","max-snippet":"max-snippet:-1","max-image-preview":"max-image-preview:large","max-video-preview":"max-video-preview:-1"},"canonical":"https:\/\/conservation-science.ch\/?page_id=40040&lang=de","og_locale":"fr_FR","og_type":"article","og_title":"ZH (Z\u00fcrich) - Bl\u00e4uer - Conservation - Science","og_description":"Im Kanton Z\u00fcrich durchgef\u00fchrte Projekte\u00a0(aufs Bild klicken): &nbsp; Res\u00fcmee Ort\/Datum Objekt Thema D\u00e4ttlikon 12.7.13 295.02 Evang.-Ref. Kirche Materialanalysen Rheinau 19.9.12 252.01 Klosterkirche, Deckengem\u00e4lde Salzanalysen\u00a0 St\u00e4fa 11.7.13 296.01 Haus zur Farb Untersuchung von Anstrichproben Winterthur 9.4.10 143.01 Technikumstrasse 68 Materialanalysen Winterthur 11.9.12 251.01 Tribunal de district Nachweis einer Oberfl\u00e4chenbeschichtung Z\u00fcrich 23.11.09 133.01 Stadthaus Studie zu den &hellip; Continuer la lecture de ZH (Z\u00fcrich)","og_url":"https:\/\/conservation-science.ch\/?page_id=40040&lang=de","og_site_name":"Bl\u00e4uer - Conservation - Science","article_modified_time":"2024-11-16T15:44:14+00:00","og_image":[{"url":"https:\/\/csc-sarl.ch\/wp-content\/uploads\/2018\/06\/zh_029502_large60px.jpg","type":"","width":"","height":""}],"twitter_card":"summary_large_image","twitter_misc":{"Dur\u00e9e de lecture estim\u00e9e":"3 minutes"},"schema":{"@context":"https:\/\/schema.org","@graph":[{"@type":"WebPage","@id":"https:\/\/conservation-science.ch\/?page_id=40040&lang=de","url":"https:\/\/conservation-science.ch\/?page_id=40040&lang=de","name":"ZH (Z\u00fcrich) - Bl\u00e4uer - Conservation - Science","isPartOf":{"@id":"https:\/\/conservation-science.ch\/#website"},"primaryImageOfPage":{"@id":"https:\/\/conservation-science.ch\/?page_id=40040&lang=de#primaryimage"},"image":{"@id":"https:\/\/conservation-science.ch\/?page_id=40040&lang=de#primaryimage"},"thumbnailUrl":"https:\/\/csc-sarl.ch\/wp-content\/uploads\/2018\/06\/zh_029502_large60px.jpg","datePublished":"2024-11-16T12:19:09+00:00","dateModified":"2024-11-16T15:44:14+00:00","breadcrumb":{"@id":"https:\/\/conservation-science.ch\/?page_id=40040&lang=de#breadcrumb"},"inLanguage":"fr-FR","potentialAction":[{"@type":"ReadAction","target":["https:\/\/conservation-science.ch\/?page_id=40040&lang=de"]}]},{"@type":"ImageObject","inLanguage":"fr-FR","@id":"https:\/\/conservation-science.ch\/?page_id=40040&lang=de#primaryimage","url":"https:\/\/csc-sarl.ch\/wp-content\/uploads\/2018\/06\/zh_029502_large60px.jpg","contentUrl":"https:\/\/csc-sarl.ch\/wp-content\/uploads\/2018\/06\/zh_029502_large60px.jpg"},{"@type":"BreadcrumbList","@id":"https:\/\/conservation-science.ch\/?page_id=40040&lang=de#breadcrumb","itemListElement":[{"@type":"ListItem","position":1,"name":"Accueil","item":"https:\/\/conservation-science.ch\/"},{"@type":"ListItem","position":2,"name":"Studien \/ Expertisen","item":"https:\/\/conservation-science.ch\/?page_id=39826&lang=de"},{"@type":"ListItem","position":3,"name":"Schweiz","item":"https:\/\/conservation-science.ch\/?page_id=39867&lang=de"},{"@type":"ListItem","position":4,"name":"ZH (Z\u00fcrich)"}]},{"@type":"WebSite","@id":"https:\/\/conservation-science.ch\/#website","url":"https:\/\/conservation-science.ch\/","name":"CSC - Conservation - Sciences","description":"Transmission de connaissances dans le domaine des sciences de la conservation du patrimoine b\u00e2ti","potentialAction":[{"@type":"SearchAction","target":{"@type":"EntryPoint","urlTemplate":"https:\/\/conservation-science.ch\/?s={search_term_string}"},"query-input":{"@type":"PropertyValueSpecification","valueRequired":true,"valueName":"search_term_string"}}],"inLanguage":"fr-FR"}]}},"_links":{"self":[{"href":"https:\/\/conservation-science.ch\/index.php?rest_route=\/wp\/v2\/pages\/40040","targetHints":{"allow":["GET"]}}],"collection":[{"href":"https:\/\/conservation-science.ch\/index.php?rest_route=\/wp\/v2\/pages"}],"about":[{"href":"https:\/\/conservation-science.ch\/index.php?rest_route=\/wp\/v2\/types\/page"}],"author":[{"embeddable":true,"href":"https:\/\/conservation-science.ch\/index.php?rest_route=\/wp\/v2\/users\/4"}],"replies":[{"embeddable":true,"href":"https:\/\/conservation-science.ch\/index.php?rest_route=%2Fwp%2Fv2%2Fcomments&post=40040"}],"version-history":[{"count":1,"href":"https:\/\/conservation-science.ch\/index.php?rest_route=\/wp\/v2\/pages\/40040\/revisions"}],"predecessor-version":[{"id":40044,"href":"https:\/\/conservation-science.ch\/index.php?rest_route=\/wp\/v2\/pages\/40040\/revisions\/40044"}],"up":[{"embeddable":true,"href":"https:\/\/conservation-science.ch\/index.php?rest_route=\/wp\/v2\/pages\/39867"}],"wp:attachment":[{"href":"https:\/\/conservation-science.ch\/index.php?rest_route=%2Fwp%2Fv2%2Fmedia&parent=40040"}],"curies":[{"name":"wp","href":"https:\/\/api.w.org\/{rel}","templated":true}]}}