{"id":39938,"date":"2024-11-16T12:48:46","date_gmt":"2024-11-16T11:48:46","guid":{"rendered":"https:\/\/conservation-science.ch\/?page_id=39938"},"modified":"2024-11-16T12:48:46","modified_gmt":"2024-11-16T11:48:46","slug":"muestair","status":"publish","type":"page","link":"https:\/\/conservation-science.ch\/?page_id=39938&lang=de","title":{"rendered":"M\u00fcstair"},"content":{"rendered":"<p><strong>In M\u00fcstair (GR) durchgef\u00fchrte Projekte\u00a0(aufs Bild klicken):<\/strong><\/p>\n<p>&nbsp;<\/p>\n<table style=\"width: 699px;\" border=\"2\" width=\"580\" cellpadding=\"2\">\n<tbody>\n<tr>\n<td style=\"width: 103px;\"><strong>Res\u00fcmee<br \/>\n<\/strong><\/td>\n<td style=\"width: 120px;\"><strong>Ort\/Datum<\/strong><\/td>\n<td style=\"width: 187px;\"><strong>Objekt<\/strong><\/td>\n<td style=\"width: 289px;\"><strong>Thema<\/strong><\/td>\n<\/tr>\n<tr>\n<td style=\"vertical-align: top; width: 103px;\" valign=\"top\"><a href=\"https:\/\/csc-sarl.ch\/wp-content\/uploads\/2018\/06\/a_0020_01.pdf\" target=\"_self\" rel=\"noopener\"><img decoding=\"async\" class=\"rex_image\" src=\"https:\/\/csc-sarl.ch\/wp-content\/uploads\/2018\/06\/gr_002001_large60px.jpg\" alt=\"[Keine Beschreibung eingegeben]\" ismap=\"ismap\" \/><\/a><\/td>\n<td style=\"vertical-align: top; width: 120px;\" valign=\"top\" width=\"\" height=\"40\"><span style=\"font-size: 10pt;\">M\u00fcstair<\/span><br \/>\n<span style=\"font-size: 10pt;\">21.5.07<\/span><br \/>\n<span style=\"font-size: 10pt;\">20.01<\/span><\/td>\n<td style=\"vertical-align: top; width: 187px;\" valign=\"top\"><span style=\"font-size: 10pt;\">Fr\u00fchmittelalterliche Flechtwerksteine<\/span><\/td>\n<td style=\"vertical-align: top; width: 289px;\" valign=\"top\"><span style=\"font-size: 10pt;\">Pigmentuntersuchung<\/span><\/td>\n<\/tr>\n<tr>\n<td style=\"vertical-align: top; width: 103px;\" valign=\"top\"><a href=\"https:\/\/csc-sarl.ch\/wp-content\/uploads\/2018\/06\/a_0029_01.pdf\" target=\"_self\" rel=\"noopener\"><img decoding=\"async\" class=\"rex_image\" src=\"https:\/\/csc-sarl.ch\/wp-content\/uploads\/2018\/06\/gr_002901_large60px.jpg\" alt=\"[Keine Beschreibung eingegeben]\" ismap=\"ismap\" \/><\/a><\/td>\n<td style=\"vertical-align: top; width: 120px;\" valign=\"top\" width=\"\" height=\"40\"><span style=\"font-size: 10pt;\">M\u00fcstair<\/span><br \/>\n<span style=\"font-size: 10pt;\">5.12.07<\/span><br \/>\n<span style=\"font-size: 10pt;\">29.01<\/span><\/td>\n<td style=\"vertical-align: top; width: 187px;\" valign=\"top\"><span style=\"font-size: 10pt;\">Heiligkreuzkapelle<\/span><\/td>\n<td style=\"vertical-align: top; width: 289px;\" valign=\"top\"><span style=\"font-size: 10pt;\">Untersuchung von Materialproben<\/span><\/td>\n<\/tr>\n<tr>\n<td style=\"vertical-align: top; width: 103px;\" valign=\"top\"><a href=\"https:\/\/csc-sarl.ch\/wp-content\/uploads\/2018\/06\/a_0123_01.pdf\" target=\"_self\" rel=\"noopener\"><img decoding=\"async\" class=\"rex_image\" src=\"https:\/\/csc-sarl.ch\/wp-content\/uploads\/2018\/06\/gr_012301_large60px.jpg\" alt=\"[Keine Beschreibung eingegeben]\" ismap=\"ismap\" \/><\/a><\/td>\n<td style=\"vertical-align: top; width: 120px;\" valign=\"top\"><span style=\"font-size: 10pt;\">M\u00fcstair<\/span><br \/>\n<span style=\"font-size: 10pt;\">11.3.10<\/span><br \/>\n<span style=\"font-size: 10pt;\">123.01<\/span><\/td>\n<td style=\"vertical-align: top; width: 187px;\" valign=\"top\"><span style=\"font-size: 10pt;\">Heiligkreuzkapelle<\/span><\/td>\n<td style=\"vertical-align: top; width: 289px;\" valign=\"top\"><span style=\"font-size: 10pt;\">Untersuchung von Materialproben<\/span><\/td>\n<\/tr>\n<tr>\n<td style=\"vertical-align: top; width: 103px;\" valign=\"top\"><a href=\"https:\/\/csc-sarl.ch\/wp-content\/uploads\/2018\/06\/a_0123_02.pdf\" target=\"_self\" rel=\"noopener\"><img decoding=\"async\" class=\"rex_image\" src=\"https:\/\/csc-sarl.ch\/wp-content\/uploads\/2018\/06\/gr_012302_large60px.jpg\" alt=\"[Keine Beschreibung eingegeben]\" ismap=\"ismap\" \/><\/a><\/td>\n<td style=\"vertical-align: top; width: 120px;\" valign=\"top\"><span style=\"font-size: 10pt;\">M\u00fcstair<\/span><br \/>\n<span style=\"font-size: 10pt;\">23.3.10<\/span><br \/>\n<span style=\"font-size: 10pt;\">123.02<\/span><\/td>\n<td style=\"vertical-align: top; width: 187px;\" valign=\"top\"><span style=\"font-size: 10pt;\">Heiligkreuzkapelle<\/span><\/td>\n<td style=\"vertical-align: top; width: 289px;\" valign=\"top\"><span style=\"font-size: 10pt;\">Untersuchung von Materialproben<\/span><\/td>\n<\/tr>\n<tr>\n<td style=\"vertical-align: top; width: 103px;\" valign=\"top\"><a href=\"https:\/\/csc-sarl.ch\/wp-content\/uploads\/2018\/06\/a_0175_01.pdf\" target=\"_self\" rel=\"noopener\"><img decoding=\"async\" class=\"rex_image\" src=\"https:\/\/csc-sarl.ch\/wp-content\/uploads\/2018\/06\/gr_017501.jpg\" alt=\"[Keine Beschreibung eingegeben]\" ismap=\"ismap\" \/><\/a><\/td>\n<td style=\"vertical-align: top; width: 120px;\" valign=\"top\"><span style=\"font-size: 10pt;\">M\u00fcstair<\/span><br \/>\n<span style=\"font-size: 10pt;\">10.12.10<\/span><br \/>\n<span style=\"font-size: 10pt;\">175.01<\/span><\/td>\n<td style=\"vertical-align: top; width: 187px;\" valign=\"top\"><span style=\"font-size: 10pt;\">Heiligkreuzkapelle, Untergeschoss<\/span><\/td>\n<td style=\"vertical-align: top; width: 289px;\" valign=\"top\"><span style=\"font-size: 10pt;\">Analyse Malschichtproben<\/span><\/td>\n<\/tr>\n<tr>\n<td style=\"vertical-align: top; width: 103px;\" valign=\"top\"><a href=\"https:\/\/csc-sarl.ch\/wp-content\/uploads\/2018\/06\/a_0029_03.pdf\" target=\"_self\" rel=\"noopener\"><img decoding=\"async\" class=\"rex_image\" src=\"https:\/\/csc-sarl.ch\/wp-content\/uploads\/2018\/06\/gr_002903_large60px.jpg\" alt=\"\" ismap=\"ismap\" \/><\/a><\/td>\n<td style=\"vertical-align: top; width: 120px;\" valign=\"top\"><span style=\"font-size: 10pt;\">M\u00fcstair<\/span><br \/>\n<span style=\"font-size: 10pt;\">9.5.12<\/span><br \/>\n<span style=\"font-size: 10pt;\">29.03<\/span><\/td>\n<td style=\"vertical-align: top; width: 187px;\" valign=\"top\"><span style=\"font-size: 10pt;\">Heiligkreuzkapelle, Obergeschoss<\/span><\/td>\n<td style=\"vertical-align: top; width: 289px;\" valign=\"top\"><span style=\"font-size: 10pt;\">Untersuchung von Materialproben und Beratung zu den Konservierungsmassnahmen<\/span><\/td>\n<\/tr>\n<tr>\n<td style=\"vertical-align: top; width: 103px;\" valign=\"top\"><a href=\"https:\/\/csc-sarl.ch\/wp-content\/uploads\/2018\/06\/a_0123_04.pdf\" target=\"_self\" rel=\"noopener\"><img decoding=\"async\" class=\"rex_image\" src=\"https:\/\/csc-sarl.ch\/wp-content\/uploads\/2018\/06\/gr_012304_large60px.jpg\" alt=\"\" ismap=\"ismap\" \/><\/a><\/td>\n<td style=\"vertical-align: top; width: 120px;\" valign=\"top\"><span style=\"font-size: 10pt;\">M\u00fcstair<\/span><br \/>\n<span style=\"font-size: 10pt;\">9.5.12<\/span><br \/>\n<span style=\"font-size: 10pt;\">123.04<\/span><\/td>\n<td style=\"vertical-align: top; width: 187px;\" valign=\"top\"><span style=\"font-size: 10pt;\">Heiligkreuzkapelle, aussen<\/span><\/td>\n<td style=\"vertical-align: top; width: 289px;\" valign=\"top\"><span style=\"font-size: 10pt;\">Analyse Malschichtproben<\/span><\/td>\n<\/tr>\n<tr>\n<td style=\"vertical-align: top; width: 103px;\" valign=\"top\"><a href=\"https:\/\/csc-sarl.ch\/wp-content\/uploads\/2018\/06\/a_0123_06.pdf\" target=\"_self\" rel=\"noopener\"><img decoding=\"async\" class=\"rex_image\" src=\"https:\/\/csc-sarl.ch\/wp-content\/uploads\/2018\/06\/gr_012306_large60px.jpg\" alt=\"\" ismap=\"ismap\" \/><\/a><\/td>\n<td style=\"vertical-align: top; width: 120px;\" valign=\"top\"><span style=\"font-size: 10pt;\">M\u00fcstair<\/span><br \/>\n<span style=\"font-size: 10pt;\">9.5.12<\/span><br \/>\n<span style=\"font-size: 10pt;\">123.06<\/span><\/td>\n<td style=\"vertical-align: top; width: 187px;\" valign=\"top\"><span style=\"font-size: 10pt;\">Heiligkreuzkapelle<\/span><\/td>\n<td style=\"vertical-align: top; width: 289px;\" valign=\"top\"><span style=\"font-size: 10pt;\">Studie zur Bleipigmentversch\u00e4rzung<\/span><\/td>\n<\/tr>\n<\/tbody>\n<\/table>\n","protected":false},"excerpt":{"rendered":"<p>In M\u00fcstair (GR) durchgef\u00fchrte Projekte\u00a0(aufs Bild klicken): &nbsp; Res\u00fcmee Ort\/Datum Objekt Thema M\u00fcstair 21.5.07 20.01 Fr\u00fchmittelalterliche Flechtwerksteine Pigmentuntersuchung M\u00fcstair 5.12.07 29.01 Heiligkreuzkapelle Untersuchung von Materialproben M\u00fcstair 11.3.10 123.01 Heiligkreuzkapelle Untersuchung von Materialproben M\u00fcstair 23.3.10 123.02 Heiligkreuzkapelle Untersuchung von Materialproben M\u00fcstair 10.12.10 175.01 Heiligkreuzkapelle, Untergeschoss Analyse Malschichtproben M\u00fcstair 9.5.12 29.03 Heiligkreuzkapelle, Obergeschoss Untersuchung von Materialproben und &hellip; <a href=\"https:\/\/conservation-science.ch\/?page_id=39938&#038;lang=de\" class=\"more-link\">Continuer la lecture de <span class=\"screen-reader-text\">M\u00fcstair<\/span><\/a><\/p>\n","protected":false},"author":4,"featured_media":0,"parent":39928,"menu_order":2,"comment_status":"closed","ping_status":"closed","template":"","meta":{"footnotes":""},"class_list":["post-39938","page","type-page","status-publish","hentry"],"yoast_head":"<!-- This site is optimized with the Yoast SEO plugin v27.2 - https:\/\/yoast.com\/product\/yoast-seo-wordpress\/ -->\n<title>M\u00fcstair - Bl\u00e4uer - Conservation - Science<\/title>\n<meta name=\"robots\" content=\"index, follow, max-snippet:-1, max-image-preview:large, max-video-preview:-1\" \/>\n<link rel=\"canonical\" href=\"https:\/\/conservation-science.ch\/?page_id=39938&lang=de\" \/>\n<meta property=\"og:locale\" content=\"fr_FR\" \/>\n<meta property=\"og:type\" content=\"article\" \/>\n<meta property=\"og:title\" content=\"M\u00fcstair - Bl\u00e4uer - Conservation - Science\" \/>\n<meta property=\"og:description\" content=\"In M\u00fcstair (GR) durchgef\u00fchrte Projekte\u00a0(aufs Bild klicken): &nbsp; Res\u00fcmee Ort\/Datum Objekt Thema M\u00fcstair 21.5.07 20.01 Fr\u00fchmittelalterliche Flechtwerksteine Pigmentuntersuchung M\u00fcstair 5.12.07 29.01 Heiligkreuzkapelle Untersuchung von Materialproben M\u00fcstair 11.3.10 123.01 Heiligkreuzkapelle Untersuchung von Materialproben M\u00fcstair 23.3.10 123.02 Heiligkreuzkapelle Untersuchung von Materialproben M\u00fcstair 10.12.10 175.01 Heiligkreuzkapelle, Untergeschoss Analyse Malschichtproben M\u00fcstair 9.5.12 29.03 Heiligkreuzkapelle, Obergeschoss Untersuchung von Materialproben und &hellip; Continuer la lecture de M\u00fcstair\" \/>\n<meta property=\"og:url\" content=\"https:\/\/conservation-science.ch\/?page_id=39938&amp;lang=de\" \/>\n<meta property=\"og:site_name\" content=\"Bl\u00e4uer - Conservation - Science\" \/>\n<meta property=\"og:image\" content=\"https:\/\/csc-sarl.ch\/wp-content\/uploads\/2018\/06\/gr_002001_large60px.jpg\" \/>\n<meta name=\"twitter:card\" content=\"summary_large_image\" \/>\n<meta name=\"twitter:label1\" content=\"Dur\u00e9e de lecture estim\u00e9e\" \/>\n\t<meta name=\"twitter:data1\" content=\"2 minutes\" \/>\n<script type=\"application\/ld+json\" class=\"yoast-schema-graph\">{\"@context\":\"https:\/\/schema.org\",\"@graph\":[{\"@type\":\"WebPage\",\"@id\":\"https:\/\/conservation-science.ch\/?page_id=39938&lang=de\",\"url\":\"https:\/\/conservation-science.ch\/?page_id=39938&lang=de\",\"name\":\"M\u00fcstair - Bl\u00e4uer - Conservation - Science\",\"isPartOf\":{\"@id\":\"https:\/\/conservation-science.ch\/#website\"},\"primaryImageOfPage\":{\"@id\":\"https:\/\/conservation-science.ch\/?page_id=39938&lang=de#primaryimage\"},\"image\":{\"@id\":\"https:\/\/conservation-science.ch\/?page_id=39938&lang=de#primaryimage\"},\"thumbnailUrl\":\"https:\/\/csc-sarl.ch\/wp-content\/uploads\/2018\/06\/gr_002001_large60px.jpg\",\"datePublished\":\"2024-11-16T11:48:46+00:00\",\"breadcrumb\":{\"@id\":\"https:\/\/conservation-science.ch\/?page_id=39938&lang=de#breadcrumb\"},\"inLanguage\":\"fr-FR\",\"potentialAction\":[{\"@type\":\"ReadAction\",\"target\":[\"https:\/\/conservation-science.ch\/?page_id=39938&lang=de\"]}]},{\"@type\":\"ImageObject\",\"inLanguage\":\"fr-FR\",\"@id\":\"https:\/\/conservation-science.ch\/?page_id=39938&lang=de#primaryimage\",\"url\":\"https:\/\/csc-sarl.ch\/wp-content\/uploads\/2018\/06\/gr_002001_large60px.jpg\",\"contentUrl\":\"https:\/\/csc-sarl.ch\/wp-content\/uploads\/2018\/06\/gr_002001_large60px.jpg\"},{\"@type\":\"BreadcrumbList\",\"@id\":\"https:\/\/conservation-science.ch\/?page_id=39938&lang=de#breadcrumb\",\"itemListElement\":[{\"@type\":\"ListItem\",\"position\":1,\"name\":\"Accueil\",\"item\":\"https:\/\/conservation-science.ch\/\"},{\"@type\":\"ListItem\",\"position\":2,\"name\":\"Studien \/ Expertisen\",\"item\":\"https:\/\/conservation-science.ch\/?page_id=39826&lang=de\"},{\"@type\":\"ListItem\",\"position\":3,\"name\":\"Schweiz\",\"item\":\"https:\/\/conservation-science.ch\/?page_id=39867&lang=de\"},{\"@type\":\"ListItem\",\"position\":4,\"name\":\"GR (Graub\u00fcnden)\",\"item\":\"https:\/\/conservation-science.ch\/?page_id=39928&lang=de\"},{\"@type\":\"ListItem\",\"position\":5,\"name\":\"M\u00fcstair\"}]},{\"@type\":\"WebSite\",\"@id\":\"https:\/\/conservation-science.ch\/#website\",\"url\":\"https:\/\/conservation-science.ch\/\",\"name\":\"CSC - Conservation - Sciences\",\"description\":\"Transmission de connaissances dans le domaine des sciences de la conservation du patrimoine b\u00e2ti\",\"potentialAction\":[{\"@type\":\"SearchAction\",\"target\":{\"@type\":\"EntryPoint\",\"urlTemplate\":\"https:\/\/conservation-science.ch\/?s={search_term_string}\"},\"query-input\":{\"@type\":\"PropertyValueSpecification\",\"valueRequired\":true,\"valueName\":\"search_term_string\"}}],\"inLanguage\":\"fr-FR\"}]}<\/script>\n<!-- \/ Yoast SEO plugin. -->","yoast_head_json":{"title":"M\u00fcstair - Bl\u00e4uer - Conservation - Science","robots":{"index":"index","follow":"follow","max-snippet":"max-snippet:-1","max-image-preview":"max-image-preview:large","max-video-preview":"max-video-preview:-1"},"canonical":"https:\/\/conservation-science.ch\/?page_id=39938&lang=de","og_locale":"fr_FR","og_type":"article","og_title":"M\u00fcstair - Bl\u00e4uer - Conservation - Science","og_description":"In M\u00fcstair (GR) durchgef\u00fchrte Projekte\u00a0(aufs Bild klicken): &nbsp; Res\u00fcmee Ort\/Datum Objekt Thema M\u00fcstair 21.5.07 20.01 Fr\u00fchmittelalterliche Flechtwerksteine Pigmentuntersuchung M\u00fcstair 5.12.07 29.01 Heiligkreuzkapelle Untersuchung von Materialproben M\u00fcstair 11.3.10 123.01 Heiligkreuzkapelle Untersuchung von Materialproben M\u00fcstair 23.3.10 123.02 Heiligkreuzkapelle Untersuchung von Materialproben M\u00fcstair 10.12.10 175.01 Heiligkreuzkapelle, Untergeschoss Analyse Malschichtproben M\u00fcstair 9.5.12 29.03 Heiligkreuzkapelle, Obergeschoss Untersuchung von Materialproben und &hellip; Continuer la lecture de M\u00fcstair","og_url":"https:\/\/conservation-science.ch\/?page_id=39938&lang=de","og_site_name":"Bl\u00e4uer - Conservation - Science","og_image":[{"url":"https:\/\/csc-sarl.ch\/wp-content\/uploads\/2018\/06\/gr_002001_large60px.jpg","type":"","width":"","height":""}],"twitter_card":"summary_large_image","twitter_misc":{"Dur\u00e9e de lecture estim\u00e9e":"2 minutes"},"schema":{"@context":"https:\/\/schema.org","@graph":[{"@type":"WebPage","@id":"https:\/\/conservation-science.ch\/?page_id=39938&lang=de","url":"https:\/\/conservation-science.ch\/?page_id=39938&lang=de","name":"M\u00fcstair - Bl\u00e4uer - Conservation - Science","isPartOf":{"@id":"https:\/\/conservation-science.ch\/#website"},"primaryImageOfPage":{"@id":"https:\/\/conservation-science.ch\/?page_id=39938&lang=de#primaryimage"},"image":{"@id":"https:\/\/conservation-science.ch\/?page_id=39938&lang=de#primaryimage"},"thumbnailUrl":"https:\/\/csc-sarl.ch\/wp-content\/uploads\/2018\/06\/gr_002001_large60px.jpg","datePublished":"2024-11-16T11:48:46+00:00","breadcrumb":{"@id":"https:\/\/conservation-science.ch\/?page_id=39938&lang=de#breadcrumb"},"inLanguage":"fr-FR","potentialAction":[{"@type":"ReadAction","target":["https:\/\/conservation-science.ch\/?page_id=39938&lang=de"]}]},{"@type":"ImageObject","inLanguage":"fr-FR","@id":"https:\/\/conservation-science.ch\/?page_id=39938&lang=de#primaryimage","url":"https:\/\/csc-sarl.ch\/wp-content\/uploads\/2018\/06\/gr_002001_large60px.jpg","contentUrl":"https:\/\/csc-sarl.ch\/wp-content\/uploads\/2018\/06\/gr_002001_large60px.jpg"},{"@type":"BreadcrumbList","@id":"https:\/\/conservation-science.ch\/?page_id=39938&lang=de#breadcrumb","itemListElement":[{"@type":"ListItem","position":1,"name":"Accueil","item":"https:\/\/conservation-science.ch\/"},{"@type":"ListItem","position":2,"name":"Studien \/ Expertisen","item":"https:\/\/conservation-science.ch\/?page_id=39826&lang=de"},{"@type":"ListItem","position":3,"name":"Schweiz","item":"https:\/\/conservation-science.ch\/?page_id=39867&lang=de"},{"@type":"ListItem","position":4,"name":"GR (Graub\u00fcnden)","item":"https:\/\/conservation-science.ch\/?page_id=39928&lang=de"},{"@type":"ListItem","position":5,"name":"M\u00fcstair"}]},{"@type":"WebSite","@id":"https:\/\/conservation-science.ch\/#website","url":"https:\/\/conservation-science.ch\/","name":"CSC - Conservation - Sciences","description":"Transmission de connaissances dans le domaine des sciences de la conservation du patrimoine b\u00e2ti","potentialAction":[{"@type":"SearchAction","target":{"@type":"EntryPoint","urlTemplate":"https:\/\/conservation-science.ch\/?s={search_term_string}"},"query-input":{"@type":"PropertyValueSpecification","valueRequired":true,"valueName":"search_term_string"}}],"inLanguage":"fr-FR"}]}},"_links":{"self":[{"href":"https:\/\/conservation-science.ch\/index.php?rest_route=\/wp\/v2\/pages\/39938","targetHints":{"allow":["GET"]}}],"collection":[{"href":"https:\/\/conservation-science.ch\/index.php?rest_route=\/wp\/v2\/pages"}],"about":[{"href":"https:\/\/conservation-science.ch\/index.php?rest_route=\/wp\/v2\/types\/page"}],"author":[{"embeddable":true,"href":"https:\/\/conservation-science.ch\/index.php?rest_route=\/wp\/v2\/users\/4"}],"replies":[{"embeddable":true,"href":"https:\/\/conservation-science.ch\/index.php?rest_route=%2Fwp%2Fv2%2Fcomments&post=39938"}],"version-history":[{"count":1,"href":"https:\/\/conservation-science.ch\/index.php?rest_route=\/wp\/v2\/pages\/39938\/revisions"}],"predecessor-version":[{"id":39940,"href":"https:\/\/conservation-science.ch\/index.php?rest_route=\/wp\/v2\/pages\/39938\/revisions\/39940"}],"up":[{"embeddable":true,"href":"https:\/\/conservation-science.ch\/index.php?rest_route=\/wp\/v2\/pages\/39928"}],"wp:attachment":[{"href":"https:\/\/conservation-science.ch\/index.php?rest_route=%2Fwp%2Fv2%2Fmedia&parent=39938"}],"curies":[{"name":"wp","href":"https:\/\/api.w.org\/{rel}","templated":true}]}}