{"id":39899,"date":"2024-11-16T12:30:38","date_gmt":"2024-11-16T11:30:38","guid":{"rendered":"https:\/\/conservation-science.ch\/?page_id=39899"},"modified":"2024-11-16T16:42:25","modified_gmt":"2024-11-16T15:42:25","slug":"basel-landschaft","status":"publish","type":"page","link":"https:\/\/conservation-science.ch\/?page_id=39899&lang=de","title":{"rendered":"BL (Basel-Landschaft)"},"content":{"rendered":"<p><strong>Im Kanton Basel-Landschat durchgef\u00fchrte Projekte (aufs Bild klicken)<\/strong><strong>:<\/strong><\/p>\n<p>&nbsp;<\/p>\n<table style=\"width: 580px;\" border=\"2\" width=\"580\" cellpadding=\"2\">\n<tbody>\n<tr>\n<td style=\"width: 103px;\"><span style=\"font-size: 10pt;\"><strong>Res\u00fcmee<\/strong><\/span><\/td>\n<td style=\"width: 122px;\"><span style=\"font-size: 10pt;\"><strong>Ort\/Datum<br \/>\n<\/strong><\/span><\/td>\n<td style=\"width: 131px;\"><span style=\"font-size: 10pt;\"><strong>Objekt<br \/>\n<\/strong><\/span><\/td>\n<td style=\"width: 224px;\"><span style=\"font-size: 10pt;\"><strong>Thema<\/strong><\/span><\/td>\n<\/tr>\n<tr>\n<td style=\"width: 103px;\" valign=\"top\" width=\"58\" height=\"\"><span style=\"font-size: 10pt;\"><a href=\"https:\/\/csc-sarl.ch\/wp-content\/uploads\/2018\/06\/a_0006_01.pdf\" target=\"_self\" rel=\"noopener\"><img decoding=\"async\" src=\"https:\/\/csc-sarl.ch\/wp-content\/uploads\/2018\/06\/bl_000601_large60px.jpg\" alt=\"[Keine Beschreibung eingegeben]\" ismap=\"ismap\" \/><\/a><\/span><\/td>\n<td style=\"width: 122px;\" valign=\"top\"><span style=\"font-size: 10pt;\">L\u00e4ufelfingen<\/span><br \/>\n<span style=\"font-size: 10pt;\">16.4.07<\/span><br \/>\n<span style=\"font-size: 10pt;\">6.01<\/span><\/td>\n<td style=\"width: 131px;\" valign=\"top\"><span style=\"font-size: 10pt;\">Burgruine Homburg<\/span><\/td>\n<td style=\"width: 224px;\" valign=\"top\"><span style=\"font-size: 10pt;\">M\u00f6rtel- und Putzuntersuchungen<\/span><\/td>\n<\/tr>\n<tr>\n<td style=\"width: 103px;\" valign=\"top\"><span style=\"font-size: 10pt;\"><a href=\"https:\/\/csc-sarl.ch\/wp-content\/uploads\/2018\/06\/a_0188_01.pdf\" target=\"_self\" rel=\"noopener\"><img decoding=\"async\" src=\"https:\/\/csc-sarl.ch\/wp-content\/uploads\/2018\/06\/bl_018801.jpg\" alt=\"[Keine Beschreibung eingegeben]\" ismap=\"ismap\" \/><\/a><\/span><\/td>\n<td style=\"width: 122px;\" valign=\"top\"><span style=\"font-size: 10pt;\">Blauen<\/span><br \/>\n<span style=\"font-size: 10pt;\">13.4.11<\/span><br \/>\n<span style=\"font-size: 10pt;\">188.01<\/span><\/td>\n<td style=\"width: 131px;\" valign=\"top\"><span style=\"font-size: 10pt;\">R\u00f6m.kath. Pfarrkirche St. Martin <\/span><\/td>\n<td style=\"width: 224px;\" valign=\"top\"><span style=\"font-size: 10pt;\">Dunkelverf\u00e4rbung und Flickstellen im Verputz: Zustandsbericht<\/span><\/td>\n<\/tr>\n<tr>\n<td style=\"width: 103px;\" valign=\"top\"><span style=\"font-size: 10pt;\"><a href=\"https:\/\/csc-sarl.ch\/wp-content\/uploads\/2018\/06\/a_0199_01.pdf\" target=\"_self\" rel=\"noopener\"><img decoding=\"async\" src=\"https:\/\/csc-sarl.ch\/wp-content\/uploads\/2018\/06\/bl_019901_large60px.jpg\" alt=\"[Keine Beschreibung eingegeben]\" ismap=\"ismap\" \/><\/a><\/span><\/td>\n<td style=\"width: 122px;\" valign=\"top\"><span style=\"font-size: 10pt;\">Gelterkinden<\/span><br \/>\n<span style=\"font-size: 10pt;\">14.2.12<\/span><br \/>\n<span style=\"font-size: 10pt;\">199.01<\/span><\/td>\n<td style=\"width: 131px;\" valign=\"top\"><span style=\"font-size: 10pt;\">Dorfbrunnen<\/span><\/td>\n<td style=\"width: 224px;\" valign=\"top\"><span style=\"font-size: 10pt;\">Beratung zum Massnahmenkonzept<\/span><\/td>\n<\/tr>\n<\/tbody>\n<\/table>\n","protected":false},"excerpt":{"rendered":"<p>Im Kanton Basel-Landschat durchgef\u00fchrte Projekte (aufs Bild klicken): &nbsp; Res\u00fcmee Ort\/Datum Objekt Thema L\u00e4ufelfingen 16.4.07 6.01 Burgruine Homburg M\u00f6rtel- und Putzuntersuchungen Blauen 13.4.11 188.01 R\u00f6m.kath. Pfarrkirche St. Martin Dunkelverf\u00e4rbung und Flickstellen im Verputz: Zustandsbericht Gelterkinden 14.2.12 199.01 Dorfbrunnen Beratung zum Massnahmenkonzept<\/p>\n","protected":false},"author":4,"featured_media":0,"parent":39867,"menu_order":3,"comment_status":"closed","ping_status":"closed","template":"","meta":{"footnotes":""},"class_list":["post-39899","page","type-page","status-publish","hentry"],"yoast_head":"<!-- This site is optimized with the Yoast SEO plugin v27.2 - https:\/\/yoast.com\/product\/yoast-seo-wordpress\/ -->\n<title>BL (Basel-Landschaft) - Bl\u00e4uer - Conservation - Science<\/title>\n<meta name=\"robots\" content=\"index, follow, max-snippet:-1, max-image-preview:large, max-video-preview:-1\" \/>\n<link rel=\"canonical\" href=\"https:\/\/conservation-science.ch\/?page_id=39899&lang=de\" \/>\n<meta property=\"og:locale\" content=\"fr_FR\" \/>\n<meta property=\"og:type\" content=\"article\" \/>\n<meta property=\"og:title\" content=\"BL (Basel-Landschaft) - Bl\u00e4uer - Conservation - Science\" \/>\n<meta property=\"og:description\" content=\"Im Kanton Basel-Landschat durchgef\u00fchrte Projekte (aufs Bild klicken): &nbsp; Res\u00fcmee Ort\/Datum Objekt Thema L\u00e4ufelfingen 16.4.07 6.01 Burgruine Homburg M\u00f6rtel- und Putzuntersuchungen Blauen 13.4.11 188.01 R\u00f6m.kath. Pfarrkirche St. Martin Dunkelverf\u00e4rbung und Flickstellen im Verputz: Zustandsbericht Gelterkinden 14.2.12 199.01 Dorfbrunnen Beratung zum Massnahmenkonzept\" \/>\n<meta property=\"og:url\" content=\"https:\/\/conservation-science.ch\/?page_id=39899&amp;lang=de\" \/>\n<meta property=\"og:site_name\" content=\"Bl\u00e4uer - Conservation - Science\" \/>\n<meta property=\"article:modified_time\" content=\"2024-11-16T15:42:25+00:00\" \/>\n<meta property=\"og:image\" content=\"https:\/\/csc-sarl.ch\/wp-content\/uploads\/2018\/06\/bl_000601_large60px.jpg\" \/>\n<meta name=\"twitter:card\" content=\"summary_large_image\" \/>\n<meta name=\"twitter:label1\" content=\"Dur\u00e9e de lecture estim\u00e9e\" \/>\n\t<meta name=\"twitter:data1\" content=\"1 minute\" \/>\n<script type=\"application\/ld+json\" class=\"yoast-schema-graph\">{\"@context\":\"https:\/\/schema.org\",\"@graph\":[{\"@type\":\"WebPage\",\"@id\":\"https:\/\/conservation-science.ch\/?page_id=39899&lang=de\",\"url\":\"https:\/\/conservation-science.ch\/?page_id=39899&lang=de\",\"name\":\"BL (Basel-Landschaft) - Bl\u00e4uer - Conservation - Science\",\"isPartOf\":{\"@id\":\"https:\/\/conservation-science.ch\/#website\"},\"primaryImageOfPage\":{\"@id\":\"https:\/\/conservation-science.ch\/?page_id=39899&lang=de#primaryimage\"},\"image\":{\"@id\":\"https:\/\/conservation-science.ch\/?page_id=39899&lang=de#primaryimage\"},\"thumbnailUrl\":\"https:\/\/csc-sarl.ch\/wp-content\/uploads\/2018\/06\/bl_000601_large60px.jpg\",\"datePublished\":\"2024-11-16T11:30:38+00:00\",\"dateModified\":\"2024-11-16T15:42:25+00:00\",\"breadcrumb\":{\"@id\":\"https:\/\/conservation-science.ch\/?page_id=39899&lang=de#breadcrumb\"},\"inLanguage\":\"fr-FR\",\"potentialAction\":[{\"@type\":\"ReadAction\",\"target\":[\"https:\/\/conservation-science.ch\/?page_id=39899&lang=de\"]}]},{\"@type\":\"ImageObject\",\"inLanguage\":\"fr-FR\",\"@id\":\"https:\/\/conservation-science.ch\/?page_id=39899&lang=de#primaryimage\",\"url\":\"https:\/\/csc-sarl.ch\/wp-content\/uploads\/2018\/06\/bl_000601_large60px.jpg\",\"contentUrl\":\"https:\/\/csc-sarl.ch\/wp-content\/uploads\/2018\/06\/bl_000601_large60px.jpg\"},{\"@type\":\"BreadcrumbList\",\"@id\":\"https:\/\/conservation-science.ch\/?page_id=39899&lang=de#breadcrumb\",\"itemListElement\":[{\"@type\":\"ListItem\",\"position\":1,\"name\":\"Accueil\",\"item\":\"https:\/\/conservation-science.ch\/\"},{\"@type\":\"ListItem\",\"position\":2,\"name\":\"Studien \/ Expertisen\",\"item\":\"https:\/\/conservation-science.ch\/?page_id=39826&lang=de\"},{\"@type\":\"ListItem\",\"position\":3,\"name\":\"Schweiz\",\"item\":\"https:\/\/conservation-science.ch\/?page_id=39867&lang=de\"},{\"@type\":\"ListItem\",\"position\":4,\"name\":\"BL (Basel-Landschaft)\"}]},{\"@type\":\"WebSite\",\"@id\":\"https:\/\/conservation-science.ch\/#website\",\"url\":\"https:\/\/conservation-science.ch\/\",\"name\":\"CSC - Conservation - Sciences\",\"description\":\"Transmission de connaissances dans le domaine des sciences de la conservation du patrimoine b\u00e2ti\",\"potentialAction\":[{\"@type\":\"SearchAction\",\"target\":{\"@type\":\"EntryPoint\",\"urlTemplate\":\"https:\/\/conservation-science.ch\/?s={search_term_string}\"},\"query-input\":{\"@type\":\"PropertyValueSpecification\",\"valueRequired\":true,\"valueName\":\"search_term_string\"}}],\"inLanguage\":\"fr-FR\"}]}<\/script>\n<!-- \/ Yoast SEO plugin. -->","yoast_head_json":{"title":"BL (Basel-Landschaft) - Bl\u00e4uer - Conservation - Science","robots":{"index":"index","follow":"follow","max-snippet":"max-snippet:-1","max-image-preview":"max-image-preview:large","max-video-preview":"max-video-preview:-1"},"canonical":"https:\/\/conservation-science.ch\/?page_id=39899&lang=de","og_locale":"fr_FR","og_type":"article","og_title":"BL (Basel-Landschaft) - Bl\u00e4uer - Conservation - Science","og_description":"Im Kanton Basel-Landschat durchgef\u00fchrte Projekte (aufs Bild klicken): &nbsp; Res\u00fcmee Ort\/Datum Objekt Thema L\u00e4ufelfingen 16.4.07 6.01 Burgruine Homburg M\u00f6rtel- und Putzuntersuchungen Blauen 13.4.11 188.01 R\u00f6m.kath. Pfarrkirche St. Martin Dunkelverf\u00e4rbung und Flickstellen im Verputz: Zustandsbericht Gelterkinden 14.2.12 199.01 Dorfbrunnen Beratung zum Massnahmenkonzept","og_url":"https:\/\/conservation-science.ch\/?page_id=39899&lang=de","og_site_name":"Bl\u00e4uer - Conservation - Science","article_modified_time":"2024-11-16T15:42:25+00:00","og_image":[{"url":"https:\/\/csc-sarl.ch\/wp-content\/uploads\/2018\/06\/bl_000601_large60px.jpg","type":"","width":"","height":""}],"twitter_card":"summary_large_image","twitter_misc":{"Dur\u00e9e de lecture estim\u00e9e":"1 minute"},"schema":{"@context":"https:\/\/schema.org","@graph":[{"@type":"WebPage","@id":"https:\/\/conservation-science.ch\/?page_id=39899&lang=de","url":"https:\/\/conservation-science.ch\/?page_id=39899&lang=de","name":"BL (Basel-Landschaft) - Bl\u00e4uer - Conservation - Science","isPartOf":{"@id":"https:\/\/conservation-science.ch\/#website"},"primaryImageOfPage":{"@id":"https:\/\/conservation-science.ch\/?page_id=39899&lang=de#primaryimage"},"image":{"@id":"https:\/\/conservation-science.ch\/?page_id=39899&lang=de#primaryimage"},"thumbnailUrl":"https:\/\/csc-sarl.ch\/wp-content\/uploads\/2018\/06\/bl_000601_large60px.jpg","datePublished":"2024-11-16T11:30:38+00:00","dateModified":"2024-11-16T15:42:25+00:00","breadcrumb":{"@id":"https:\/\/conservation-science.ch\/?page_id=39899&lang=de#breadcrumb"},"inLanguage":"fr-FR","potentialAction":[{"@type":"ReadAction","target":["https:\/\/conservation-science.ch\/?page_id=39899&lang=de"]}]},{"@type":"ImageObject","inLanguage":"fr-FR","@id":"https:\/\/conservation-science.ch\/?page_id=39899&lang=de#primaryimage","url":"https:\/\/csc-sarl.ch\/wp-content\/uploads\/2018\/06\/bl_000601_large60px.jpg","contentUrl":"https:\/\/csc-sarl.ch\/wp-content\/uploads\/2018\/06\/bl_000601_large60px.jpg"},{"@type":"BreadcrumbList","@id":"https:\/\/conservation-science.ch\/?page_id=39899&lang=de#breadcrumb","itemListElement":[{"@type":"ListItem","position":1,"name":"Accueil","item":"https:\/\/conservation-science.ch\/"},{"@type":"ListItem","position":2,"name":"Studien \/ Expertisen","item":"https:\/\/conservation-science.ch\/?page_id=39826&lang=de"},{"@type":"ListItem","position":3,"name":"Schweiz","item":"https:\/\/conservation-science.ch\/?page_id=39867&lang=de"},{"@type":"ListItem","position":4,"name":"BL (Basel-Landschaft)"}]},{"@type":"WebSite","@id":"https:\/\/conservation-science.ch\/#website","url":"https:\/\/conservation-science.ch\/","name":"CSC - Conservation - Sciences","description":"Transmission de connaissances dans le domaine des sciences de la conservation du patrimoine b\u00e2ti","potentialAction":[{"@type":"SearchAction","target":{"@type":"EntryPoint","urlTemplate":"https:\/\/conservation-science.ch\/?s={search_term_string}"},"query-input":{"@type":"PropertyValueSpecification","valueRequired":true,"valueName":"search_term_string"}}],"inLanguage":"fr-FR"}]}},"_links":{"self":[{"href":"https:\/\/conservation-science.ch\/index.php?rest_route=\/wp\/v2\/pages\/39899","targetHints":{"allow":["GET"]}}],"collection":[{"href":"https:\/\/conservation-science.ch\/index.php?rest_route=\/wp\/v2\/pages"}],"about":[{"href":"https:\/\/conservation-science.ch\/index.php?rest_route=\/wp\/v2\/types\/page"}],"author":[{"embeddable":true,"href":"https:\/\/conservation-science.ch\/index.php?rest_route=\/wp\/v2\/users\/4"}],"replies":[{"embeddable":true,"href":"https:\/\/conservation-science.ch\/index.php?rest_route=%2Fwp%2Fv2%2Fcomments&post=39899"}],"version-history":[{"count":1,"href":"https:\/\/conservation-science.ch\/index.php?rest_route=\/wp\/v2\/pages\/39899\/revisions"}],"predecessor-version":[{"id":39903,"href":"https:\/\/conservation-science.ch\/index.php?rest_route=\/wp\/v2\/pages\/39899\/revisions\/39903"}],"up":[{"embeddable":true,"href":"https:\/\/conservation-science.ch\/index.php?rest_route=\/wp\/v2\/pages\/39867"}],"wp:attachment":[{"href":"https:\/\/conservation-science.ch\/index.php?rest_route=%2Fwp%2Fv2%2Fmedia&parent=39899"}],"curies":[{"name":"wp","href":"https:\/\/api.w.org\/{rel}","templated":true}]}}