{"id":39816,"date":"2024-09-05T10:55:39","date_gmt":"2024-09-05T08:55:39","guid":{"rendered":"https:\/\/conservation-science.ch\/?page_id=39816"},"modified":"2024-09-05T10:55:39","modified_gmt":"2024-09-05T08:55:39","slug":"abloesung","status":"publish","type":"page","link":"https:\/\/conservation-science.ch\/?page_id=39816&lang=de","title":{"rendered":"Abl\u00f6sung?"},"content":{"rendered":"<p style=\"text-align: justify;\"><strong>Abl\u00f6sung?<\/strong><br \/>\n<span id=\"result_box\" lang=\"de\"><span class=\"hps\">Der Klang der beim \u00dcberstreifen einer Oberfl\u00e4che <\/span><span class=\"hps\">aus<\/span> <span class=\"hps\">Stein,<\/span>\u00a0<span class=\"hps\">M\u00f6rtel<\/span>\u00a0oder\u00a0<span class=\"hps\">Putz\u00a0<\/span><span class=\"hps\">mit<\/span>\u00a0<span class=\"hps\">einem Metallstab<\/span>entsteht, ist entweder hell\u00a0<span class=\"hps atn\">(hoher Ton<\/span><span class=\"atn\">) oder dunkel (<\/span>tiefer Ton<span class=\"hps\">)\u00a0<\/span><span class=\"hps\">[Klicken Sie auf<\/span>\u00a0<span class=\"hps\">das Bild<\/span>\u00a0<span class=\"hps\">unten, um<\/span><span class=\"hps\">den Film zu sehen<\/span>\u00a0<span class=\"hps\">und die Kl\u00e4nge zu h\u00f6ren<\/span>\u00a0<span class=\"hps\">&#8230;]<\/span>.\u00a0<span class=\"hps\">Achten Sie jedoch darauf<\/span>\u00a0die Oberfl\u00e4che\u00a0<\/span><span id=\"result_box\" lang=\"de\"><span class=\"hps\">nicht zu zerkratzen<\/span>!<\/span><br \/>\n<span id=\"result_box\" lang=\"de\"><span class=\"hps\">Leider hat<\/span>\u00a0<span class=\"hps\">diese Technik<\/span>\u00a0<span class=\"hps\">ihre Grenzen<\/span>:\u00a0<\/span><span class=\"hps\">dicke Abl\u00f6sungen oder Schalen<\/span><span id=\"result_box\" lang=\"de\"><span class=\"hps\">\u00a0sind nicht<\/span>\u00a0<span class=\"hps\">zu<\/span>\u00a0<span class=\"hps\">erkennen<\/span><\/span><\/p>\n<p style=\"text-align: center;\"><a href=\"https:\/\/conservation-science.ch\/wp-content\/uploads\/2018\/12\/Resonanzpointer_cscsarl_ch.wmv\">Film<\/a><\/p>\n<p>&nbsp;<\/p>\n<p>&nbsp;<\/p>\n<p>&nbsp;<\/p>\n<p>&nbsp;<\/p>\n","protected":false},"excerpt":{"rendered":"<p>Abl\u00f6sung? Der Klang der beim \u00dcberstreifen einer Oberfl\u00e4che aus Stein,\u00a0M\u00f6rtel\u00a0oder\u00a0Putz\u00a0mit\u00a0einem Metallstabentsteht, ist entweder hell\u00a0(hoher Ton) oder dunkel (tiefer Ton)\u00a0[Klicken Sie auf\u00a0das Bild\u00a0unten, umden Film zu sehen\u00a0und die Kl\u00e4nge zu h\u00f6ren\u00a0&#8230;].\u00a0Achten Sie jedoch darauf\u00a0die Oberfl\u00e4che\u00a0nicht zu zerkratzen! Leider hat\u00a0diese Technik\u00a0ihre Grenzen:\u00a0dicke Abl\u00f6sungen oder Schalen\u00a0sind nicht\u00a0zu\u00a0erkennen Film &nbsp; &nbsp; &nbsp; &nbsp;<\/p>\n","protected":false},"author":4,"featured_media":0,"parent":39772,"menu_order":9,"comment_status":"closed","ping_status":"closed","template":"","meta":{"footnotes":""},"class_list":["post-39816","page","type-page","status-publish","hentry"],"yoast_head":"<!-- This site is optimized with the Yoast SEO plugin v27.2 - https:\/\/yoast.com\/product\/yoast-seo-wordpress\/ -->\n<title>Abl\u00f6sung? - Bl\u00e4uer - Conservation - Science<\/title>\n<meta name=\"robots\" content=\"index, follow, max-snippet:-1, max-image-preview:large, max-video-preview:-1\" \/>\n<link rel=\"canonical\" href=\"https:\/\/conservation-science.ch\/?page_id=39816&lang=de\" \/>\n<meta property=\"og:locale\" content=\"fr_FR\" \/>\n<meta property=\"og:type\" content=\"article\" \/>\n<meta property=\"og:title\" content=\"Abl\u00f6sung? - Bl\u00e4uer - Conservation - Science\" \/>\n<meta property=\"og:description\" content=\"Abl\u00f6sung? Der Klang der beim \u00dcberstreifen einer Oberfl\u00e4che aus Stein,\u00a0M\u00f6rtel\u00a0oder\u00a0Putz\u00a0mit\u00a0einem Metallstabentsteht, ist entweder hell\u00a0(hoher Ton) oder dunkel (tiefer Ton)\u00a0[Klicken Sie auf\u00a0das Bild\u00a0unten, umden Film zu sehen\u00a0und die Kl\u00e4nge zu h\u00f6ren\u00a0&#8230;].\u00a0Achten Sie jedoch darauf\u00a0die Oberfl\u00e4che\u00a0nicht zu zerkratzen! Leider hat\u00a0diese Technik\u00a0ihre Grenzen:\u00a0dicke Abl\u00f6sungen oder Schalen\u00a0sind nicht\u00a0zu\u00a0erkennen Film &nbsp; &nbsp; &nbsp; &nbsp;\" \/>\n<meta property=\"og:url\" content=\"https:\/\/conservation-science.ch\/?page_id=39816&amp;lang=de\" \/>\n<meta property=\"og:site_name\" content=\"Bl\u00e4uer - Conservation - Science\" \/>\n<meta name=\"twitter:card\" content=\"summary_large_image\" \/>\n<script type=\"application\/ld+json\" class=\"yoast-schema-graph\">{\"@context\":\"https:\/\/schema.org\",\"@graph\":[{\"@type\":\"WebPage\",\"@id\":\"https:\/\/conservation-science.ch\/?page_id=39816&lang=de\",\"url\":\"https:\/\/conservation-science.ch\/?page_id=39816&lang=de\",\"name\":\"Abl\u00f6sung? - Bl\u00e4uer - Conservation - Science\",\"isPartOf\":{\"@id\":\"https:\/\/conservation-science.ch\/#website\"},\"datePublished\":\"2024-09-05T08:55:39+00:00\",\"breadcrumb\":{\"@id\":\"https:\/\/conservation-science.ch\/?page_id=39816&lang=de#breadcrumb\"},\"inLanguage\":\"fr-FR\",\"potentialAction\":[{\"@type\":\"ReadAction\",\"target\":[\"https:\/\/conservation-science.ch\/?page_id=39816&lang=de\"]}]},{\"@type\":\"BreadcrumbList\",\"@id\":\"https:\/\/conservation-science.ch\/?page_id=39816&lang=de#breadcrumb\",\"itemListElement\":[{\"@type\":\"ListItem\",\"position\":1,\"name\":\"Accueil\",\"item\":\"https:\/\/conservation-science.ch\/\"},{\"@type\":\"ListItem\",\"position\":2,\"name\":\"Kniffe\",\"item\":\"https:\/\/conservation-science.ch\/?page_id=39768&lang=de\"},{\"@type\":\"ListItem\",\"position\":3,\"name\":\"Unsere archivierten Kniffe\",\"item\":\"https:\/\/conservation-science.ch\/?page_id=39772&lang=de\"},{\"@type\":\"ListItem\",\"position\":4,\"name\":\"Abl\u00f6sung?\"}]},{\"@type\":\"WebSite\",\"@id\":\"https:\/\/conservation-science.ch\/#website\",\"url\":\"https:\/\/conservation-science.ch\/\",\"name\":\"CSC - Conservation - Sciences\",\"description\":\"Transmission de connaissances dans le domaine des sciences de la conservation du patrimoine b\u00e2ti\",\"potentialAction\":[{\"@type\":\"SearchAction\",\"target\":{\"@type\":\"EntryPoint\",\"urlTemplate\":\"https:\/\/conservation-science.ch\/?s={search_term_string}\"},\"query-input\":{\"@type\":\"PropertyValueSpecification\",\"valueRequired\":true,\"valueName\":\"search_term_string\"}}],\"inLanguage\":\"fr-FR\"}]}<\/script>\n<!-- \/ Yoast SEO plugin. -->","yoast_head_json":{"title":"Abl\u00f6sung? - Bl\u00e4uer - Conservation - Science","robots":{"index":"index","follow":"follow","max-snippet":"max-snippet:-1","max-image-preview":"max-image-preview:large","max-video-preview":"max-video-preview:-1"},"canonical":"https:\/\/conservation-science.ch\/?page_id=39816&lang=de","og_locale":"fr_FR","og_type":"article","og_title":"Abl\u00f6sung? - Bl\u00e4uer - Conservation - Science","og_description":"Abl\u00f6sung? Der Klang der beim \u00dcberstreifen einer Oberfl\u00e4che aus Stein,\u00a0M\u00f6rtel\u00a0oder\u00a0Putz\u00a0mit\u00a0einem Metallstabentsteht, ist entweder hell\u00a0(hoher Ton) oder dunkel (tiefer Ton)\u00a0[Klicken Sie auf\u00a0das Bild\u00a0unten, umden Film zu sehen\u00a0und die Kl\u00e4nge zu h\u00f6ren\u00a0&#8230;].\u00a0Achten Sie jedoch darauf\u00a0die Oberfl\u00e4che\u00a0nicht zu zerkratzen! Leider hat\u00a0diese Technik\u00a0ihre Grenzen:\u00a0dicke Abl\u00f6sungen oder Schalen\u00a0sind nicht\u00a0zu\u00a0erkennen Film &nbsp; &nbsp; &nbsp; &nbsp;","og_url":"https:\/\/conservation-science.ch\/?page_id=39816&lang=de","og_site_name":"Bl\u00e4uer - Conservation - Science","twitter_card":"summary_large_image","schema":{"@context":"https:\/\/schema.org","@graph":[{"@type":"WebPage","@id":"https:\/\/conservation-science.ch\/?page_id=39816&lang=de","url":"https:\/\/conservation-science.ch\/?page_id=39816&lang=de","name":"Abl\u00f6sung? - Bl\u00e4uer - Conservation - Science","isPartOf":{"@id":"https:\/\/conservation-science.ch\/#website"},"datePublished":"2024-09-05T08:55:39+00:00","breadcrumb":{"@id":"https:\/\/conservation-science.ch\/?page_id=39816&lang=de#breadcrumb"},"inLanguage":"fr-FR","potentialAction":[{"@type":"ReadAction","target":["https:\/\/conservation-science.ch\/?page_id=39816&lang=de"]}]},{"@type":"BreadcrumbList","@id":"https:\/\/conservation-science.ch\/?page_id=39816&lang=de#breadcrumb","itemListElement":[{"@type":"ListItem","position":1,"name":"Accueil","item":"https:\/\/conservation-science.ch\/"},{"@type":"ListItem","position":2,"name":"Kniffe","item":"https:\/\/conservation-science.ch\/?page_id=39768&lang=de"},{"@type":"ListItem","position":3,"name":"Unsere archivierten Kniffe","item":"https:\/\/conservation-science.ch\/?page_id=39772&lang=de"},{"@type":"ListItem","position":4,"name":"Abl\u00f6sung?"}]},{"@type":"WebSite","@id":"https:\/\/conservation-science.ch\/#website","url":"https:\/\/conservation-science.ch\/","name":"CSC - Conservation - Sciences","description":"Transmission de connaissances dans le domaine des sciences de la conservation du patrimoine b\u00e2ti","potentialAction":[{"@type":"SearchAction","target":{"@type":"EntryPoint","urlTemplate":"https:\/\/conservation-science.ch\/?s={search_term_string}"},"query-input":{"@type":"PropertyValueSpecification","valueRequired":true,"valueName":"search_term_string"}}],"inLanguage":"fr-FR"}]}},"_links":{"self":[{"href":"https:\/\/conservation-science.ch\/index.php?rest_route=\/wp\/v2\/pages\/39816","targetHints":{"allow":["GET"]}}],"collection":[{"href":"https:\/\/conservation-science.ch\/index.php?rest_route=\/wp\/v2\/pages"}],"about":[{"href":"https:\/\/conservation-science.ch\/index.php?rest_route=\/wp\/v2\/types\/page"}],"author":[{"embeddable":true,"href":"https:\/\/conservation-science.ch\/index.php?rest_route=\/wp\/v2\/users\/4"}],"replies":[{"embeddable":true,"href":"https:\/\/conservation-science.ch\/index.php?rest_route=%2Fwp%2Fv2%2Fcomments&post=39816"}],"version-history":[{"count":1,"href":"https:\/\/conservation-science.ch\/index.php?rest_route=\/wp\/v2\/pages\/39816\/revisions"}],"predecessor-version":[{"id":39818,"href":"https:\/\/conservation-science.ch\/index.php?rest_route=\/wp\/v2\/pages\/39816\/revisions\/39818"}],"up":[{"embeddable":true,"href":"https:\/\/conservation-science.ch\/index.php?rest_route=\/wp\/v2\/pages\/39772"}],"wp:attachment":[{"href":"https:\/\/conservation-science.ch\/index.php?rest_route=%2Fwp%2Fv2%2Fmedia&parent=39816"}],"curies":[{"name":"wp","href":"https:\/\/api.w.org\/{rel}","templated":true}]}}