{"id":39768,"date":"2024-09-05T10:40:25","date_gmt":"2024-09-05T08:40:25","guid":{"rendered":"https:\/\/conservation-science.ch\/?page_id=39768"},"modified":"2024-11-16T21:57:27","modified_gmt":"2024-11-16T20:57:27","slug":"kniffe","status":"publish","type":"page","link":"https:\/\/conservation-science.ch\/?page_id=39768&lang=de","title":{"rendered":"Kniffe"},"content":{"rendered":"<p style=\"text-align: justify;\"><strong>Wie pr\u00fcfen, ob eine Behandlung einen dichten, nicht por\u00f6sen Film bildet oder ob sie die\u00a0<\/strong><strong>Oberfl\u00e4che\u00a0\u00ab\u00a0lediglich\u00a0\u00bb wasserabstossend macht, ohne die Poren zu verstopfen: Tropfentest, 2. Teil<\/strong><br \/>\nBei hydrophobierenden Oberfl\u00e4chenbehandlungen kann es n\u00fctzlich sein zu unterscheiden, ob sie auf den damit behandelten Materialien einen dichten, nicht por\u00f6sen Film bilden oder ob sie lediglich eine sehr d\u00fcnne Molek\u00fclschicht auf den (inneren) Feststoffoberfl\u00e4chen des Materials bilden, die diese, wasserabstossend machen ohne die Poren zu verstopfen.<br \/>\nIm Allgemeinen, \u00ab\u00a0lieben\u00a0\u00bb hydrophobe Substanzen organische L\u00f6sungsmittel: pratiktisch bedeutet dies, dass ein Tropfen eines organischen L\u00f6sungsmittels, der auf ein hydrophobes, aber por\u00f6ses Material gesetzt wird, durch die Kapillarkraft von den Poren des Materials aufgesaugt wird.<br \/>\nUm zu \u00fcberpr\u00fcfen ob eine wasserabstossende (hydrophobe) Oberfl\u00e4che por\u00f6s ist oder nicht, gen\u00fcgt es also, den Wassertropfentest des vorherigen Kniffs, durch den nachstehenden Alkoholtropfentest zu erg\u00e4nzen.<\/p>\n<p style=\"text-align: justify;\"><strong>1 &#8211; Wassertropfentest: \u00fcberpr\u00fcfen ob das Material hydrophob ist oder nicht<\/strong>\u00a0gem\u00e4ss den Punkten 1 und 2 des vorherigen Kniffs (<a href=\"\/de\/kniffe\/unsere-archivierten-kniffe\/tropfentest-1-teil\/\">hydrophobierte Oberfl\u00e4che?<\/a>)<\/p>\n<table border=\"0\" width=\"580\" align=\"center\">\n<tbody>\n<tr>\n<td style=\"vertical-align: top;\" align=\"center\" valign=\"bottom\" width=\"\" height=\"\"><img loading=\"lazy\" decoding=\"async\" class=\"alignnone size-full wp-image-29841\" src=\"https:\/\/csc-sarl.ch\/wp-content\/uploads\/2018\/06\/hydrophob_fort.jpg\" alt=\"\" width=\"250\" height=\"155\" \/><br \/>\nstark hydrophobe Oberfl\u00e4che<\/td>\n<td style=\"vertical-align: top;\" align=\"center\" valign=\"bottom\" width=\"\" height=\"\"><img loading=\"lazy\" decoding=\"async\" class=\"alignnone size-full wp-image-29840\" src=\"https:\/\/csc-sarl.ch\/wp-content\/uploads\/2018\/06\/hydrophob_faible.jpg\" alt=\"\" width=\"250\" height=\"144\" \/><br \/>\netwas weniger stark hydrophobe Oberfl\u00e4che<\/td>\n<\/tr>\n<\/tbody>\n<\/table>\n<p style=\"text-align: justify;\"><strong>2 &#8211;\u00a0<\/strong><strong>Alkoholtropfentest: \u00fcberpr\u00fcfen ob die\u00a0<\/strong><strong>wasserabstossende Oberfl\u00e4che por\u00f6s ist oder nicht<br \/>\n<\/strong><br \/>\nbringen Sie einen kleinen Tropfen Ethanol vorsichtig in Kontakt mit der Oberfl\u00e4che des zu testenden Materials<\/p>\n<table border=\"0\" width=\"580\" align=\"center\">\n<tbody>\n<tr>\n<td align=\"center\" valign=\"bottom\" width=\"\" height=\"\"><img loading=\"lazy\" decoding=\"async\" class=\"alignnone size-full wp-image-29843\" src=\"https:\/\/csc-sarl.ch\/wp-content\/uploads\/2018\/06\/surface_horiz.jpg\" alt=\"\" width=\"250\" height=\"195\" \/><\/td>\n<\/tr>\n<\/tbody>\n<\/table>\n<p style=\"text-align: justify;\"><strong>3 &#8211; Beurteilung des Ergebnisses<br \/>\n<\/strong><br \/>\n&#8211; der Alkoholtropfen netzt das Material und wird gleichzeitig kapillar aufgesaugt, wenn die Oberfl\u00e4che offen und por\u00f6s geblieben ist (a);<br \/>\n&#8211; wenn die Poren der Materialoberfl\u00e4che verstopft sind, benetzt der Alkoholtropfen die Oberfl\u00e4che und breitet sich aus, wird aber nicht aufgesaugt (b). Mit der Zeit verschwindet der Tropfen durch Verdunstung (Achtung: bei warmen und windigen Verh\u00e4ltnissen kann diese Trocknung des Tropfens sehr rasch erfolgen).<\/p>\n<table border=\"0\" width=\"580\" align=\"center\">\n<tbody>\n<tr>\n<td align=\"center\" valign=\"bottom\" width=\"\" height=\"\"><img loading=\"lazy\" decoding=\"async\" class=\"alignnone size-full wp-image-35580\" src=\"https:\/\/conservation-science.ch\/wp-content\/uploads\/2018\/06\/ethanol_sur_poreux.jpg\" alt=\"\" width=\"250\" height=\"135\" \/><br \/>\n(a) hydrophobes,<br \/>\npor\u00f6ses Material<\/td>\n<td align=\"center\" valign=\"bottom\" width=\"\" height=\"\"><img loading=\"lazy\" decoding=\"async\" class=\"alignnone size-full wp-image-29895\" src=\"https:\/\/csc-sarl.ch\/wp-content\/uploads\/2018\/06\/ethanol_sur_non_poreux.jpg\" alt=\"\" width=\"250\" height=\"134\" \/><br \/>\n(b) hydrophobes,<br \/>\nnicht por\u00f6ses Material<\/td>\n<\/tr>\n<\/tbody>\n<\/table>\n<p><em><strong><span style=\"color: #996600;\">Tropfentest, Fortsetzung:<\/span>\u00a0<\/strong>in unserem n\u00e4chsten Trick werden wir erkl\u00e4ren, wie Sie vormalige Hydrophobierungen erkennen k\u00f6nnen<\/em><em>&#8230;<\/em><\/p>\n<p><a href=\"\/de\/kniffe\/unsere-archivierten-kniffe\/\">Zu unseren archivierten Kniffen&#8230;<\/a><\/p>\n","protected":false},"excerpt":{"rendered":"<p>Wie pr\u00fcfen, ob eine Behandlung einen dichten, nicht por\u00f6sen Film bildet oder ob sie die\u00a0Oberfl\u00e4che\u00a0\u00ab\u00a0lediglich\u00a0\u00bb wasserabstossend macht, ohne die Poren zu verstopfen: Tropfentest, 2. Teil Bei hydrophobierenden Oberfl\u00e4chenbehandlungen kann es n\u00fctzlich sein zu unterscheiden, ob sie auf den damit behandelten Materialien einen dichten, nicht por\u00f6sen Film bilden oder ob sie lediglich eine sehr d\u00fcnne Molek\u00fclschicht &hellip; <a href=\"https:\/\/conservation-science.ch\/?page_id=39768&#038;lang=de\" class=\"more-link\">Continuer la lecture de <span class=\"screen-reader-text\">Kniffe<\/span><\/a><\/p>\n","protected":false},"author":4,"featured_media":0,"parent":0,"menu_order":4,"comment_status":"closed","ping_status":"closed","template":"","meta":{"footnotes":""},"class_list":["post-39768","page","type-page","status-publish","hentry"],"yoast_head":"<!-- This site is optimized with the Yoast SEO plugin v27.2 - https:\/\/yoast.com\/product\/yoast-seo-wordpress\/ -->\n<title>Kniffe - Bl\u00e4uer - Conservation - Science<\/title>\n<meta name=\"robots\" content=\"index, follow, max-snippet:-1, max-image-preview:large, max-video-preview:-1\" \/>\n<link rel=\"canonical\" href=\"https:\/\/conservation-science.ch\/?page_id=39768&lang=de\" \/>\n<meta property=\"og:locale\" content=\"fr_FR\" \/>\n<meta property=\"og:type\" content=\"article\" \/>\n<meta property=\"og:title\" content=\"Kniffe - Bl\u00e4uer - Conservation - Science\" \/>\n<meta property=\"og:description\" content=\"Wie pr\u00fcfen, ob eine Behandlung einen dichten, nicht por\u00f6sen Film bildet oder ob sie die\u00a0Oberfl\u00e4che\u00a0\u00ab\u00a0lediglich\u00a0\u00bb wasserabstossend macht, ohne die Poren zu verstopfen: Tropfentest, 2. Teil Bei hydrophobierenden Oberfl\u00e4chenbehandlungen kann es n\u00fctzlich sein zu unterscheiden, ob sie auf den damit behandelten Materialien einen dichten, nicht por\u00f6sen Film bilden oder ob sie lediglich eine sehr d\u00fcnne Molek\u00fclschicht &hellip; Continuer la lecture de Kniffe\" \/>\n<meta property=\"og:url\" content=\"https:\/\/conservation-science.ch\/?page_id=39768&amp;lang=de\" \/>\n<meta property=\"og:site_name\" content=\"Bl\u00e4uer - Conservation - Science\" \/>\n<meta property=\"article:modified_time\" content=\"2024-11-16T20:57:27+00:00\" \/>\n<meta property=\"og:image\" content=\"https:\/\/csc-sarl.ch\/wp-content\/uploads\/2018\/06\/hydrophob_fort.jpg\" \/>\n<meta name=\"twitter:card\" content=\"summary_large_image\" \/>\n<meta name=\"twitter:label1\" content=\"Dur\u00e9e de lecture estim\u00e9e\" \/>\n\t<meta name=\"twitter:data1\" content=\"3 minutes\" \/>\n<script type=\"application\/ld+json\" class=\"yoast-schema-graph\">{\"@context\":\"https:\/\/schema.org\",\"@graph\":[{\"@type\":\"WebPage\",\"@id\":\"https:\/\/conservation-science.ch\/?page_id=39768&lang=de\",\"url\":\"https:\/\/conservation-science.ch\/?page_id=39768&lang=de\",\"name\":\"Kniffe - Bl\u00e4uer - Conservation - Science\",\"isPartOf\":{\"@id\":\"https:\/\/conservation-science.ch\/#website\"},\"primaryImageOfPage\":{\"@id\":\"https:\/\/conservation-science.ch\/?page_id=39768&lang=de#primaryimage\"},\"image\":{\"@id\":\"https:\/\/conservation-science.ch\/?page_id=39768&lang=de#primaryimage\"},\"thumbnailUrl\":\"https:\/\/csc-sarl.ch\/wp-content\/uploads\/2018\/06\/hydrophob_fort.jpg\",\"datePublished\":\"2024-09-05T08:40:25+00:00\",\"dateModified\":\"2024-11-16T20:57:27+00:00\",\"breadcrumb\":{\"@id\":\"https:\/\/conservation-science.ch\/?page_id=39768&lang=de#breadcrumb\"},\"inLanguage\":\"fr-FR\",\"potentialAction\":[{\"@type\":\"ReadAction\",\"target\":[\"https:\/\/conservation-science.ch\/?page_id=39768&lang=de\"]}]},{\"@type\":\"ImageObject\",\"inLanguage\":\"fr-FR\",\"@id\":\"https:\/\/conservation-science.ch\/?page_id=39768&lang=de#primaryimage\",\"url\":\"https:\/\/csc-sarl.ch\/wp-content\/uploads\/2018\/06\/hydrophob_fort.jpg\",\"contentUrl\":\"https:\/\/csc-sarl.ch\/wp-content\/uploads\/2018\/06\/hydrophob_fort.jpg\"},{\"@type\":\"BreadcrumbList\",\"@id\":\"https:\/\/conservation-science.ch\/?page_id=39768&lang=de#breadcrumb\",\"itemListElement\":[{\"@type\":\"ListItem\",\"position\":1,\"name\":\"Accueil\",\"item\":\"https:\/\/conservation-science.ch\/\"},{\"@type\":\"ListItem\",\"position\":2,\"name\":\"Kniffe\"}]},{\"@type\":\"WebSite\",\"@id\":\"https:\/\/conservation-science.ch\/#website\",\"url\":\"https:\/\/conservation-science.ch\/\",\"name\":\"CSC - Conservation - Sciences\",\"description\":\"Transmission de connaissances dans le domaine des sciences de la conservation du patrimoine b\u00e2ti\",\"potentialAction\":[{\"@type\":\"SearchAction\",\"target\":{\"@type\":\"EntryPoint\",\"urlTemplate\":\"https:\/\/conservation-science.ch\/?s={search_term_string}\"},\"query-input\":{\"@type\":\"PropertyValueSpecification\",\"valueRequired\":true,\"valueName\":\"search_term_string\"}}],\"inLanguage\":\"fr-FR\"}]}<\/script>\n<!-- \/ Yoast SEO plugin. -->","yoast_head_json":{"title":"Kniffe - Bl\u00e4uer - Conservation - Science","robots":{"index":"index","follow":"follow","max-snippet":"max-snippet:-1","max-image-preview":"max-image-preview:large","max-video-preview":"max-video-preview:-1"},"canonical":"https:\/\/conservation-science.ch\/?page_id=39768&lang=de","og_locale":"fr_FR","og_type":"article","og_title":"Kniffe - Bl\u00e4uer - Conservation - Science","og_description":"Wie pr\u00fcfen, ob eine Behandlung einen dichten, nicht por\u00f6sen Film bildet oder ob sie die\u00a0Oberfl\u00e4che\u00a0\u00ab\u00a0lediglich\u00a0\u00bb wasserabstossend macht, ohne die Poren zu verstopfen: Tropfentest, 2. Teil Bei hydrophobierenden Oberfl\u00e4chenbehandlungen kann es n\u00fctzlich sein zu unterscheiden, ob sie auf den damit behandelten Materialien einen dichten, nicht por\u00f6sen Film bilden oder ob sie lediglich eine sehr d\u00fcnne Molek\u00fclschicht &hellip; Continuer la lecture de Kniffe","og_url":"https:\/\/conservation-science.ch\/?page_id=39768&lang=de","og_site_name":"Bl\u00e4uer - Conservation - Science","article_modified_time":"2024-11-16T20:57:27+00:00","og_image":[{"url":"https:\/\/csc-sarl.ch\/wp-content\/uploads\/2018\/06\/hydrophob_fort.jpg","type":"","width":"","height":""}],"twitter_card":"summary_large_image","twitter_misc":{"Dur\u00e9e de lecture estim\u00e9e":"3 minutes"},"schema":{"@context":"https:\/\/schema.org","@graph":[{"@type":"WebPage","@id":"https:\/\/conservation-science.ch\/?page_id=39768&lang=de","url":"https:\/\/conservation-science.ch\/?page_id=39768&lang=de","name":"Kniffe - Bl\u00e4uer - Conservation - Science","isPartOf":{"@id":"https:\/\/conservation-science.ch\/#website"},"primaryImageOfPage":{"@id":"https:\/\/conservation-science.ch\/?page_id=39768&lang=de#primaryimage"},"image":{"@id":"https:\/\/conservation-science.ch\/?page_id=39768&lang=de#primaryimage"},"thumbnailUrl":"https:\/\/csc-sarl.ch\/wp-content\/uploads\/2018\/06\/hydrophob_fort.jpg","datePublished":"2024-09-05T08:40:25+00:00","dateModified":"2024-11-16T20:57:27+00:00","breadcrumb":{"@id":"https:\/\/conservation-science.ch\/?page_id=39768&lang=de#breadcrumb"},"inLanguage":"fr-FR","potentialAction":[{"@type":"ReadAction","target":["https:\/\/conservation-science.ch\/?page_id=39768&lang=de"]}]},{"@type":"ImageObject","inLanguage":"fr-FR","@id":"https:\/\/conservation-science.ch\/?page_id=39768&lang=de#primaryimage","url":"https:\/\/csc-sarl.ch\/wp-content\/uploads\/2018\/06\/hydrophob_fort.jpg","contentUrl":"https:\/\/csc-sarl.ch\/wp-content\/uploads\/2018\/06\/hydrophob_fort.jpg"},{"@type":"BreadcrumbList","@id":"https:\/\/conservation-science.ch\/?page_id=39768&lang=de#breadcrumb","itemListElement":[{"@type":"ListItem","position":1,"name":"Accueil","item":"https:\/\/conservation-science.ch\/"},{"@type":"ListItem","position":2,"name":"Kniffe"}]},{"@type":"WebSite","@id":"https:\/\/conservation-science.ch\/#website","url":"https:\/\/conservation-science.ch\/","name":"CSC - Conservation - Sciences","description":"Transmission de connaissances dans le domaine des sciences de la conservation du patrimoine b\u00e2ti","potentialAction":[{"@type":"SearchAction","target":{"@type":"EntryPoint","urlTemplate":"https:\/\/conservation-science.ch\/?s={search_term_string}"},"query-input":{"@type":"PropertyValueSpecification","valueRequired":true,"valueName":"search_term_string"}}],"inLanguage":"fr-FR"}]}},"_links":{"self":[{"href":"https:\/\/conservation-science.ch\/index.php?rest_route=\/wp\/v2\/pages\/39768","targetHints":{"allow":["GET"]}}],"collection":[{"href":"https:\/\/conservation-science.ch\/index.php?rest_route=\/wp\/v2\/pages"}],"about":[{"href":"https:\/\/conservation-science.ch\/index.php?rest_route=\/wp\/v2\/types\/page"}],"author":[{"embeddable":true,"href":"https:\/\/conservation-science.ch\/index.php?rest_route=\/wp\/v2\/users\/4"}],"replies":[{"embeddable":true,"href":"https:\/\/conservation-science.ch\/index.php?rest_route=%2Fwp%2Fv2%2Fcomments&post=39768"}],"version-history":[{"count":3,"href":"https:\/\/conservation-science.ch\/index.php?rest_route=\/wp\/v2\/pages\/39768\/revisions"}],"predecessor-version":[{"id":40513,"href":"https:\/\/conservation-science.ch\/index.php?rest_route=\/wp\/v2\/pages\/39768\/revisions\/40513"}],"wp:attachment":[{"href":"https:\/\/conservation-science.ch\/index.php?rest_route=%2Fwp%2Fv2%2Fmedia&parent=39768"}],"curies":[{"name":"wp","href":"https:\/\/api.w.org\/{rel}","templated":true}]}}