{"id":39762,"date":"2024-09-05T10:38:36","date_gmt":"2024-09-05T08:38:36","guid":{"rendered":"https:\/\/conservation-science.ch\/?page_id=39762"},"modified":"2024-11-16T21:39:55","modified_gmt":"2024-11-16T20:39:55","slug":"geologische-fuehrungen-in-staedten","status":"publish","type":"page","link":"https:\/\/conservation-science.ch\/?page_id=39762&lang=de","title":{"rendered":"Geologische F\u00fchrungen in St\u00e4dten"},"content":{"rendered":"<p><span id=\"result_box\" lang=\"en\"><span class=\"hps\">Seit dem Fr\u00fchling\u00a0<\/span><span class=\"hps\">2011<\/span>, organisieren wir\u00a0<\/span><span class=\"hps\">geologische F\u00fchrungen<\/span><span id=\"result_box\" lang=\"en\">.\u00a0<span class=\"hps\">Je nach Ihren W\u00fcnschen werden die F\u00fchrungen<\/span>:<\/span><\/p>\n<ul>\n<li style=\"text-align: justify;\"><span class=\"hps\">Sie Strassen neu wahrnehmen lassen, von denen Sie denken, dass Sie sie gut kennen<\/span><\/li>\n<li style=\"text-align: justify;\"><span id=\"result_box\" lang=\"en\"><span class=\"hps\">Ihnen helfen geologische und mineralische Ressourcen in Ihrer Umgebung zu entdecken<\/span><\/span><\/li>\n<li style=\"text-align: justify;\"><span class=\"hps\">Ihnen die Geschichte der Erde anhand der Bausteine aufzeigen<\/span><span class=\"hps\"><br \/>\n<\/span><\/li>\n<li style=\"text-align: justify;\"><span class=\"hps\">Ihnen die spezifischen Kennzeichen von Natursteinen aus der Region n\u00e4her bringen<\/span><\/li>\n<li style=\"text-align: justify;\"><span class=\"hps\">Ihnen erkl\u00e4ren, was die normale Alterung dieser Steine ist<\/span><\/li>\n<li style=\"text-align: justify;\"><span class=\"hps\">Ihnen einige Verwitterungsformen und ihre Ursachen zeigen<\/span><\/li>\n<\/ul>\n<p style=\"text-align: justify;\"><span id=\"result_box\" lang=\"en\"><span class=\"hps\">Vorkenntnisse:<\/span>\u00a0<span class=\"hps\">keine<\/span>!\u00a0<span class=\"hps\">Aber gute Stimmung und Neugierde sind willkommen<\/span><span class=\"hps\">&#8230;\u00a0<\/span><\/span><\/p>\n<h5>F\u00fchrungen die bereits stattfinden:<\/h5>\n<table border=\"0\" width=\"93%\">\n<tbody>\n<tr class=\"style1\">\n<td style=\"width: 12.4138%;\"><a href=\"http:\/\/www.nike-kultur.ch\/fileadmin\/user_upload\/Bulletin\/2012\/01\/PDF\/2_pierres.pdf?17,21\" target=\"_blank\" rel=\"noopener\"><img loading=\"lazy\" decoding=\"async\" class=\"rex_image alignnone\" src=\"https:\/\/csc-sarl.ch\/wp-content\/uploads\/2018\/06\/logoacrobatptt.jpg\" alt=\"[Keine\u00a0Beschreibung\u00a0eingegeben]\" ismap=\"ismap\" width=\"42\" height=\"32\" \/><\/a><\/td>\n<td style=\"width: 87.4138%;\">G\u00e9ologie urbaine ou la m\u00e9moire des pierres. Bulletin NIKE Centre national d&rsquo;information pour la conservation des biens culturels, Berne, 1-2\/2012, 10-15<\/td>\n<\/tr>\n<\/tbody>\n<\/table>\n<table class=\"style1\" style=\"height: 728px;\" border=\"0\" width=\"93%\">\n<tbody>\n<tr style=\"height: 34px;\">\n<td style=\"height: 34px;\" valign=\"top\">\n<h6>In franz\u00f6sisch verf\u00fcgbare F\u00fchrungen (deutsch auf Anfrage) :<\/h6>\n<\/td>\n<td style=\"height: 34px;\" valign=\"top\"><\/td>\n<\/tr>\n<tr style=\"height: 345px;\">\n<td style=\"height: 345px;\" valign=\"top\" width=\"270\" height=\"\"><span style=\"color: #993300;\"><strong><a href=\"https:\/\/csc-sarl.ch\/wp-content\/uploads\/2018\/06\/flyervisitefribourg_120312_avlogos_sansreperes.pdf\">FRIBOURG<\/a> pierre \u00e0 pierre<\/strong><\/span><strong><br \/>\n<\/strong><a href=\"https:\/\/csc-sarl.ch\/wp-content\/uploads\/2018\/06\/flyervisitefribourg_120312_avlogos_sansreperes.pdf\"><img loading=\"lazy\" decoding=\"async\" class=\"alignnone size-full wp-image-29052\" src=\"https:\/\/csc-sarl.ch\/wp-content\/uploads\/2018\/06\/flyervisitefribourg_110614_p1_150px.jpg\" alt=\"\" width=\"150\" height=\"106\" \/><\/a><strong>visite g\u00e9ologique de la ville<\/strong><br \/>\nrenseignements et r\u00e9servation via CSC :<br \/>\nt\u00e9l. 026 422 12 44 ou e-mail\u00a0<a href=\"mailto:csc@conservation-science.ch\">csc@&#8230;<\/a><\/td>\n<td style=\"height: 345px;\" valign=\"top\" width=\"270\" height=\"\"><span style=\"color: #993300;\"><strong><a href=\"\/wp-content\/uploads\/2018\/06\/flyervisiteneuchatel_120312_avlogos_sansreperes.pdf\">NEUCH\u00c2TEL<\/a>, une pierre jaune dans la ville<\/strong><\/span><span style=\"color: #993300;\"><strong><a href=\"https:\/\/csc-sarl.ch\/wp-content\/uploads\/2018\/06\/flyervisiteneuchatel_120312_avlogos_sansreperes.pdf\"><img loading=\"lazy\" decoding=\"async\" class=\"alignnone size-full wp-image-29049\" src=\"https:\/\/csc-sarl.ch\/wp-content\/uploads\/2018\/06\/flyervisiteneuchatel_110614_p1_150px.jpg\" alt=\"\" width=\"150\" height=\"106\" \/><\/a><span style=\"color: #000000;\">visite g\u00e9ologique de la ville<\/span><br \/>\n<\/strong><span style=\"color: #000000;\">renseignements et r\u00e9servation via CSC :<\/span><br \/>\n<span style=\"color: #000000;\">t\u00e9l. 026 422 12 44 ou e-mail\u00a0<span style=\"color: #00ccff;\"><a href=\"mailto:csc@conservation-science.ch\">csc@&#8230;<\/a><\/span><\/span><\/span><\/td>\n<\/tr>\n<tr style=\"height: 349px;\">\n<td style=\"vertical-align: top; height: 349px;\" valign=\"top\" width=\"\" height=\"\"><span style=\"color: #993300;\"><strong>ESTAVAYER-LE-LAC<\/strong><\/span><a href=\"http:\/\/www.csc-sarl.ch\/files\/depliant_visitesetd_couvertesfr-all_2012.pdf\" target=\"_self\" rel=\"noopener\"><strong><br \/>\n<\/strong><\/a><img loading=\"lazy\" decoding=\"async\" class=\"alignnone size-full wp-image-29050\" src=\"https:\/\/csc-sarl.ch\/wp-content\/uploads\/2018\/06\/fr_estavayerlelac_gdrue35_110707_094_120pxlarge.jpg\" alt=\"\" width=\"120\" height=\"88\" \/><strong>visite g\u00e9ologique de la ville<\/strong>renseignements et r\u00e9servation via l&rsquo;Office du tourisme :<br \/>\nt\u00e9l. 026 663 12 37 ou e-mail\u00a0<a href=\"mailto:tourisme@estavayer-payerne.ch\">tourisme@estav&#8230;<\/a><br \/>\nou via CSC :<br \/>\nt\u00e9l. 026 422 12 44 ou e-mail\u00a0<a href=\"mailto:csc@conservation-science.ch\">csc@&#8230;<\/a><\/td>\n<td style=\"vertical-align: top; height: 349px;\" valign=\"top\" width=\"\" height=\"\"><\/td>\n<\/tr>\n<\/tbody>\n<\/table>\n<table class=\"style1\" style=\"width: 100%; height: 161px;\" border=\"0\" width=\"93%\">\n<tbody>\n<tr style=\"height: 161px;\">\n<td style=\"height: 161px;\">\n<h6><strong>In der Presse :<\/strong><\/h6>\n<ul>\n<li>L&rsquo;Express, 15 octobre 2013 :\u00a0<a href=\"\/wp-content\/uploads\/2018\/06\/lexpress_131015.pdf\" target=\"_self\" rel=\"noopener\">balade \u00e0 Neuch\u00e2tel pour l&rsquo;UPN, section littoral<\/a><\/li>\n<li>La Libert\u00e9, 14 mai 2013 :\u00a0<a href=\"\/wp-content\/uploads\/2018\/06\/20130511_laliberte-li-14-05-fr-11.pdf\" target=\"_self\" rel=\"noopener\">balade \u00e0 Fribourg pour les 175 ans de Swisstopo<\/a><\/li>\n<li>La Libert\u00e9, 23 septembre 2011 :\u00a0<a href=\"\/wp-content\/uploads\/2018\/06\/20110723_laliberte_ptt.pdf\" target=\"_self\" rel=\"noopener\">nouvelle visite guid\u00e9e \u00e0 Fribourg<\/a><\/li>\n<\/ul>\n<\/td>\n<\/tr>\n<\/tbody>\n<\/table>\n<table class=\"style1\" style=\"height: 51px;\" border=\"0\" width=\"93%\">\n<tbody>\n<tr style=\"height: 51px;\">\n<td style=\"height: 51px;\"><span style=\"font-size: 10pt;\">Falls Sie an einer geologischen F\u00fchrung in einer anderen Schweizer Stadt interessiert sind,\u00a0<a href=\"mailto:csc@conservation-science.ch\">kontaktieren Sie uns bitte<\/a>.<\/span><\/td>\n<\/tr>\n<\/tbody>\n<\/table>\n<table class=\"style1\" style=\"width: 580px;\" border=\"0\" width=\"540\">\n<tbody>\n<tr>\n<td style=\"width: 109px;\" align=\"center\" width=\"\" height=\"\"><img loading=\"lazy\" decoding=\"async\" class=\"alignnone size-full wp-image-29048\" src=\"https:\/\/csc-sarl.ch\/wp-content\/uploads\/2018\/06\/terre_50px.gif\" alt=\"\" width=\"50\" height=\"49\" \/><\/td>\n<td style=\"width: 471px;\">\n<h6>Interessieren Sie sich f\u00fcr Geologie:<\/h6>\n<\/td>\n<\/tr>\n<tr>\n<td style=\"width: 109px; vertical-align: top;\"><img loading=\"lazy\" decoding=\"async\" class=\"alignnone size-full wp-image-29047\" src=\"https:\/\/csc-sarl.ch\/wp-content\/uploads\/2018\/06\/t.basset_120pxlarge.jpg\" alt=\"\" width=\"120\" height=\"81\" \/><\/td>\n<td style=\"width: 471px; text-align: justify; vertical-align: top;\"><a href=\"http:\/\/www.thierrybasset.ch\/site\/\" target=\"_blank\" rel=\"noopener\"><span class=\"hps\">F\u00fcr weitere popul\u00e4r-<\/span><span id=\"result_box\" lang=\"en\"><span class=\"hps\">geologische<\/span>\u00a0<\/span><span id=\"result_box\" lang=\"en\"><span class=\"hps\">Aktivit\u00e4ten<\/span>\u00a0<span class=\"hps atn\">(<\/span>discovery days, Exkursionen,\u00a0<span class=\"hps\">Reisen<\/span>,&#8230;)\u00a0<span class=\"hps\">empfehlen wir Ihnen die Homepage des Geologen<\/span>\u00a0<span class=\"hps\">Thierry<\/span>\u00a0<span class=\"hps\">Basset<\/span>\u00a0zu besuchen (franz\u00f6sisch):<br \/>\n<\/span><\/a><a href=\"http:\/\/www.thierrybasset.ch\/site\/\" target=\"_blank\" rel=\"noopener\">www.thierrybasset.ch<\/a><\/td>\n<\/tr>\n<tr>\n<td style=\"width: 109px;\" align=\"center\" width=\"\" height=\"\"><img loading=\"lazy\" decoding=\"async\" class=\"alignnone size-full wp-image-29046\" src=\"https:\/\/csc-sarl.ch\/wp-content\/uploads\/2018\/06\/d.b.williams_gd_120px_large.jpg\" alt=\"\" width=\"120\" height=\"81\" \/><\/td>\n<td style=\"width: 471px; text-align: justify; vertical-align: top;\"><a href=\"http:\/\/geologywriter.com\/\" target=\"_blank\" rel=\"noopener\">Zur Urbangeologie, verpassen Sie nicht die Homepage von David B. Williams (englisch):<br \/>\n<\/a><a href=\"http:\/\/geologywriter.com\/\" target=\"_blank\" rel=\"noopener\">http:\/\/geologywriter.com\/<\/a><\/td>\n<\/tr>\n<\/tbody>\n<\/table>\n","protected":false},"excerpt":{"rendered":"<p>Seit dem Fr\u00fchling\u00a02011, organisieren wir\u00a0geologische F\u00fchrungen.\u00a0Je nach Ihren W\u00fcnschen werden die F\u00fchrungen: Sie Strassen neu wahrnehmen lassen, von denen Sie denken, dass Sie sie gut kennen Ihnen helfen geologische und mineralische Ressourcen in Ihrer Umgebung zu entdecken Ihnen die Geschichte der Erde anhand der Bausteine aufzeigen Ihnen die spezifischen Kennzeichen von Natursteinen aus der Region &hellip; <a href=\"https:\/\/conservation-science.ch\/?page_id=39762&#038;lang=de\" class=\"more-link\">Continuer la lecture de <span class=\"screen-reader-text\">Geologische F\u00fchrungen in St\u00e4dten<\/span><\/a><\/p>\n","protected":false},"author":4,"featured_media":0,"parent":39637,"menu_order":4,"comment_status":"closed","ping_status":"closed","template":"","meta":{"footnotes":""},"class_list":["post-39762","page","type-page","status-publish","hentry"],"yoast_head":"<!-- This site is optimized with the Yoast SEO plugin v27.2 - https:\/\/yoast.com\/product\/yoast-seo-wordpress\/ -->\n<title>Geologische F\u00fchrungen in St\u00e4dten - Bl\u00e4uer - Conservation - Science<\/title>\n<meta name=\"robots\" content=\"index, follow, max-snippet:-1, max-image-preview:large, max-video-preview:-1\" \/>\n<link rel=\"canonical\" href=\"https:\/\/conservation-science.ch\/?page_id=39762&lang=de\" \/>\n<meta property=\"og:locale\" content=\"fr_FR\" \/>\n<meta property=\"og:type\" content=\"article\" \/>\n<meta property=\"og:title\" content=\"Geologische F\u00fchrungen in St\u00e4dten - Bl\u00e4uer - Conservation - Science\" \/>\n<meta property=\"og:description\" content=\"Seit dem Fr\u00fchling\u00a02011, organisieren wir\u00a0geologische F\u00fchrungen.\u00a0Je nach Ihren W\u00fcnschen werden die F\u00fchrungen: Sie Strassen neu wahrnehmen lassen, von denen Sie denken, dass Sie sie gut kennen Ihnen helfen geologische und mineralische Ressourcen in Ihrer Umgebung zu entdecken Ihnen die Geschichte der Erde anhand der Bausteine aufzeigen Ihnen die spezifischen Kennzeichen von Natursteinen aus der Region &hellip; Continuer la lecture de Geologische F\u00fchrungen in St\u00e4dten\" \/>\n<meta property=\"og:url\" content=\"https:\/\/conservation-science.ch\/?page_id=39762&amp;lang=de\" \/>\n<meta property=\"og:site_name\" content=\"Bl\u00e4uer - Conservation - Science\" \/>\n<meta property=\"article:modified_time\" content=\"2024-11-16T20:39:55+00:00\" \/>\n<meta property=\"og:image\" content=\"https:\/\/csc-sarl.ch\/wp-content\/uploads\/2018\/06\/logoacrobatptt.jpg\" \/>\n<meta name=\"twitter:card\" content=\"summary_large_image\" \/>\n<meta name=\"twitter:label1\" content=\"Dur\u00e9e de lecture estim\u00e9e\" \/>\n\t<meta name=\"twitter:data1\" content=\"3 minutes\" \/>\n<script type=\"application\/ld+json\" class=\"yoast-schema-graph\">{\"@context\":\"https:\/\/schema.org\",\"@graph\":[{\"@type\":\"WebPage\",\"@id\":\"https:\/\/conservation-science.ch\/?page_id=39762&lang=de\",\"url\":\"https:\/\/conservation-science.ch\/?page_id=39762&lang=de\",\"name\":\"Geologische F\u00fchrungen in St\u00e4dten - Bl\u00e4uer - Conservation - Science\",\"isPartOf\":{\"@id\":\"https:\/\/conservation-science.ch\/#website\"},\"primaryImageOfPage\":{\"@id\":\"https:\/\/conservation-science.ch\/?page_id=39762&lang=de#primaryimage\"},\"image\":{\"@id\":\"https:\/\/conservation-science.ch\/?page_id=39762&lang=de#primaryimage\"},\"thumbnailUrl\":\"https:\/\/csc-sarl.ch\/wp-content\/uploads\/2018\/06\/logoacrobatptt.jpg\",\"datePublished\":\"2024-09-05T08:38:36+00:00\",\"dateModified\":\"2024-11-16T20:39:55+00:00\",\"breadcrumb\":{\"@id\":\"https:\/\/conservation-science.ch\/?page_id=39762&lang=de#breadcrumb\"},\"inLanguage\":\"fr-FR\",\"potentialAction\":[{\"@type\":\"ReadAction\",\"target\":[\"https:\/\/conservation-science.ch\/?page_id=39762&lang=de\"]}]},{\"@type\":\"ImageObject\",\"inLanguage\":\"fr-FR\",\"@id\":\"https:\/\/conservation-science.ch\/?page_id=39762&lang=de#primaryimage\",\"url\":\"https:\/\/csc-sarl.ch\/wp-content\/uploads\/2018\/06\/logoacrobatptt.jpg\",\"contentUrl\":\"https:\/\/csc-sarl.ch\/wp-content\/uploads\/2018\/06\/logoacrobatptt.jpg\"},{\"@type\":\"BreadcrumbList\",\"@id\":\"https:\/\/conservation-science.ch\/?page_id=39762&lang=de#breadcrumb\",\"itemListElement\":[{\"@type\":\"ListItem\",\"position\":1,\"name\":\"Accueil\",\"item\":\"https:\/\/conservation-science.ch\/\"},{\"@type\":\"ListItem\",\"position\":2,\"name\":\"Aktivit\u00e4ten\",\"item\":\"https:\/\/conservation-science.ch\/?page_id=39637&lang=de\"},{\"@type\":\"ListItem\",\"position\":3,\"name\":\"Geologische F\u00fchrungen in St\u00e4dten\"}]},{\"@type\":\"WebSite\",\"@id\":\"https:\/\/conservation-science.ch\/#website\",\"url\":\"https:\/\/conservation-science.ch\/\",\"name\":\"CSC - Conservation - Sciences\",\"description\":\"Transmission de connaissances dans le domaine des sciences de la conservation du patrimoine b\u00e2ti\",\"potentialAction\":[{\"@type\":\"SearchAction\",\"target\":{\"@type\":\"EntryPoint\",\"urlTemplate\":\"https:\/\/conservation-science.ch\/?s={search_term_string}\"},\"query-input\":{\"@type\":\"PropertyValueSpecification\",\"valueRequired\":true,\"valueName\":\"search_term_string\"}}],\"inLanguage\":\"fr-FR\"}]}<\/script>\n<!-- \/ Yoast SEO plugin. -->","yoast_head_json":{"title":"Geologische F\u00fchrungen in St\u00e4dten - Bl\u00e4uer - Conservation - Science","robots":{"index":"index","follow":"follow","max-snippet":"max-snippet:-1","max-image-preview":"max-image-preview:large","max-video-preview":"max-video-preview:-1"},"canonical":"https:\/\/conservation-science.ch\/?page_id=39762&lang=de","og_locale":"fr_FR","og_type":"article","og_title":"Geologische F\u00fchrungen in St\u00e4dten - Bl\u00e4uer - Conservation - Science","og_description":"Seit dem Fr\u00fchling\u00a02011, organisieren wir\u00a0geologische F\u00fchrungen.\u00a0Je nach Ihren W\u00fcnschen werden die F\u00fchrungen: Sie Strassen neu wahrnehmen lassen, von denen Sie denken, dass Sie sie gut kennen Ihnen helfen geologische und mineralische Ressourcen in Ihrer Umgebung zu entdecken Ihnen die Geschichte der Erde anhand der Bausteine aufzeigen Ihnen die spezifischen Kennzeichen von Natursteinen aus der Region &hellip; Continuer la lecture de Geologische F\u00fchrungen in St\u00e4dten","og_url":"https:\/\/conservation-science.ch\/?page_id=39762&lang=de","og_site_name":"Bl\u00e4uer - Conservation - Science","article_modified_time":"2024-11-16T20:39:55+00:00","og_image":[{"url":"https:\/\/csc-sarl.ch\/wp-content\/uploads\/2018\/06\/logoacrobatptt.jpg","type":"","width":"","height":""}],"twitter_card":"summary_large_image","twitter_misc":{"Dur\u00e9e de lecture estim\u00e9e":"3 minutes"},"schema":{"@context":"https:\/\/schema.org","@graph":[{"@type":"WebPage","@id":"https:\/\/conservation-science.ch\/?page_id=39762&lang=de","url":"https:\/\/conservation-science.ch\/?page_id=39762&lang=de","name":"Geologische F\u00fchrungen in St\u00e4dten - Bl\u00e4uer - Conservation - Science","isPartOf":{"@id":"https:\/\/conservation-science.ch\/#website"},"primaryImageOfPage":{"@id":"https:\/\/conservation-science.ch\/?page_id=39762&lang=de#primaryimage"},"image":{"@id":"https:\/\/conservation-science.ch\/?page_id=39762&lang=de#primaryimage"},"thumbnailUrl":"https:\/\/csc-sarl.ch\/wp-content\/uploads\/2018\/06\/logoacrobatptt.jpg","datePublished":"2024-09-05T08:38:36+00:00","dateModified":"2024-11-16T20:39:55+00:00","breadcrumb":{"@id":"https:\/\/conservation-science.ch\/?page_id=39762&lang=de#breadcrumb"},"inLanguage":"fr-FR","potentialAction":[{"@type":"ReadAction","target":["https:\/\/conservation-science.ch\/?page_id=39762&lang=de"]}]},{"@type":"ImageObject","inLanguage":"fr-FR","@id":"https:\/\/conservation-science.ch\/?page_id=39762&lang=de#primaryimage","url":"https:\/\/csc-sarl.ch\/wp-content\/uploads\/2018\/06\/logoacrobatptt.jpg","contentUrl":"https:\/\/csc-sarl.ch\/wp-content\/uploads\/2018\/06\/logoacrobatptt.jpg"},{"@type":"BreadcrumbList","@id":"https:\/\/conservation-science.ch\/?page_id=39762&lang=de#breadcrumb","itemListElement":[{"@type":"ListItem","position":1,"name":"Accueil","item":"https:\/\/conservation-science.ch\/"},{"@type":"ListItem","position":2,"name":"Aktivit\u00e4ten","item":"https:\/\/conservation-science.ch\/?page_id=39637&lang=de"},{"@type":"ListItem","position":3,"name":"Geologische F\u00fchrungen in St\u00e4dten"}]},{"@type":"WebSite","@id":"https:\/\/conservation-science.ch\/#website","url":"https:\/\/conservation-science.ch\/","name":"CSC - Conservation - Sciences","description":"Transmission de connaissances dans le domaine des sciences de la conservation du patrimoine b\u00e2ti","potentialAction":[{"@type":"SearchAction","target":{"@type":"EntryPoint","urlTemplate":"https:\/\/conservation-science.ch\/?s={search_term_string}"},"query-input":{"@type":"PropertyValueSpecification","valueRequired":true,"valueName":"search_term_string"}}],"inLanguage":"fr-FR"}]}},"_links":{"self":[{"href":"https:\/\/conservation-science.ch\/index.php?rest_route=\/wp\/v2\/pages\/39762","targetHints":{"allow":["GET"]}}],"collection":[{"href":"https:\/\/conservation-science.ch\/index.php?rest_route=\/wp\/v2\/pages"}],"about":[{"href":"https:\/\/conservation-science.ch\/index.php?rest_route=\/wp\/v2\/types\/page"}],"author":[{"embeddable":true,"href":"https:\/\/conservation-science.ch\/index.php?rest_route=\/wp\/v2\/users\/4"}],"replies":[{"embeddable":true,"href":"https:\/\/conservation-science.ch\/index.php?rest_route=%2Fwp%2Fv2%2Fcomments&post=39762"}],"version-history":[{"count":3,"href":"https:\/\/conservation-science.ch\/index.php?rest_route=\/wp\/v2\/pages\/39762\/revisions"}],"predecessor-version":[{"id":40501,"href":"https:\/\/conservation-science.ch\/index.php?rest_route=\/wp\/v2\/pages\/39762\/revisions\/40501"}],"up":[{"embeddable":true,"href":"https:\/\/conservation-science.ch\/index.php?rest_route=\/wp\/v2\/pages\/39637"}],"wp:attachment":[{"href":"https:\/\/conservation-science.ch\/index.php?rest_route=%2Fwp%2Fv2%2Fmedia&parent=39762"}],"curies":[{"name":"wp","href":"https:\/\/api.w.org\/{rel}","templated":true}]}}