{"id":39745,"date":"2024-09-05T10:24:57","date_gmt":"2024-09-05T08:24:57","guid":{"rendered":"https:\/\/conservation-science.ch\/?page_id=39745"},"modified":"2024-09-05T10:24:57","modified_gmt":"2024-09-05T08:24:57","slug":"infrarotspektroskopie-ftir","status":"publish","type":"page","link":"https:\/\/conservation-science.ch\/?page_id=39745&lang=de","title":{"rendered":"Infrarotspektroskopie (FTIR)"},"content":{"rendered":"<p><img loading=\"lazy\" decoding=\"async\" class=\"alignnone size-medium wp-image-39132\" src=\"https:\/\/conservation-science.ch\/wp-content\/uploads\/2018\/12\/IMG_9922-300x225.jpg\" alt=\"\" width=\"300\" height=\"225\" srcset=\"https:\/\/conservation-science.ch\/wp-content\/uploads\/2018\/12\/IMG_9922-300x225.jpg 300w, https:\/\/conservation-science.ch\/wp-content\/uploads\/2018\/12\/IMG_9922-768x576.jpg 768w, https:\/\/conservation-science.ch\/wp-content\/uploads\/2018\/12\/IMG_9922-1024x768.jpg 1024w, https:\/\/conservation-science.ch\/wp-content\/uploads\/2018\/12\/IMG_9922-1200x900.jpg 1200w\" sizes=\"auto, (max-width: 300px) 100vw, 300px\" \/><\/p>\n<p>Seit Ende 2010 besitzt unser Labor ein Fourier-Transform-Infrarotspektrometer (FTIR-Spektrometer) zur Analyse von chemischen Verbindungen. Unser Ger\u00e4t ist ein Bruker ALPHA-P mit Diamant ATR.<\/p>\n<p>Die FTIR-Spektrometrie basiert auf der Absorption von infraroter Strahlung durch die analysierten Materialien. Sie erm\u00f6glicht die Analyse der im Material vorhandenen chemischen Verbindungen, indem die f\u00fcr diese Verbindungen charakteristischen Schwingungen erfasst werden. So entspricht einem Material mit einer bestimmten chemischen Zusammensetzung und Struktur eine Serie von bei charakteristischen Wellenl\u00e4ngen auftretenden Absorptionsbanden, die sich in den Kurven (Infrarot-Spektren) als mehr oder weniger grosse Ausschl\u00e4gen (Peaks), zeigen. Die spezifische Zusammensetzung des zu untersuchenden Materials kann durch die vergleichende \u00dcberlagerung mit Referenzspektren von bekannten Verbindungen abgeleitet werden.<\/p>\n<h5>Anwendungsbeispiel:<\/h5>\n<p>In der folgenden Abbildung sind die Infrarotspektren zweier unbekannter Materialien von einer r\u00f6mischen Ruine dargestellt.<\/p>\n<p><a href=\"https:\/\/conservation-science.ch\/figure2_spectreagrandis-2\/\"><img loading=\"lazy\" decoding=\"async\" class=\"alignnone size-medium wp-image-39141\" src=\"https:\/\/conservation-science.ch\/wp-content\/uploads\/2018\/12\/Figure2_SpectreAgrandis-300x232.jpg\" alt=\"\" width=\"300\" height=\"232\" srcset=\"https:\/\/conservation-science.ch\/wp-content\/uploads\/2018\/12\/Figure2_SpectreAgrandis-300x232.jpg 300w, https:\/\/conservation-science.ch\/wp-content\/uploads\/2018\/12\/Figure2_SpectreAgrandis-768x593.jpg 768w, https:\/\/conservation-science.ch\/wp-content\/uploads\/2018\/12\/Figure2_SpectreAgrandis-1024x791.jpg 1024w, https:\/\/conservation-science.ch\/wp-content\/uploads\/2018\/12\/Figure2_SpectreAgrandis-1200x927.jpg 1200w, https:\/\/conservation-science.ch\/wp-content\/uploads\/2018\/12\/Figure2_SpectreAgrandis.jpg 1650w\" sizes=\"auto, (max-width: 300px) 100vw, 300px\" \/><\/a><br \/>\n<em>FTIR-Spektren zweier Materialien von einer r\u00f6mischen Ruine.<\/em><\/p>\n<p>Durch den schnellen Vergleich der Spektren konnte zun\u00e4chst festgestellt werden, dass die Materialien der beiden Proben weitgehend die gleiche chemische Zusammensetzung haben.<\/p>\n<p>Nach dem Hinweis des Kunden, dass sich auf der Ruine \u00fcber lange Zeit hinweg Vogelnester befunden hatten, verglichen wir die Spektren der Proben mit demjenigen von Hydroxylapatit, einem Calciumphosphat der Formel Ca5(PO4)3(OH) und wir konnten sofort die \u00c4hnlichkeit zwischen den drei Spektren feststellen (s. nachstehende Figur). Dieser Analyse entsprechen auch die optischen und chemischen Eigenschaften des Materials.<\/p>\n<p><a href=\"https:\/\/conservation-science.ch\/figure_3\/\"><img loading=\"lazy\" decoding=\"async\" class=\"alignnone size-medium wp-image-39143\" src=\"https:\/\/conservation-science.ch\/wp-content\/uploads\/2018\/12\/Figur3-300x221.jpg\" alt=\"\" width=\"300\" height=\"221\" srcset=\"https:\/\/conservation-science.ch\/wp-content\/uploads\/2018\/12\/Figur3-300x221.jpg 300w, https:\/\/conservation-science.ch\/wp-content\/uploads\/2018\/12\/Figur3-768x565.jpg 768w, https:\/\/conservation-science.ch\/wp-content\/uploads\/2018\/12\/Figur3.jpg 884w\" sizes=\"auto, (max-width: 300px) 100vw, 300px\" \/><\/a><em>Vergleich der Proben-Spektren mit dem Spektrum von Hydroxylapatit von <\/em><a href=\"http:\/\/rruff.info\/hydroxylapatit\/display=default\/R050512\"><em>http:\/\/rruff.info\/hydroxylapatit\/display=default\/R050512<\/em><\/a><\/p>\n<p>Damit konnten wir unseren Kunden dar\u00fcber informieren, dass das Material auf der Ruine Hydroxylapatit ist, der wahrscheinlich aus der Reaktion von phosphatreichem Vogelkot mit dem im kalkhaltigen Baumaterial entstanden ist.<\/p>\n<table>\n<tbody>\n<tr>\n<td style=\"width: 322.483px;\"><a href=\"https:\/\/conservation-science.ch\/?attachment_id=39134\"><img loading=\"lazy\" decoding=\"async\" class=\"alignnone size-medium wp-image-39134\" src=\"https:\/\/conservation-science.ch\/wp-content\/uploads\/2018\/12\/Oisesau_20101220004-277x300.jpg\" alt=\"\" width=\"277\" height=\"300\" srcset=\"https:\/\/conservation-science.ch\/wp-content\/uploads\/2018\/12\/Oisesau_20101220004-277x300.jpg 277w, https:\/\/conservation-science.ch\/wp-content\/uploads\/2018\/12\/Oisesau_20101220004-768x831.jpg 768w, https:\/\/conservation-science.ch\/wp-content\/uploads\/2018\/12\/Oisesau_20101220004-947x1024.jpg 947w, https:\/\/conservation-science.ch\/wp-content\/uploads\/2018\/12\/Oisesau_20101220004-1200x1298.jpg 1200w\" sizes=\"auto, (max-width: 277px) 100vw, 277px\" \/><\/a><\/td>\n<td style=\"width: 337.517px;\"><a href=\"https:\/\/conservation-science.ch\/?attachment_id=39133\"><img loading=\"lazy\" decoding=\"async\" class=\"alignnone size-medium wp-image-39133\" src=\"https:\/\/conservation-science.ch\/wp-content\/uploads\/2018\/12\/IMG_3296-300x225.jpg\" alt=\"\" width=\"300\" height=\"225\" srcset=\"https:\/\/conservation-science.ch\/wp-content\/uploads\/2018\/12\/IMG_3296-300x225.jpg 300w, https:\/\/conservation-science.ch\/wp-content\/uploads\/2018\/12\/IMG_3296-768x576.jpg 768w, https:\/\/conservation-science.ch\/wp-content\/uploads\/2018\/12\/IMG_3296-1024x768.jpg 1024w, https:\/\/conservation-science.ch\/wp-content\/uploads\/2018\/12\/IMG_3296-1200x900.jpg 1200w\" sizes=\"auto, (max-width: 300px) 100vw, 300px\" \/><\/a><\/td>\n<\/tr>\n<\/tbody>\n<\/table>\n<p><em>Vogelkot kann an Bauten Beschichtungen bilden die Anstrichresten sehr \u00e4hnlich sehen k\u00f6nnen.<\/em><\/p>\n","protected":false},"excerpt":{"rendered":"<p>Seit Ende 2010 besitzt unser Labor ein Fourier-Transform-Infrarotspektrometer (FTIR-Spektrometer) zur Analyse von chemischen Verbindungen. Unser Ger\u00e4t ist ein Bruker ALPHA-P mit Diamant ATR. Die FTIR-Spektrometrie basiert auf der Absorption von infraroter Strahlung durch die analysierten Materialien. Sie erm\u00f6glicht die Analyse der im Material vorhandenen chemischen Verbindungen, indem die f\u00fcr diese Verbindungen charakteristischen Schwingungen erfasst werden. &hellip; <a href=\"https:\/\/conservation-science.ch\/?page_id=39745&#038;lang=de\" class=\"more-link\">Continuer la lecture de <span class=\"screen-reader-text\">Infrarotspektroskopie (FTIR)<\/span><\/a><\/p>\n","protected":false},"author":4,"featured_media":0,"parent":39741,"menu_order":1,"comment_status":"closed","ping_status":"closed","template":"","meta":{"footnotes":""},"class_list":["post-39745","page","type-page","status-publish","hentry"],"yoast_head":"<!-- This site is optimized with the Yoast SEO plugin v27.2 - https:\/\/yoast.com\/product\/yoast-seo-wordpress\/ -->\n<title>Infrarotspektroskopie (FTIR) - Bl\u00e4uer - Conservation - Science<\/title>\n<meta name=\"robots\" content=\"index, follow, max-snippet:-1, max-image-preview:large, max-video-preview:-1\" \/>\n<link rel=\"canonical\" href=\"https:\/\/conservation-science.ch\/?page_id=39745&lang=de\" \/>\n<meta property=\"og:locale\" content=\"fr_FR\" \/>\n<meta property=\"og:type\" content=\"article\" \/>\n<meta property=\"og:title\" content=\"Infrarotspektroskopie (FTIR) - Bl\u00e4uer - Conservation - Science\" \/>\n<meta property=\"og:description\" content=\"Seit Ende 2010 besitzt unser Labor ein Fourier-Transform-Infrarotspektrometer (FTIR-Spektrometer) zur Analyse von chemischen Verbindungen. Unser Ger\u00e4t ist ein Bruker ALPHA-P mit Diamant ATR. Die FTIR-Spektrometrie basiert auf der Absorption von infraroter Strahlung durch die analysierten Materialien. Sie erm\u00f6glicht die Analyse der im Material vorhandenen chemischen Verbindungen, indem die f\u00fcr diese Verbindungen charakteristischen Schwingungen erfasst werden. &hellip; Continuer la lecture de Infrarotspektroskopie (FTIR)\" \/>\n<meta property=\"og:url\" content=\"https:\/\/conservation-science.ch\/?page_id=39745&amp;lang=de\" \/>\n<meta property=\"og:site_name\" content=\"Bl\u00e4uer - Conservation - Science\" \/>\n<meta property=\"og:image\" content=\"https:\/\/conservation-science.ch\/wp-content\/uploads\/2018\/12\/IMG_9922-300x225.jpg\" \/>\n<meta name=\"twitter:card\" content=\"summary_large_image\" \/>\n<meta name=\"twitter:label1\" content=\"Dur\u00e9e de lecture estim\u00e9e\" \/>\n\t<meta name=\"twitter:data1\" content=\"3 minutes\" \/>\n<script type=\"application\/ld+json\" class=\"yoast-schema-graph\">{\"@context\":\"https:\/\/schema.org\",\"@graph\":[{\"@type\":\"WebPage\",\"@id\":\"https:\/\/conservation-science.ch\/?page_id=39745&lang=de\",\"url\":\"https:\/\/conservation-science.ch\/?page_id=39745&lang=de\",\"name\":\"Infrarotspektroskopie (FTIR) - Bl\u00e4uer - Conservation - Science\",\"isPartOf\":{\"@id\":\"https:\/\/conservation-science.ch\/#website\"},\"primaryImageOfPage\":{\"@id\":\"https:\/\/conservation-science.ch\/?page_id=39745&lang=de#primaryimage\"},\"image\":{\"@id\":\"https:\/\/conservation-science.ch\/?page_id=39745&lang=de#primaryimage\"},\"thumbnailUrl\":\"https:\/\/conservation-science.ch\/wp-content\/uploads\/2018\/12\/IMG_9922-300x225.jpg\",\"datePublished\":\"2024-09-05T08:24:57+00:00\",\"breadcrumb\":{\"@id\":\"https:\/\/conservation-science.ch\/?page_id=39745&lang=de#breadcrumb\"},\"inLanguage\":\"fr-FR\",\"potentialAction\":[{\"@type\":\"ReadAction\",\"target\":[\"https:\/\/conservation-science.ch\/?page_id=39745&lang=de\"]}]},{\"@type\":\"ImageObject\",\"inLanguage\":\"fr-FR\",\"@id\":\"https:\/\/conservation-science.ch\/?page_id=39745&lang=de#primaryimage\",\"url\":\"https:\/\/conservation-science.ch\/wp-content\/uploads\/2018\/12\/IMG_9922.jpg\",\"contentUrl\":\"https:\/\/conservation-science.ch\/wp-content\/uploads\/2018\/12\/IMG_9922.jpg\",\"width\":3072,\"height\":2304},{\"@type\":\"BreadcrumbList\",\"@id\":\"https:\/\/conservation-science.ch\/?page_id=39745&lang=de#breadcrumb\",\"itemListElement\":[{\"@type\":\"ListItem\",\"position\":1,\"name\":\"Accueil\",\"item\":\"https:\/\/conservation-science.ch\/\"},{\"@type\":\"ListItem\",\"position\":2,\"name\":\"Aktivit\u00e4ten\",\"item\":\"https:\/\/conservation-science.ch\/?page_id=39637&lang=de\"},{\"@type\":\"ListItem\",\"position\":3,\"name\":\"Unsere Methoden\",\"item\":\"https:\/\/conservation-science.ch\/?page_id=39741&lang=de\"},{\"@type\":\"ListItem\",\"position\":4,\"name\":\"Infrarotspektroskopie (FTIR)\"}]},{\"@type\":\"WebSite\",\"@id\":\"https:\/\/conservation-science.ch\/#website\",\"url\":\"https:\/\/conservation-science.ch\/\",\"name\":\"CSC - Conservation - Sciences\",\"description\":\"Transmission de connaissances dans le domaine des sciences de la conservation du patrimoine b\u00e2ti\",\"potentialAction\":[{\"@type\":\"SearchAction\",\"target\":{\"@type\":\"EntryPoint\",\"urlTemplate\":\"https:\/\/conservation-science.ch\/?s={search_term_string}\"},\"query-input\":{\"@type\":\"PropertyValueSpecification\",\"valueRequired\":true,\"valueName\":\"search_term_string\"}}],\"inLanguage\":\"fr-FR\"}]}<\/script>\n<!-- \/ Yoast SEO plugin. -->","yoast_head_json":{"title":"Infrarotspektroskopie (FTIR) - Bl\u00e4uer - Conservation - Science","robots":{"index":"index","follow":"follow","max-snippet":"max-snippet:-1","max-image-preview":"max-image-preview:large","max-video-preview":"max-video-preview:-1"},"canonical":"https:\/\/conservation-science.ch\/?page_id=39745&lang=de","og_locale":"fr_FR","og_type":"article","og_title":"Infrarotspektroskopie (FTIR) - Bl\u00e4uer - Conservation - Science","og_description":"Seit Ende 2010 besitzt unser Labor ein Fourier-Transform-Infrarotspektrometer (FTIR-Spektrometer) zur Analyse von chemischen Verbindungen. Unser Ger\u00e4t ist ein Bruker ALPHA-P mit Diamant ATR. Die FTIR-Spektrometrie basiert auf der Absorption von infraroter Strahlung durch die analysierten Materialien. Sie erm\u00f6glicht die Analyse der im Material vorhandenen chemischen Verbindungen, indem die f\u00fcr diese Verbindungen charakteristischen Schwingungen erfasst werden. &hellip; Continuer la lecture de Infrarotspektroskopie (FTIR)","og_url":"https:\/\/conservation-science.ch\/?page_id=39745&lang=de","og_site_name":"Bl\u00e4uer - Conservation - Science","og_image":[{"url":"https:\/\/conservation-science.ch\/wp-content\/uploads\/2018\/12\/IMG_9922-300x225.jpg","type":"","width":"","height":""}],"twitter_card":"summary_large_image","twitter_misc":{"Dur\u00e9e de lecture estim\u00e9e":"3 minutes"},"schema":{"@context":"https:\/\/schema.org","@graph":[{"@type":"WebPage","@id":"https:\/\/conservation-science.ch\/?page_id=39745&lang=de","url":"https:\/\/conservation-science.ch\/?page_id=39745&lang=de","name":"Infrarotspektroskopie (FTIR) - Bl\u00e4uer - Conservation - Science","isPartOf":{"@id":"https:\/\/conservation-science.ch\/#website"},"primaryImageOfPage":{"@id":"https:\/\/conservation-science.ch\/?page_id=39745&lang=de#primaryimage"},"image":{"@id":"https:\/\/conservation-science.ch\/?page_id=39745&lang=de#primaryimage"},"thumbnailUrl":"https:\/\/conservation-science.ch\/wp-content\/uploads\/2018\/12\/IMG_9922-300x225.jpg","datePublished":"2024-09-05T08:24:57+00:00","breadcrumb":{"@id":"https:\/\/conservation-science.ch\/?page_id=39745&lang=de#breadcrumb"},"inLanguage":"fr-FR","potentialAction":[{"@type":"ReadAction","target":["https:\/\/conservation-science.ch\/?page_id=39745&lang=de"]}]},{"@type":"ImageObject","inLanguage":"fr-FR","@id":"https:\/\/conservation-science.ch\/?page_id=39745&lang=de#primaryimage","url":"https:\/\/conservation-science.ch\/wp-content\/uploads\/2018\/12\/IMG_9922.jpg","contentUrl":"https:\/\/conservation-science.ch\/wp-content\/uploads\/2018\/12\/IMG_9922.jpg","width":3072,"height":2304},{"@type":"BreadcrumbList","@id":"https:\/\/conservation-science.ch\/?page_id=39745&lang=de#breadcrumb","itemListElement":[{"@type":"ListItem","position":1,"name":"Accueil","item":"https:\/\/conservation-science.ch\/"},{"@type":"ListItem","position":2,"name":"Aktivit\u00e4ten","item":"https:\/\/conservation-science.ch\/?page_id=39637&lang=de"},{"@type":"ListItem","position":3,"name":"Unsere Methoden","item":"https:\/\/conservation-science.ch\/?page_id=39741&lang=de"},{"@type":"ListItem","position":4,"name":"Infrarotspektroskopie (FTIR)"}]},{"@type":"WebSite","@id":"https:\/\/conservation-science.ch\/#website","url":"https:\/\/conservation-science.ch\/","name":"CSC - Conservation - Sciences","description":"Transmission de connaissances dans le domaine des sciences de la conservation du patrimoine b\u00e2ti","potentialAction":[{"@type":"SearchAction","target":{"@type":"EntryPoint","urlTemplate":"https:\/\/conservation-science.ch\/?s={search_term_string}"},"query-input":{"@type":"PropertyValueSpecification","valueRequired":true,"valueName":"search_term_string"}}],"inLanguage":"fr-FR"}]}},"_links":{"self":[{"href":"https:\/\/conservation-science.ch\/index.php?rest_route=\/wp\/v2\/pages\/39745","targetHints":{"allow":["GET"]}}],"collection":[{"href":"https:\/\/conservation-science.ch\/index.php?rest_route=\/wp\/v2\/pages"}],"about":[{"href":"https:\/\/conservation-science.ch\/index.php?rest_route=\/wp\/v2\/types\/page"}],"author":[{"embeddable":true,"href":"https:\/\/conservation-science.ch\/index.php?rest_route=\/wp\/v2\/users\/4"}],"replies":[{"embeddable":true,"href":"https:\/\/conservation-science.ch\/index.php?rest_route=%2Fwp%2Fv2%2Fcomments&post=39745"}],"version-history":[{"count":1,"href":"https:\/\/conservation-science.ch\/index.php?rest_route=\/wp\/v2\/pages\/39745\/revisions"}],"predecessor-version":[{"id":39747,"href":"https:\/\/conservation-science.ch\/index.php?rest_route=\/wp\/v2\/pages\/39745\/revisions\/39747"}],"up":[{"embeddable":true,"href":"https:\/\/conservation-science.ch\/index.php?rest_route=\/wp\/v2\/pages\/39741"}],"wp:attachment":[{"href":"https:\/\/conservation-science.ch\/index.php?rest_route=%2Fwp%2Fv2%2Fmedia&parent=39745"}],"curies":[{"name":"wp","href":"https:\/\/api.w.org\/{rel}","templated":true}]}}