{"id":39733,"date":"2024-09-05T10:19:24","date_gmt":"2024-09-05T08:19:24","guid":{"rendered":"https:\/\/conservation-science.ch\/?page_id=39733"},"modified":"2024-09-05T10:19:24","modified_gmt":"2024-09-05T08:19:24","slug":"petrophysics-of-building-materials","status":"publish","type":"page","link":"https:\/\/conservation-science.ch\/?page_id=39733&lang=en","title":{"rendered":"Petrophysics of Building Materials"},"content":{"rendered":"<p style=\"text-align: justify;\"><strong>Petrophysics of Building Materials<\/strong><\/p>\n<p>Teaching staff: Dr. Bl\u00e4uer Christine, Dr. Rousset B\u00e9n\u00e9dicte<br \/>\nCourse in archeometry: 26-27 April 2007.<br \/>\nAudience: Advanced students and other interested public<br \/>\nLangage: English\/French<\/p>\n<p style=\"text-align: justify;\"><strong>Petrophysics of building materials &#8211; Abstract<\/strong><br \/>\nPetrophysical properties of porous building materials govern their possibilities to exchange liquid water and water vapour with their environment. Therefore, besides decisive exposure conditions, petrophysical properties play a key role for the durability of the building materials and for the weathering pattern these materials develop.<\/p>\n<p>The properties controlling water and vapour transport within porous building materials, do in the same way control absorption and de-sorption of fluids within such pore systems. Hence they are key factors in influencing the effectiveness of treatment products applied to building materials and of treatment methods used on them.<\/p>\n<p>During this course we suggest, after some theoretical revisions, to become aware of the implications and applications of petrophysics in the field of the conservation of porous building materials by means of indoor practical work combined with in situ observation of specific cases within the city of Fribourg.<\/p>\n","protected":false},"excerpt":{"rendered":"<p>Petrophysics of Building Materials Teaching staff: Dr. Bl\u00e4uer Christine, Dr. Rousset B\u00e9n\u00e9dicte Course in archeometry: 26-27 April 2007. Audience: Advanced students and other interested public Langage: English\/French Petrophysics of building materials &#8211; Abstract Petrophysical properties of porous building materials govern their possibilities to exchange liquid water and water vapour with their environment. Therefore, besides decisive &hellip; <a href=\"https:\/\/conservation-science.ch\/?page_id=39733&#038;lang=en\" class=\"more-link\">Continuer la lecture de <span class=\"screen-reader-text\">Petrophysics of Building Materials<\/span><\/a><\/p>\n","protected":false},"author":4,"featured_media":0,"parent":39681,"menu_order":3,"comment_status":"closed","ping_status":"closed","template":"","meta":{"footnotes":""},"class_list":["post-39733","page","type-page","status-publish","hentry"],"yoast_head":"<!-- This site is optimized with the Yoast SEO plugin v27.2 - https:\/\/yoast.com\/product\/yoast-seo-wordpress\/ -->\n<title>Petrophysics of Building Materials - Bl\u00e4uer - Conservation - Science<\/title>\n<meta name=\"robots\" content=\"index, follow, max-snippet:-1, max-image-preview:large, max-video-preview:-1\" \/>\n<link rel=\"canonical\" href=\"https:\/\/conservation-science.ch\/?page_id=39733&lang=en\" \/>\n<meta property=\"og:locale\" content=\"fr_FR\" \/>\n<meta property=\"og:type\" content=\"article\" \/>\n<meta property=\"og:title\" content=\"Petrophysics of Building Materials - Bl\u00e4uer - Conservation - Science\" \/>\n<meta property=\"og:description\" content=\"Petrophysics of Building Materials Teaching staff: Dr. Bl\u00e4uer Christine, Dr. Rousset B\u00e9n\u00e9dicte Course in archeometry: 26-27 April 2007. Audience: Advanced students and other interested public Langage: English\/French Petrophysics of building materials &#8211; Abstract Petrophysical properties of porous building materials govern their possibilities to exchange liquid water and water vapour with their environment. Therefore, besides decisive &hellip; Continuer la lecture de Petrophysics of Building Materials\" \/>\n<meta property=\"og:url\" content=\"https:\/\/conservation-science.ch\/?page_id=39733&amp;lang=en\" \/>\n<meta property=\"og:site_name\" content=\"Bl\u00e4uer - Conservation - Science\" \/>\n<meta name=\"twitter:card\" content=\"summary_large_image\" \/>\n<meta name=\"twitter:label1\" content=\"Dur\u00e9e de lecture estim\u00e9e\" \/>\n\t<meta name=\"twitter:data1\" content=\"1 minute\" \/>\n<script type=\"application\/ld+json\" class=\"yoast-schema-graph\">{\"@context\":\"https:\/\/schema.org\",\"@graph\":[{\"@type\":\"WebPage\",\"@id\":\"https:\/\/conservation-science.ch\/?page_id=39733&lang=en\",\"url\":\"https:\/\/conservation-science.ch\/?page_id=39733&lang=en\",\"name\":\"Petrophysics of Building Materials - Bl\u00e4uer - Conservation - Science\",\"isPartOf\":{\"@id\":\"https:\/\/conservation-science.ch\/#website\"},\"datePublished\":\"2024-09-05T08:19:24+00:00\",\"breadcrumb\":{\"@id\":\"https:\/\/conservation-science.ch\/?page_id=39733&lang=en#breadcrumb\"},\"inLanguage\":\"fr-FR\",\"potentialAction\":[{\"@type\":\"ReadAction\",\"target\":[\"https:\/\/conservation-science.ch\/?page_id=39733&lang=en\"]}]},{\"@type\":\"BreadcrumbList\",\"@id\":\"https:\/\/conservation-science.ch\/?page_id=39733&lang=en#breadcrumb\",\"itemListElement\":[{\"@type\":\"ListItem\",\"position\":1,\"name\":\"Accueil\",\"item\":\"https:\/\/conservation-science.ch\/\"},{\"@type\":\"ListItem\",\"position\":2,\"name\":\"Activity\",\"item\":\"https:\/\/conservation-science.ch\/?page_id=39638&lang=en\"},{\"@type\":\"ListItem\",\"position\":3,\"name\":\"Teaching &#038; training\",\"item\":\"https:\/\/conservation-science.ch\/?page_id=39681&lang=en\"},{\"@type\":\"ListItem\",\"position\":4,\"name\":\"Petrophysics of Building Materials\"}]},{\"@type\":\"WebSite\",\"@id\":\"https:\/\/conservation-science.ch\/#website\",\"url\":\"https:\/\/conservation-science.ch\/\",\"name\":\"CSC - Conservation - Sciences\",\"description\":\"Transmission de connaissances dans le domaine des sciences de la conservation du patrimoine b\u00e2ti\",\"potentialAction\":[{\"@type\":\"SearchAction\",\"target\":{\"@type\":\"EntryPoint\",\"urlTemplate\":\"https:\/\/conservation-science.ch\/?s={search_term_string}\"},\"query-input\":{\"@type\":\"PropertyValueSpecification\",\"valueRequired\":true,\"valueName\":\"search_term_string\"}}],\"inLanguage\":\"fr-FR\"}]}<\/script>\n<!-- \/ Yoast SEO plugin. -->","yoast_head_json":{"title":"Petrophysics of Building Materials - Bl\u00e4uer - Conservation - Science","robots":{"index":"index","follow":"follow","max-snippet":"max-snippet:-1","max-image-preview":"max-image-preview:large","max-video-preview":"max-video-preview:-1"},"canonical":"https:\/\/conservation-science.ch\/?page_id=39733&lang=en","og_locale":"fr_FR","og_type":"article","og_title":"Petrophysics of Building Materials - Bl\u00e4uer - Conservation - Science","og_description":"Petrophysics of Building Materials Teaching staff: Dr. Bl\u00e4uer Christine, Dr. Rousset B\u00e9n\u00e9dicte Course in archeometry: 26-27 April 2007. Audience: Advanced students and other interested public Langage: English\/French Petrophysics of building materials &#8211; Abstract Petrophysical properties of porous building materials govern their possibilities to exchange liquid water and water vapour with their environment. Therefore, besides decisive &hellip; Continuer la lecture de Petrophysics of Building Materials","og_url":"https:\/\/conservation-science.ch\/?page_id=39733&lang=en","og_site_name":"Bl\u00e4uer - Conservation - Science","twitter_card":"summary_large_image","twitter_misc":{"Dur\u00e9e de lecture estim\u00e9e":"1 minute"},"schema":{"@context":"https:\/\/schema.org","@graph":[{"@type":"WebPage","@id":"https:\/\/conservation-science.ch\/?page_id=39733&lang=en","url":"https:\/\/conservation-science.ch\/?page_id=39733&lang=en","name":"Petrophysics of Building Materials - Bl\u00e4uer - Conservation - Science","isPartOf":{"@id":"https:\/\/conservation-science.ch\/#website"},"datePublished":"2024-09-05T08:19:24+00:00","breadcrumb":{"@id":"https:\/\/conservation-science.ch\/?page_id=39733&lang=en#breadcrumb"},"inLanguage":"fr-FR","potentialAction":[{"@type":"ReadAction","target":["https:\/\/conservation-science.ch\/?page_id=39733&lang=en"]}]},{"@type":"BreadcrumbList","@id":"https:\/\/conservation-science.ch\/?page_id=39733&lang=en#breadcrumb","itemListElement":[{"@type":"ListItem","position":1,"name":"Accueil","item":"https:\/\/conservation-science.ch\/"},{"@type":"ListItem","position":2,"name":"Activity","item":"https:\/\/conservation-science.ch\/?page_id=39638&lang=en"},{"@type":"ListItem","position":3,"name":"Teaching &#038; training","item":"https:\/\/conservation-science.ch\/?page_id=39681&lang=en"},{"@type":"ListItem","position":4,"name":"Petrophysics of Building Materials"}]},{"@type":"WebSite","@id":"https:\/\/conservation-science.ch\/#website","url":"https:\/\/conservation-science.ch\/","name":"CSC - Conservation - Sciences","description":"Transmission de connaissances dans le domaine des sciences de la conservation du patrimoine b\u00e2ti","potentialAction":[{"@type":"SearchAction","target":{"@type":"EntryPoint","urlTemplate":"https:\/\/conservation-science.ch\/?s={search_term_string}"},"query-input":{"@type":"PropertyValueSpecification","valueRequired":true,"valueName":"search_term_string"}}],"inLanguage":"fr-FR"}]}},"_links":{"self":[{"href":"https:\/\/conservation-science.ch\/index.php?rest_route=\/wp\/v2\/pages\/39733","targetHints":{"allow":["GET"]}}],"collection":[{"href":"https:\/\/conservation-science.ch\/index.php?rest_route=\/wp\/v2\/pages"}],"about":[{"href":"https:\/\/conservation-science.ch\/index.php?rest_route=\/wp\/v2\/types\/page"}],"author":[{"embeddable":true,"href":"https:\/\/conservation-science.ch\/index.php?rest_route=\/wp\/v2\/users\/4"}],"replies":[{"embeddable":true,"href":"https:\/\/conservation-science.ch\/index.php?rest_route=%2Fwp%2Fv2%2Fcomments&post=39733"}],"version-history":[{"count":1,"href":"https:\/\/conservation-science.ch\/index.php?rest_route=\/wp\/v2\/pages\/39733\/revisions"}],"predecessor-version":[{"id":39735,"href":"https:\/\/conservation-science.ch\/index.php?rest_route=\/wp\/v2\/pages\/39733\/revisions\/39735"}],"up":[{"embeddable":true,"href":"https:\/\/conservation-science.ch\/index.php?rest_route=\/wp\/v2\/pages\/39681"}],"wp:attachment":[{"href":"https:\/\/conservation-science.ch\/index.php?rest_route=%2Fwp%2Fv2%2Fmedia&parent=39733"}],"curies":[{"name":"wp","href":"https:\/\/api.w.org\/{rel}","templated":true}]}}