{"id":39667,"date":"2024-09-05T09:50:16","date_gmt":"2024-09-05T07:50:16","guid":{"rendered":"https:\/\/conservation-science.ch\/?page_id=39667"},"modified":"2024-09-05T09:50:16","modified_gmt":"2024-09-05T07:50:16","slug":"impact-assessment","status":"publish","type":"page","link":"https:\/\/conservation-science.ch\/?page_id=39667&lang=en","title":{"rendered":"Impact assessment"},"content":{"rendered":"<p style=\"text-align: justify;\"><strong>Impact assessment of planned measures<\/strong>: Based on observation, condition assessment, measurements and our experience we can help you assess the general impact of planned conservation measures. This may or may not be part of an overall risk assessment and will enable adapted intervention at the places it is really needed.<\/p>\n","protected":false},"excerpt":{"rendered":"<p>Impact assessment of planned measures: Based on observation, condition assessment, measurements and our experience we can help you assess the general impact of planned conservation measures. This may or may not be part of an overall risk assessment and will enable adapted intervention at the places it is really needed.<\/p>\n","protected":false},"author":4,"featured_media":0,"parent":39642,"menu_order":7,"comment_status":"closed","ping_status":"closed","template":"","meta":{"footnotes":""},"class_list":["post-39667","page","type-page","status-publish","hentry"],"yoast_head":"<!-- This site is optimized with the Yoast SEO plugin v27.2 - https:\/\/yoast.com\/product\/yoast-seo-wordpress\/ -->\n<title>Impact assessment - Bl\u00e4uer - Conservation - Science<\/title>\n<meta name=\"robots\" content=\"index, follow, max-snippet:-1, max-image-preview:large, max-video-preview:-1\" \/>\n<link rel=\"canonical\" href=\"https:\/\/conservation-science.ch\/?page_id=39667&lang=en\" \/>\n<meta property=\"og:locale\" content=\"fr_FR\" \/>\n<meta property=\"og:type\" content=\"article\" \/>\n<meta property=\"og:title\" content=\"Impact assessment - Bl\u00e4uer - Conservation - Science\" \/>\n<meta property=\"og:description\" content=\"Impact assessment of planned measures: Based on observation, condition assessment, measurements and our experience we can help you assess the general impact of planned conservation measures. This may or may not be part of an overall risk assessment and will enable adapted intervention at the places it is really needed.\" \/>\n<meta property=\"og:url\" content=\"https:\/\/conservation-science.ch\/?page_id=39667&amp;lang=en\" \/>\n<meta property=\"og:site_name\" content=\"Bl\u00e4uer - Conservation - Science\" \/>\n<meta name=\"twitter:card\" content=\"summary_large_image\" \/>\n<meta name=\"twitter:label1\" content=\"Dur\u00e9e de lecture estim\u00e9e\" \/>\n\t<meta name=\"twitter:data1\" content=\"1 minute\" \/>\n<script type=\"application\/ld+json\" class=\"yoast-schema-graph\">{\"@context\":\"https:\/\/schema.org\",\"@graph\":[{\"@type\":\"WebPage\",\"@id\":\"https:\/\/conservation-science.ch\/?page_id=39667&lang=en\",\"url\":\"https:\/\/conservation-science.ch\/?page_id=39667&lang=en\",\"name\":\"Impact assessment - Bl\u00e4uer - Conservation - Science\",\"isPartOf\":{\"@id\":\"https:\/\/conservation-science.ch\/#website\"},\"datePublished\":\"2024-09-05T07:50:16+00:00\",\"breadcrumb\":{\"@id\":\"https:\/\/conservation-science.ch\/?page_id=39667&lang=en#breadcrumb\"},\"inLanguage\":\"fr-FR\",\"potentialAction\":[{\"@type\":\"ReadAction\",\"target\":[\"https:\/\/conservation-science.ch\/?page_id=39667&lang=en\"]}]},{\"@type\":\"BreadcrumbList\",\"@id\":\"https:\/\/conservation-science.ch\/?page_id=39667&lang=en#breadcrumb\",\"itemListElement\":[{\"@type\":\"ListItem\",\"position\":1,\"name\":\"Accueil\",\"item\":\"https:\/\/conservation-science.ch\/\"},{\"@type\":\"ListItem\",\"position\":2,\"name\":\"Activity\",\"item\":\"https:\/\/conservation-science.ch\/?page_id=39638&lang=en\"},{\"@type\":\"ListItem\",\"position\":3,\"name\":\"Expert report &#038; advice\",\"item\":\"https:\/\/conservation-science.ch\/?page_id=39642&lang=en\"},{\"@type\":\"ListItem\",\"position\":4,\"name\":\"Impact assessment\"}]},{\"@type\":\"WebSite\",\"@id\":\"https:\/\/conservation-science.ch\/#website\",\"url\":\"https:\/\/conservation-science.ch\/\",\"name\":\"CSC - Conservation - Sciences\",\"description\":\"Transmission de connaissances dans le domaine des sciences de la conservation du patrimoine b\u00e2ti\",\"potentialAction\":[{\"@type\":\"SearchAction\",\"target\":{\"@type\":\"EntryPoint\",\"urlTemplate\":\"https:\/\/conservation-science.ch\/?s={search_term_string}\"},\"query-input\":{\"@type\":\"PropertyValueSpecification\",\"valueRequired\":true,\"valueName\":\"search_term_string\"}}],\"inLanguage\":\"fr-FR\"}]}<\/script>\n<!-- \/ Yoast SEO plugin. -->","yoast_head_json":{"title":"Impact assessment - Bl\u00e4uer - Conservation - Science","robots":{"index":"index","follow":"follow","max-snippet":"max-snippet:-1","max-image-preview":"max-image-preview:large","max-video-preview":"max-video-preview:-1"},"canonical":"https:\/\/conservation-science.ch\/?page_id=39667&lang=en","og_locale":"fr_FR","og_type":"article","og_title":"Impact assessment - Bl\u00e4uer - Conservation - Science","og_description":"Impact assessment of planned measures: Based on observation, condition assessment, measurements and our experience we can help you assess the general impact of planned conservation measures. This may or may not be part of an overall risk assessment and will enable adapted intervention at the places it is really needed.","og_url":"https:\/\/conservation-science.ch\/?page_id=39667&lang=en","og_site_name":"Bl\u00e4uer - Conservation - Science","twitter_card":"summary_large_image","twitter_misc":{"Dur\u00e9e de lecture estim\u00e9e":"1 minute"},"schema":{"@context":"https:\/\/schema.org","@graph":[{"@type":"WebPage","@id":"https:\/\/conservation-science.ch\/?page_id=39667&lang=en","url":"https:\/\/conservation-science.ch\/?page_id=39667&lang=en","name":"Impact assessment - Bl\u00e4uer - Conservation - Science","isPartOf":{"@id":"https:\/\/conservation-science.ch\/#website"},"datePublished":"2024-09-05T07:50:16+00:00","breadcrumb":{"@id":"https:\/\/conservation-science.ch\/?page_id=39667&lang=en#breadcrumb"},"inLanguage":"fr-FR","potentialAction":[{"@type":"ReadAction","target":["https:\/\/conservation-science.ch\/?page_id=39667&lang=en"]}]},{"@type":"BreadcrumbList","@id":"https:\/\/conservation-science.ch\/?page_id=39667&lang=en#breadcrumb","itemListElement":[{"@type":"ListItem","position":1,"name":"Accueil","item":"https:\/\/conservation-science.ch\/"},{"@type":"ListItem","position":2,"name":"Activity","item":"https:\/\/conservation-science.ch\/?page_id=39638&lang=en"},{"@type":"ListItem","position":3,"name":"Expert report &#038; advice","item":"https:\/\/conservation-science.ch\/?page_id=39642&lang=en"},{"@type":"ListItem","position":4,"name":"Impact assessment"}]},{"@type":"WebSite","@id":"https:\/\/conservation-science.ch\/#website","url":"https:\/\/conservation-science.ch\/","name":"CSC - Conservation - Sciences","description":"Transmission de connaissances dans le domaine des sciences de la conservation du patrimoine b\u00e2ti","potentialAction":[{"@type":"SearchAction","target":{"@type":"EntryPoint","urlTemplate":"https:\/\/conservation-science.ch\/?s={search_term_string}"},"query-input":{"@type":"PropertyValueSpecification","valueRequired":true,"valueName":"search_term_string"}}],"inLanguage":"fr-FR"}]}},"_links":{"self":[{"href":"https:\/\/conservation-science.ch\/index.php?rest_route=\/wp\/v2\/pages\/39667","targetHints":{"allow":["GET"]}}],"collection":[{"href":"https:\/\/conservation-science.ch\/index.php?rest_route=\/wp\/v2\/pages"}],"about":[{"href":"https:\/\/conservation-science.ch\/index.php?rest_route=\/wp\/v2\/types\/page"}],"author":[{"embeddable":true,"href":"https:\/\/conservation-science.ch\/index.php?rest_route=\/wp\/v2\/users\/4"}],"replies":[{"embeddable":true,"href":"https:\/\/conservation-science.ch\/index.php?rest_route=%2Fwp%2Fv2%2Fcomments&post=39667"}],"version-history":[{"count":1,"href":"https:\/\/conservation-science.ch\/index.php?rest_route=\/wp\/v2\/pages\/39667\/revisions"}],"predecessor-version":[{"id":39669,"href":"https:\/\/conservation-science.ch\/index.php?rest_route=\/wp\/v2\/pages\/39667\/revisions\/39669"}],"up":[{"embeddable":true,"href":"https:\/\/conservation-science.ch\/index.php?rest_route=\/wp\/v2\/pages\/39642"}],"wp:attachment":[{"href":"https:\/\/conservation-science.ch\/index.php?rest_route=%2Fwp%2Fv2%2Fmedia&parent=39667"}],"curies":[{"name":"wp","href":"https:\/\/api.w.org\/{rel}","templated":true}]}}