{"id":39641,"date":"2024-09-05T09:24:45","date_gmt":"2024-09-05T07:24:45","guid":{"rendered":"https:\/\/conservation-science.ch\/?page_id=39641"},"modified":"2024-11-16T20:04:38","modified_gmt":"2024-11-16T19:04:38","slug":"gutachten-und-beratung","status":"publish","type":"page","link":"https:\/\/conservation-science.ch\/?page_id=39641&lang=de","title":{"rendered":"Gutachten und Beratung"},"content":{"rendered":"<p>Unser Beratungsangebot zur Unterst\u00fctzung Ihrer Konservierungs- und Restaurierungsarbeiten umfasst die folgenden Dienstleistungen:<\/p>\n<p>&nbsp;<\/p>\n<p>&#8211; <a href=\"\/de\/aktivitaten\/gutachten-und-beratung\/beratungen\/\">Beratungen<\/a><\/p>\n<p>&#8211; <a href=\"\/de\/aktivitaten\/gutachten-und-beratung\/zustandsanalysen-der-materialien\/\">Zustandsanalysen der Materialien<\/a><\/p>\n<p>&#8211; <a href=\"\/de\/aktivitaten\/gutachten-und-beratung\/kartierung\/\">Kartierung<\/a><\/p>\n<p>&#8211; <a href=\"\/de\/aktivitaten\/gutachten-und-beratung\/messungen\/\">Messungen in situ und im Labor<\/a><\/p>\n<p>&#8211; <a href=\"\/de\/aktivitaeten\/gutachten-und-beratung\/materialanalyse\/\">Analyse der Materialien<\/a><\/p>\n<p>&#8211; <a href=\"\/de\/aktivitaeten\/gutachten-und-beratung\/einschaetzung-der-auswirkungen\/\">Einsch\u00e4tzung der Auswirkungen von Massnahmen<\/a><\/p>\n<p>&#8211; <a href=\"\/de\/aktivitaeten\/gutachten-und-beratung\/abklaerung-der-bestaendigkeit\/\">Abkl\u00e4rung der Best\u00e4ndigkeit von Materialien und Massnahmen<\/a><\/p>\n<p>&#8211; <a href=\"\/de\/aktivitaeten\/gutachten-und-beratung\/pflegeplaene\/\">Pflegepl\u00e4ne<\/a><\/p>\n","protected":false},"excerpt":{"rendered":"<p>Unser Beratungsangebot zur Unterst\u00fctzung Ihrer Konservierungs- und Restaurierungsarbeiten umfasst die folgenden Dienstleistungen: &nbsp; &#8211; Beratungen &#8211; Zustandsanalysen der Materialien &#8211; Kartierung &#8211; Messungen in situ und im Labor &#8211; Analyse der Materialien &#8211; Einsch\u00e4tzung der Auswirkungen von Massnahmen &#8211; Abkl\u00e4rung der Best\u00e4ndigkeit von Materialien und Massnahmen &#8211; Pflegepl\u00e4ne<\/p>\n","protected":false},"author":4,"featured_media":0,"parent":39637,"menu_order":0,"comment_status":"closed","ping_status":"closed","template":"","meta":{"footnotes":""},"class_list":["post-39641","page","type-page","status-publish","hentry"],"yoast_head":"<!-- This site is optimized with the Yoast SEO plugin v27.2 - https:\/\/yoast.com\/product\/yoast-seo-wordpress\/ -->\n<title>Gutachten und Beratung - Bl\u00e4uer - Conservation - Science<\/title>\n<meta name=\"robots\" content=\"index, follow, max-snippet:-1, max-image-preview:large, max-video-preview:-1\" \/>\n<link rel=\"canonical\" href=\"https:\/\/conservation-science.ch\/?page_id=39641&lang=de\" \/>\n<meta property=\"og:locale\" content=\"fr_FR\" \/>\n<meta property=\"og:type\" content=\"article\" \/>\n<meta property=\"og:title\" content=\"Gutachten und Beratung - Bl\u00e4uer - Conservation - Science\" \/>\n<meta property=\"og:description\" content=\"Unser Beratungsangebot zur Unterst\u00fctzung Ihrer Konservierungs- und Restaurierungsarbeiten umfasst die folgenden Dienstleistungen: &nbsp; &#8211; Beratungen &#8211; Zustandsanalysen der Materialien &#8211; Kartierung &#8211; Messungen in situ und im Labor &#8211; Analyse der Materialien &#8211; Einsch\u00e4tzung der Auswirkungen von Massnahmen &#8211; Abkl\u00e4rung der Best\u00e4ndigkeit von Materialien und Massnahmen &#8211; Pflegepl\u00e4ne\" \/>\n<meta property=\"og:url\" content=\"https:\/\/conservation-science.ch\/?page_id=39641&amp;lang=de\" \/>\n<meta property=\"og:site_name\" content=\"Bl\u00e4uer - Conservation - Science\" \/>\n<meta property=\"article:modified_time\" content=\"2024-11-16T19:04:38+00:00\" \/>\n<meta name=\"twitter:card\" content=\"summary_large_image\" \/>\n<meta name=\"twitter:label1\" content=\"Dur\u00e9e de lecture estim\u00e9e\" \/>\n\t<meta name=\"twitter:data1\" content=\"1 minute\" \/>\n<script type=\"application\/ld+json\" class=\"yoast-schema-graph\">{\"@context\":\"https:\/\/schema.org\",\"@graph\":[{\"@type\":\"WebPage\",\"@id\":\"https:\/\/conservation-science.ch\/?page_id=39641&lang=de\",\"url\":\"https:\/\/conservation-science.ch\/?page_id=39641&lang=de\",\"name\":\"Gutachten und Beratung - Bl\u00e4uer - Conservation - Science\",\"isPartOf\":{\"@id\":\"https:\/\/conservation-science.ch\/#website\"},\"datePublished\":\"2024-09-05T07:24:45+00:00\",\"dateModified\":\"2024-11-16T19:04:38+00:00\",\"breadcrumb\":{\"@id\":\"https:\/\/conservation-science.ch\/?page_id=39641&lang=de#breadcrumb\"},\"inLanguage\":\"fr-FR\",\"potentialAction\":[{\"@type\":\"ReadAction\",\"target\":[\"https:\/\/conservation-science.ch\/?page_id=39641&lang=de\"]}]},{\"@type\":\"BreadcrumbList\",\"@id\":\"https:\/\/conservation-science.ch\/?page_id=39641&lang=de#breadcrumb\",\"itemListElement\":[{\"@type\":\"ListItem\",\"position\":1,\"name\":\"Accueil\",\"item\":\"https:\/\/conservation-science.ch\/\"},{\"@type\":\"ListItem\",\"position\":2,\"name\":\"Aktivit\u00e4ten\",\"item\":\"https:\/\/conservation-science.ch\/?page_id=39637&lang=de\"},{\"@type\":\"ListItem\",\"position\":3,\"name\":\"Gutachten und Beratung\"}]},{\"@type\":\"WebSite\",\"@id\":\"https:\/\/conservation-science.ch\/#website\",\"url\":\"https:\/\/conservation-science.ch\/\",\"name\":\"CSC - Conservation - Sciences\",\"description\":\"Transmission de connaissances dans le domaine des sciences de la conservation du patrimoine b\u00e2ti\",\"potentialAction\":[{\"@type\":\"SearchAction\",\"target\":{\"@type\":\"EntryPoint\",\"urlTemplate\":\"https:\/\/conservation-science.ch\/?s={search_term_string}\"},\"query-input\":{\"@type\":\"PropertyValueSpecification\",\"valueRequired\":true,\"valueName\":\"search_term_string\"}}],\"inLanguage\":\"fr-FR\"}]}<\/script>\n<!-- \/ Yoast SEO plugin. -->","yoast_head_json":{"title":"Gutachten und Beratung - Bl\u00e4uer - Conservation - Science","robots":{"index":"index","follow":"follow","max-snippet":"max-snippet:-1","max-image-preview":"max-image-preview:large","max-video-preview":"max-video-preview:-1"},"canonical":"https:\/\/conservation-science.ch\/?page_id=39641&lang=de","og_locale":"fr_FR","og_type":"article","og_title":"Gutachten und Beratung - Bl\u00e4uer - Conservation - Science","og_description":"Unser Beratungsangebot zur Unterst\u00fctzung Ihrer Konservierungs- und Restaurierungsarbeiten umfasst die folgenden Dienstleistungen: &nbsp; &#8211; Beratungen &#8211; Zustandsanalysen der Materialien &#8211; Kartierung &#8211; Messungen in situ und im Labor &#8211; Analyse der Materialien &#8211; Einsch\u00e4tzung der Auswirkungen von Massnahmen &#8211; Abkl\u00e4rung der Best\u00e4ndigkeit von Materialien und Massnahmen &#8211; Pflegepl\u00e4ne","og_url":"https:\/\/conservation-science.ch\/?page_id=39641&lang=de","og_site_name":"Bl\u00e4uer - Conservation - Science","article_modified_time":"2024-11-16T19:04:38+00:00","twitter_card":"summary_large_image","twitter_misc":{"Dur\u00e9e de lecture estim\u00e9e":"1 minute"},"schema":{"@context":"https:\/\/schema.org","@graph":[{"@type":"WebPage","@id":"https:\/\/conservation-science.ch\/?page_id=39641&lang=de","url":"https:\/\/conservation-science.ch\/?page_id=39641&lang=de","name":"Gutachten und Beratung - Bl\u00e4uer - Conservation - Science","isPartOf":{"@id":"https:\/\/conservation-science.ch\/#website"},"datePublished":"2024-09-05T07:24:45+00:00","dateModified":"2024-11-16T19:04:38+00:00","breadcrumb":{"@id":"https:\/\/conservation-science.ch\/?page_id=39641&lang=de#breadcrumb"},"inLanguage":"fr-FR","potentialAction":[{"@type":"ReadAction","target":["https:\/\/conservation-science.ch\/?page_id=39641&lang=de"]}]},{"@type":"BreadcrumbList","@id":"https:\/\/conservation-science.ch\/?page_id=39641&lang=de#breadcrumb","itemListElement":[{"@type":"ListItem","position":1,"name":"Accueil","item":"https:\/\/conservation-science.ch\/"},{"@type":"ListItem","position":2,"name":"Aktivit\u00e4ten","item":"https:\/\/conservation-science.ch\/?page_id=39637&lang=de"},{"@type":"ListItem","position":3,"name":"Gutachten und Beratung"}]},{"@type":"WebSite","@id":"https:\/\/conservation-science.ch\/#website","url":"https:\/\/conservation-science.ch\/","name":"CSC - Conservation - Sciences","description":"Transmission de connaissances dans le domaine des sciences de la conservation du patrimoine b\u00e2ti","potentialAction":[{"@type":"SearchAction","target":{"@type":"EntryPoint","urlTemplate":"https:\/\/conservation-science.ch\/?s={search_term_string}"},"query-input":{"@type":"PropertyValueSpecification","valueRequired":true,"valueName":"search_term_string"}}],"inLanguage":"fr-FR"}]}},"_links":{"self":[{"href":"https:\/\/conservation-science.ch\/index.php?rest_route=\/wp\/v2\/pages\/39641","targetHints":{"allow":["GET"]}}],"collection":[{"href":"https:\/\/conservation-science.ch\/index.php?rest_route=\/wp\/v2\/pages"}],"about":[{"href":"https:\/\/conservation-science.ch\/index.php?rest_route=\/wp\/v2\/types\/page"}],"author":[{"embeddable":true,"href":"https:\/\/conservation-science.ch\/index.php?rest_route=\/wp\/v2\/users\/4"}],"replies":[{"embeddable":true,"href":"https:\/\/conservation-science.ch\/index.php?rest_route=%2Fwp%2Fv2%2Fcomments&post=39641"}],"version-history":[{"count":4,"href":"https:\/\/conservation-science.ch\/index.php?rest_route=\/wp\/v2\/pages\/39641\/revisions"}],"predecessor-version":[{"id":40429,"href":"https:\/\/conservation-science.ch\/index.php?rest_route=\/wp\/v2\/pages\/39641\/revisions\/40429"}],"up":[{"embeddable":true,"href":"https:\/\/conservation-science.ch\/index.php?rest_route=\/wp\/v2\/pages\/39637"}],"wp:attachment":[{"href":"https:\/\/conservation-science.ch\/index.php?rest_route=%2Fwp%2Fv2%2Fmedia&parent=39641"}],"curies":[{"name":"wp","href":"https:\/\/api.w.org\/{rel}","templated":true}]}}