{"id":39580,"date":"2024-06-07T10:25:17","date_gmt":"2024-06-07T08:25:17","guid":{"rendered":"https:\/\/conservation-science.ch\/?page_id=39580"},"modified":"2024-11-16T19:44:13","modified_gmt":"2024-11-16T18:44:13","slug":"ueber-uns","status":"publish","type":"page","link":"https:\/\/conservation-science.ch\/?page_id=39580&lang=de","title":{"rendered":"\u00dcber uns"},"content":{"rendered":"<p>&nbsp;<\/p>\n<table style=\"border-collapse: collapse; width: 100%;\" border=\"1\">\n<tbody>\n<tr style=\"height: 402px;\">\n<td style=\"width: 32.0998%; vertical-align: top; height: 382px;\"><img loading=\"lazy\" decoding=\"async\" class=\"alignnone size-full wp-image-28899\" src=\"https:\/\/csc-sarl.ch\/wp-content\/uploads\/2018\/06\/nous_sommes_xb.jpg\" alt=\"\" width=\"160\" height=\"156\" \/><\/td>\n<td style=\"width: 68.6398%; vertical-align: top; height: 382px;\">Dr. <a href=\"mailto:blaeuer@conservation-science.ch\">Christine Bl\u00e4uer<\/a>, Mineralogin<br \/>\n&#8211; Konservierungsnaturwissenschaftlerin seit 1988; seit Mitte 2020 pensioniert<br \/>\n&#8211; Mitglied der <a href=\"https:\/\/www.bak.admin.ch\/bak\/de\/home\/kulturerbe\/heimatschutz-und-denkmalpflege\/expertise\/eidgenoessische-kommission-fuer-denkmalpflege--ekd-.html\" target=\"_blank\" rel=\"noopener noreferrer\">Eidgen\u00f6ssischen Kommission f\u00fcr Denkmalpflege<\/a> von 1997 bis 2008;<br \/>\n&#8211; IIC Fellow;<br \/>\n&#8211; stimmendes Mitglied des Komitees\u00a0<a href=\"http:\/\/iscs.icomos.org\/\" target=\"_blank\" rel=\"noopener noreferrer\">ICOMOS-ISCS<\/a>;<br \/>\n&#8211; Aktives Mitglied der technischen Komitees <a href=\"https:\/\/www.rilem.net\/\">RILEM<\/a>\u00a0<a href=\"https:\/\/www.rilem.net\/groupe\/271-asc-accelerated-laboratory-test-for-the-assessment-of-the-durability-of-materials-with-respect-to-salt-crystallization-355\" target=\"_blank\" rel=\"noopener noreferrer\">ASC<\/a>\u00a0und\u00a0<a href=\"https:\/\/www.rilem.net\/groupe\/243-sgm-specifications-for-non-structural-grouting-of-historic-masonries-and-architectural-surfaces-256\" target=\"_blank\" rel=\"noopener noreferrer\">SGM<\/a>;<br \/>\n&#8211; External Examiner f\u00fcr die Periode 2016\/17 bis 2018\/19 f\u00fcr den Studiengang Master in the Conservation of Wall Paintings, Courtauld Institut of Art (London).<br \/>\nHier finden Sie Christines Beitr\u00e4ge auf\u00a0<a href=\"https:\/\/www.researchgate.net\/profile\/Christine_Blaeuer\" target=\"_blank\" rel=\"noopener noreferrer\">researchgate<\/a><\/td>\n<\/tr>\n<tr style=\"height: 162px;\">\n<td style=\"width: 32.0998%; vertical-align: top; height: 162px;\"><img loading=\"lazy\" decoding=\"async\" class=\"alignnone size-full wp-image-28900\" src=\"https:\/\/csc-sarl.ch\/wp-content\/uploads\/2018\/06\/nous_sommes_br.jpg\" alt=\"\" width=\"160\" height=\"156\" \/><\/td>\n<td style=\"width: 68.6398%; vertical-align: top; height: 162px;\">Dr.\u00a0<a href=\"mailto:benedicte.rousset@bernermuensterstiftung.ch\">B\u00e9n\u00e9dicte Rousset<\/a>, Petrophysikerin<br \/>\n&#8211; Konservierungsnaturwissenschaftlerin seit 2001; seit 2020 bei der <a href=\"http:\/\/www.bernermuensterstiftung.ch\/aktuell\/aktuell.php\">Berner M\u00fcnsterstiftung <\/a><br \/>\n&#8211; Externe Lehrbeauftragte an der EPFL von 2005 bis 2018;<a href=\"https:\/\/www.researchgate.net\/profile\/Benedicte_Rousset\/contributions\" target=\"_self\" rel=\"noopener noreferrer\"><br \/>\n<\/a>&#8211; Expert Member des\u00a0<a href=\"http:\/\/iscs.icomos.org\/\" target=\"_blank\" rel=\"noopener noreferrer\">ICOMOS-ISCS<\/a><br \/>\nHier finden Sie B\u00e9n\u00e9dictes Beitr\u00e4ge auf\u00a0<a href=\"https:\/\/www.researchgate.net\/profile\/Benedicte_Rousset\" target=\"_blank\" rel=\"noopener noreferrer\">researchgate<\/a><\/td>\n<\/tr>\n<\/tbody>\n<\/table>\n","protected":false},"excerpt":{"rendered":"<p>&nbsp; Dr. Christine Bl\u00e4uer, Mineralogin &#8211; Konservierungsnaturwissenschaftlerin seit 1988; seit Mitte 2020 pensioniert &#8211; Mitglied der Eidgen\u00f6ssischen Kommission f\u00fcr Denkmalpflege von 1997 bis 2008; &#8211; IIC Fellow; &#8211; stimmendes Mitglied des Komitees\u00a0ICOMOS-ISCS; &#8211; Aktives Mitglied der technischen Komitees RILEM\u00a0ASC\u00a0und\u00a0SGM; &#8211; External Examiner f\u00fcr die Periode 2016\/17 bis 2018\/19 f\u00fcr den Studiengang Master in the Conservation &hellip; <a href=\"https:\/\/conservation-science.ch\/?page_id=39580&#038;lang=de\" class=\"more-link\">Continuer la lecture de <span class=\"screen-reader-text\">\u00dcber uns<\/span><\/a><\/p>\n","protected":false},"author":4,"featured_media":0,"parent":0,"menu_order":2,"comment_status":"closed","ping_status":"closed","template":"","meta":{"footnotes":""},"class_list":["post-39580","page","type-page","status-publish","hentry"],"yoast_head":"<!-- This site is optimized with the Yoast SEO plugin v27.2 - https:\/\/yoast.com\/product\/yoast-seo-wordpress\/ -->\n<title>\u00dcber uns - Bl\u00e4uer - Conservation - Science<\/title>\n<meta name=\"robots\" content=\"index, follow, max-snippet:-1, max-image-preview:large, max-video-preview:-1\" \/>\n<link rel=\"canonical\" href=\"https:\/\/conservation-science.ch\/?page_id=39580&lang=de\" \/>\n<meta property=\"og:locale\" content=\"fr_FR\" \/>\n<meta property=\"og:type\" content=\"article\" \/>\n<meta property=\"og:title\" content=\"\u00dcber uns - Bl\u00e4uer - Conservation - Science\" \/>\n<meta property=\"og:description\" content=\"&nbsp; Dr. Christine Bl\u00e4uer, Mineralogin &#8211; Konservierungsnaturwissenschaftlerin seit 1988; seit Mitte 2020 pensioniert &#8211; Mitglied der Eidgen\u00f6ssischen Kommission f\u00fcr Denkmalpflege von 1997 bis 2008; &#8211; IIC Fellow; &#8211; stimmendes Mitglied des Komitees\u00a0ICOMOS-ISCS; &#8211; Aktives Mitglied der technischen Komitees RILEM\u00a0ASC\u00a0und\u00a0SGM; &#8211; External Examiner f\u00fcr die Periode 2016\/17 bis 2018\/19 f\u00fcr den Studiengang Master in the Conservation &hellip; Continuer la lecture de \u00dcber uns\" \/>\n<meta property=\"og:url\" content=\"https:\/\/conservation-science.ch\/?page_id=39580&amp;lang=de\" \/>\n<meta property=\"og:site_name\" content=\"Bl\u00e4uer - Conservation - Science\" \/>\n<meta property=\"article:modified_time\" content=\"2024-11-16T18:44:13+00:00\" \/>\n<meta property=\"og:image\" content=\"https:\/\/csc-sarl.ch\/wp-content\/uploads\/2018\/06\/nous_sommes_xb.jpg\" \/>\n<meta name=\"twitter:card\" content=\"summary_large_image\" \/>\n<meta name=\"twitter:label1\" content=\"Dur\u00e9e de lecture estim\u00e9e\" \/>\n\t<meta name=\"twitter:data1\" content=\"1 minute\" \/>\n<script type=\"application\/ld+json\" class=\"yoast-schema-graph\">{\"@context\":\"https:\/\/schema.org\",\"@graph\":[{\"@type\":\"WebPage\",\"@id\":\"https:\/\/conservation-science.ch\/?page_id=39580&lang=de\",\"url\":\"https:\/\/conservation-science.ch\/?page_id=39580&lang=de\",\"name\":\"\u00dcber uns - Bl\u00e4uer - Conservation - Science\",\"isPartOf\":{\"@id\":\"https:\/\/conservation-science.ch\/#website\"},\"primaryImageOfPage\":{\"@id\":\"https:\/\/conservation-science.ch\/?page_id=39580&lang=de#primaryimage\"},\"image\":{\"@id\":\"https:\/\/conservation-science.ch\/?page_id=39580&lang=de#primaryimage\"},\"thumbnailUrl\":\"https:\/\/csc-sarl.ch\/wp-content\/uploads\/2018\/06\/nous_sommes_xb.jpg\",\"datePublished\":\"2024-06-07T08:25:17+00:00\",\"dateModified\":\"2024-11-16T18:44:13+00:00\",\"breadcrumb\":{\"@id\":\"https:\/\/conservation-science.ch\/?page_id=39580&lang=de#breadcrumb\"},\"inLanguage\":\"fr-FR\",\"potentialAction\":[{\"@type\":\"ReadAction\",\"target\":[\"https:\/\/conservation-science.ch\/?page_id=39580&lang=de\"]}]},{\"@type\":\"ImageObject\",\"inLanguage\":\"fr-FR\",\"@id\":\"https:\/\/conservation-science.ch\/?page_id=39580&lang=de#primaryimage\",\"url\":\"https:\/\/csc-sarl.ch\/wp-content\/uploads\/2018\/06\/nous_sommes_xb.jpg\",\"contentUrl\":\"https:\/\/csc-sarl.ch\/wp-content\/uploads\/2018\/06\/nous_sommes_xb.jpg\"},{\"@type\":\"BreadcrumbList\",\"@id\":\"https:\/\/conservation-science.ch\/?page_id=39580&lang=de#breadcrumb\",\"itemListElement\":[{\"@type\":\"ListItem\",\"position\":1,\"name\":\"Accueil\",\"item\":\"https:\/\/conservation-science.ch\/\"},{\"@type\":\"ListItem\",\"position\":2,\"name\":\"\u00dcber uns\"}]},{\"@type\":\"WebSite\",\"@id\":\"https:\/\/conservation-science.ch\/#website\",\"url\":\"https:\/\/conservation-science.ch\/\",\"name\":\"CSC - Conservation - Sciences\",\"description\":\"Transmission de connaissances dans le domaine des sciences de la conservation du patrimoine b\u00e2ti\",\"potentialAction\":[{\"@type\":\"SearchAction\",\"target\":{\"@type\":\"EntryPoint\",\"urlTemplate\":\"https:\/\/conservation-science.ch\/?s={search_term_string}\"},\"query-input\":{\"@type\":\"PropertyValueSpecification\",\"valueRequired\":true,\"valueName\":\"search_term_string\"}}],\"inLanguage\":\"fr-FR\"}]}<\/script>\n<!-- \/ Yoast SEO plugin. -->","yoast_head_json":{"title":"\u00dcber uns - Bl\u00e4uer - Conservation - Science","robots":{"index":"index","follow":"follow","max-snippet":"max-snippet:-1","max-image-preview":"max-image-preview:large","max-video-preview":"max-video-preview:-1"},"canonical":"https:\/\/conservation-science.ch\/?page_id=39580&lang=de","og_locale":"fr_FR","og_type":"article","og_title":"\u00dcber uns - Bl\u00e4uer - Conservation - Science","og_description":"&nbsp; Dr. Christine Bl\u00e4uer, Mineralogin &#8211; Konservierungsnaturwissenschaftlerin seit 1988; seit Mitte 2020 pensioniert &#8211; Mitglied der Eidgen\u00f6ssischen Kommission f\u00fcr Denkmalpflege von 1997 bis 2008; &#8211; IIC Fellow; &#8211; stimmendes Mitglied des Komitees\u00a0ICOMOS-ISCS; &#8211; Aktives Mitglied der technischen Komitees RILEM\u00a0ASC\u00a0und\u00a0SGM; &#8211; External Examiner f\u00fcr die Periode 2016\/17 bis 2018\/19 f\u00fcr den Studiengang Master in the Conservation &hellip; Continuer la lecture de \u00dcber uns","og_url":"https:\/\/conservation-science.ch\/?page_id=39580&lang=de","og_site_name":"Bl\u00e4uer - Conservation - Science","article_modified_time":"2024-11-16T18:44:13+00:00","og_image":[{"url":"https:\/\/csc-sarl.ch\/wp-content\/uploads\/2018\/06\/nous_sommes_xb.jpg","type":"","width":"","height":""}],"twitter_card":"summary_large_image","twitter_misc":{"Dur\u00e9e de lecture estim\u00e9e":"1 minute"},"schema":{"@context":"https:\/\/schema.org","@graph":[{"@type":"WebPage","@id":"https:\/\/conservation-science.ch\/?page_id=39580&lang=de","url":"https:\/\/conservation-science.ch\/?page_id=39580&lang=de","name":"\u00dcber uns - Bl\u00e4uer - Conservation - Science","isPartOf":{"@id":"https:\/\/conservation-science.ch\/#website"},"primaryImageOfPage":{"@id":"https:\/\/conservation-science.ch\/?page_id=39580&lang=de#primaryimage"},"image":{"@id":"https:\/\/conservation-science.ch\/?page_id=39580&lang=de#primaryimage"},"thumbnailUrl":"https:\/\/csc-sarl.ch\/wp-content\/uploads\/2018\/06\/nous_sommes_xb.jpg","datePublished":"2024-06-07T08:25:17+00:00","dateModified":"2024-11-16T18:44:13+00:00","breadcrumb":{"@id":"https:\/\/conservation-science.ch\/?page_id=39580&lang=de#breadcrumb"},"inLanguage":"fr-FR","potentialAction":[{"@type":"ReadAction","target":["https:\/\/conservation-science.ch\/?page_id=39580&lang=de"]}]},{"@type":"ImageObject","inLanguage":"fr-FR","@id":"https:\/\/conservation-science.ch\/?page_id=39580&lang=de#primaryimage","url":"https:\/\/csc-sarl.ch\/wp-content\/uploads\/2018\/06\/nous_sommes_xb.jpg","contentUrl":"https:\/\/csc-sarl.ch\/wp-content\/uploads\/2018\/06\/nous_sommes_xb.jpg"},{"@type":"BreadcrumbList","@id":"https:\/\/conservation-science.ch\/?page_id=39580&lang=de#breadcrumb","itemListElement":[{"@type":"ListItem","position":1,"name":"Accueil","item":"https:\/\/conservation-science.ch\/"},{"@type":"ListItem","position":2,"name":"\u00dcber uns"}]},{"@type":"WebSite","@id":"https:\/\/conservation-science.ch\/#website","url":"https:\/\/conservation-science.ch\/","name":"CSC - Conservation - Sciences","description":"Transmission de connaissances dans le domaine des sciences de la conservation du patrimoine b\u00e2ti","potentialAction":[{"@type":"SearchAction","target":{"@type":"EntryPoint","urlTemplate":"https:\/\/conservation-science.ch\/?s={search_term_string}"},"query-input":{"@type":"PropertyValueSpecification","valueRequired":true,"valueName":"search_term_string"}}],"inLanguage":"fr-FR"}]}},"_links":{"self":[{"href":"https:\/\/conservation-science.ch\/index.php?rest_route=\/wp\/v2\/pages\/39580","targetHints":{"allow":["GET"]}}],"collection":[{"href":"https:\/\/conservation-science.ch\/index.php?rest_route=\/wp\/v2\/pages"}],"about":[{"href":"https:\/\/conservation-science.ch\/index.php?rest_route=\/wp\/v2\/types\/page"}],"author":[{"embeddable":true,"href":"https:\/\/conservation-science.ch\/index.php?rest_route=\/wp\/v2\/users\/4"}],"replies":[{"embeddable":true,"href":"https:\/\/conservation-science.ch\/index.php?rest_route=%2Fwp%2Fv2%2Fcomments&post=39580"}],"version-history":[{"count":2,"href":"https:\/\/conservation-science.ch\/index.php?rest_route=\/wp\/v2\/pages\/39580\/revisions"}],"predecessor-version":[{"id":40413,"href":"https:\/\/conservation-science.ch\/index.php?rest_route=\/wp\/v2\/pages\/39580\/revisions\/40413"}],"wp:attachment":[{"href":"https:\/\/conservation-science.ch\/index.php?rest_route=%2Fwp%2Fv2%2Fmedia&parent=39580"}],"curies":[{"name":"wp","href":"https:\/\/api.w.org\/{rel}","templated":true}]}}