{"id":37099,"date":"2018-06-28T00:27:27","date_gmt":"2018-06-27T22:27:27","guid":{"rendered":"https:\/\/csc-sarl.ch\/?page_id=37099"},"modified":"2024-11-16T16:30:24","modified_gmt":"2024-11-16T15:30:24","slug":"norvege","status":"publish","type":"page","link":"https:\/\/conservation-science.ch\/?page_id=37099","title":{"rendered":"NO &#8211; Norv\u00e8ge"},"content":{"rendered":"<p><strong>Projets r\u00e9alis\u00e9s en Norv\u00e8ge <\/strong><strong>(cliquez sur l&rsquo;image pour ouvrir le r\u00e9sum\u00e9) <\/strong><strong>:<\/strong><\/p>\n<p>&nbsp;<\/p>\n<table border=\"2\" width=\"580\" cellpadding=\"2\">\n<tbody>\n<tr>\n<td style=\"vertical-align: top;\"><span style=\"font-size: 10pt;\"><strong>R\u00e9sum\u00e9<\/strong><\/span><\/td>\n<td style=\"vertical-align: top;\"><span style=\"font-size: 10pt;\"><strong>Lieu\/date<br \/>\n<\/strong><\/span><\/td>\n<td style=\"vertical-align: top;\"><span style=\"font-size: 10pt;\"><strong>Objet<br \/>\n<\/strong><\/span><\/td>\n<td style=\"vertical-align: top;\"><span style=\"font-size: 10pt;\"><strong>Th\u00e8me<br \/>\n<\/strong><\/span><\/td>\n<\/tr>\n<tr>\n<td style=\"vertical-align: top;\"><span style=\"font-size: 10pt;\"><a href=\"https:\/\/csc-sarl.ch\/wp-content\/uploads\/2018\/06\/a_0135_01.pdf\" target=\"_self\" rel=\"noopener\"><img decoding=\"async\" class=\"rex_image\" src=\"https:\/\/csc-sarl.ch\/wp-content\/uploads\/2018\/06\/no_013501_large60px.jpg\" alt=\"[Keine\u00a0Beschreibung\u00a0eingegeben]\" ismap=\"ismap\" \/><\/a><\/span><\/td>\n<td style=\"vertical-align: top;\"><span style=\"font-size: 10pt;\">Trondheim<\/span><br \/>\n<span style=\"font-size: 10pt;\">19.2.10<\/span><br \/>\n<span style=\"font-size: 10pt;\">135.01<\/span><\/td>\n<td style=\"vertical-align: top;\"><span style=\"font-size: 10pt;\">Palais de l&rsquo;archev\u00eaque, salle \u00ab\u00a0Regalia\u00a0\u00bb<\/span><\/td>\n<td style=\"vertical-align: top;\"><span style=\"font-size: 10pt;\">Suivi du climat int\u00e9rieur et recommandations<\/span><\/td>\n<\/tr>\n<tr>\n<td style=\"vertical-align: top;\"><span style=\"font-size: 10pt;\"><a href=\"https:\/\/csc-sarl.ch\/wp-content\/uploads\/2018\/06\/a_0135_02.pdf\" target=\"_self\" rel=\"noopener\"><img decoding=\"async\" class=\"rex_image\" src=\"https:\/\/csc-sarl.ch\/wp-content\/uploads\/2018\/06\/no_013502_large60px.jpg\" alt=\"[Keine\u00a0Beschreibung\u00a0eingegeben]\" ismap=\"ismap\" \/><\/a><\/span><\/td>\n<td style=\"vertical-align: top;\"><span style=\"font-size: 10pt;\">Trondheim<\/span><br \/>\n<span style=\"font-size: 10pt;\">19.2.10<\/span><br \/>\n<span style=\"font-size: 10pt;\">135.02<\/span><\/td>\n<td style=\"vertical-align: top;\"><span style=\"font-size: 10pt;\">Palais de l&rsquo;archev\u00eaque, mus\u00e9e, atelier de fabrication de la monnaie<\/span><\/td>\n<td style=\"vertical-align: top;\"><span style=\"font-size: 10pt;\">\u00c9valuation des risques et recommandations<\/span><\/td>\n<\/tr>\n<tr>\n<td style=\"vertical-align: top;\"><span style=\"font-size: 10pt;\"><a href=\"https:\/\/csc-sarl.ch\/wp-content\/uploads\/2018\/06\/a_0185_04.pdf\" target=\"_self\" rel=\"noopener\"><img decoding=\"async\" class=\"rex_image\" src=\"https:\/\/csc-sarl.ch\/wp-content\/uploads\/2018\/06\/no_018504_large60px.jpg\" alt=\"[Keine\u00a0Beschreibung\u00a0eingegeben]\" ismap=\"ismap\" \/><\/a><\/span><\/td>\n<td style=\"vertical-align: top;\"><span style=\"font-size: 10pt;\">Reinskloster<\/span><br \/>\n<span style=\"font-size: 10pt;\">8.7.13<\/span><br \/>\n<span style=\"font-size: 10pt;\">185.04<\/span><\/td>\n<td style=\"vertical-align: top;\"><\/td>\n<td style=\"vertical-align: top;\"><span style=\"font-size: 10pt;\">Analyse de mat\u00e9riau<\/span><\/td>\n<\/tr>\n<\/tbody>\n<\/table>\n<p>&nbsp;<\/p>\n","protected":false},"excerpt":{"rendered":"<p>Projets r\u00e9alis\u00e9s en Norv\u00e8ge (cliquez sur l&rsquo;image pour ouvrir le r\u00e9sum\u00e9) : &nbsp; R\u00e9sum\u00e9 Lieu\/date Objet Th\u00e8me Trondheim 19.2.10 135.01 Palais de l&rsquo;archev\u00eaque, salle \u00ab\u00a0Regalia\u00a0\u00bb Suivi du climat int\u00e9rieur et recommandations Trondheim 19.2.10 135.02 Palais de l&rsquo;archev\u00eaque, mus\u00e9e, atelier de fabrication de la monnaie \u00c9valuation des risques et recommandations Reinskloster 8.7.13 185.04 Analyse de mat\u00e9riau &hellip; <a href=\"https:\/\/conservation-science.ch\/?page_id=37099\" class=\"more-link\">Continuer la lecture de <span class=\"screen-reader-text\">NO &#8211; Norv\u00e8ge<\/span><\/a><\/p>\n","protected":false},"author":1,"featured_media":0,"parent":28915,"menu_order":5,"comment_status":"closed","ping_status":"closed","template":"","meta":{"footnotes":""},"class_list":["post-37099","page","type-page","status-publish","hentry"],"yoast_head":"<!-- This site is optimized with the Yoast SEO plugin v27.2 - https:\/\/yoast.com\/product\/yoast-seo-wordpress\/ -->\n<title>NO - Norv\u00e8ge - Bl\u00e4uer - Conservation - Science<\/title>\n<meta name=\"robots\" content=\"index, follow, max-snippet:-1, max-image-preview:large, max-video-preview:-1\" \/>\n<link rel=\"canonical\" href=\"https:\/\/conservation-science.ch\/?page_id=37099\" \/>\n<meta property=\"og:locale\" content=\"fr_FR\" \/>\n<meta property=\"og:type\" content=\"article\" \/>\n<meta property=\"og:title\" content=\"NO - Norv\u00e8ge - Bl\u00e4uer - Conservation - Science\" \/>\n<meta property=\"og:description\" content=\"Projets r\u00e9alis\u00e9s en Norv\u00e8ge (cliquez sur l&rsquo;image pour ouvrir le r\u00e9sum\u00e9) : &nbsp; R\u00e9sum\u00e9 Lieu\/date Objet Th\u00e8me Trondheim 19.2.10 135.01 Palais de l&rsquo;archev\u00eaque, salle \u00ab\u00a0Regalia\u00a0\u00bb Suivi du climat int\u00e9rieur et recommandations Trondheim 19.2.10 135.02 Palais de l&rsquo;archev\u00eaque, mus\u00e9e, atelier de fabrication de la monnaie \u00c9valuation des risques et recommandations Reinskloster 8.7.13 185.04 Analyse de mat\u00e9riau &hellip; Continuer la lecture de NO &#8211; Norv\u00e8ge\" \/>\n<meta property=\"og:url\" content=\"https:\/\/conservation-science.ch\/?page_id=37099\" \/>\n<meta property=\"og:site_name\" content=\"Bl\u00e4uer - Conservation - Science\" \/>\n<meta property=\"article:modified_time\" content=\"2024-11-16T15:30:24+00:00\" \/>\n<meta property=\"og:image\" content=\"https:\/\/csc-sarl.ch\/wp-content\/uploads\/2018\/06\/no_013501_large60px.jpg\" \/>\n<meta name=\"twitter:card\" content=\"summary_large_image\" \/>\n<script type=\"application\/ld+json\" class=\"yoast-schema-graph\">{\"@context\":\"https:\/\/schema.org\",\"@graph\":[{\"@type\":\"WebPage\",\"@id\":\"https:\/\/conservation-science.ch\/?page_id=37099\",\"url\":\"https:\/\/conservation-science.ch\/?page_id=37099\",\"name\":\"NO - Norv\u00e8ge - Bl\u00e4uer - Conservation - Science\",\"isPartOf\":{\"@id\":\"https:\/\/conservation-science.ch\/#website\"},\"primaryImageOfPage\":{\"@id\":\"https:\/\/conservation-science.ch\/?page_id=37099#primaryimage\"},\"image\":{\"@id\":\"https:\/\/conservation-science.ch\/?page_id=37099#primaryimage\"},\"thumbnailUrl\":\"https:\/\/csc-sarl.ch\/wp-content\/uploads\/2018\/06\/no_013501_large60px.jpg\",\"datePublished\":\"2018-06-27T22:27:27+00:00\",\"dateModified\":\"2024-11-16T15:30:24+00:00\",\"breadcrumb\":{\"@id\":\"https:\/\/conservation-science.ch\/?page_id=37099#breadcrumb\"},\"inLanguage\":\"fr-FR\",\"potentialAction\":[{\"@type\":\"ReadAction\",\"target\":[\"https:\/\/conservation-science.ch\/?page_id=37099\"]}]},{\"@type\":\"ImageObject\",\"inLanguage\":\"fr-FR\",\"@id\":\"https:\/\/conservation-science.ch\/?page_id=37099#primaryimage\",\"url\":\"https:\/\/csc-sarl.ch\/wp-content\/uploads\/2018\/06\/no_013501_large60px.jpg\",\"contentUrl\":\"https:\/\/csc-sarl.ch\/wp-content\/uploads\/2018\/06\/no_013501_large60px.jpg\"},{\"@type\":\"BreadcrumbList\",\"@id\":\"https:\/\/conservation-science.ch\/?page_id=37099#breadcrumb\",\"itemListElement\":[{\"@type\":\"ListItem\",\"position\":1,\"name\":\"Accueil\",\"item\":\"https:\/\/conservation-science.ch\/\"},{\"@type\":\"ListItem\",\"position\":2,\"name\":\"Accueil\",\"item\":\"https:\/\/conservation-science.ch\/\"},{\"@type\":\"ListItem\",\"position\":3,\"name\":\"Etudes \/ Expertises\",\"item\":\"https:\/\/conservation-science.ch\/?page_id=28915\"},{\"@type\":\"ListItem\",\"position\":4,\"name\":\"NO &#8211; Norv\u00e8ge\"}]},{\"@type\":\"WebSite\",\"@id\":\"https:\/\/conservation-science.ch\/#website\",\"url\":\"https:\/\/conservation-science.ch\/\",\"name\":\"CSC - Conservation - Sciences\",\"description\":\"Transmission de connaissances dans le domaine des sciences de la conservation du patrimoine b\u00e2ti\",\"potentialAction\":[{\"@type\":\"SearchAction\",\"target\":{\"@type\":\"EntryPoint\",\"urlTemplate\":\"https:\/\/conservation-science.ch\/?s={search_term_string}\"},\"query-input\":{\"@type\":\"PropertyValueSpecification\",\"valueRequired\":true,\"valueName\":\"search_term_string\"}}],\"inLanguage\":\"fr-FR\"}]}<\/script>\n<!-- \/ Yoast SEO plugin. -->","yoast_head_json":{"title":"NO - Norv\u00e8ge - Bl\u00e4uer - Conservation - Science","robots":{"index":"index","follow":"follow","max-snippet":"max-snippet:-1","max-image-preview":"max-image-preview:large","max-video-preview":"max-video-preview:-1"},"canonical":"https:\/\/conservation-science.ch\/?page_id=37099","og_locale":"fr_FR","og_type":"article","og_title":"NO - Norv\u00e8ge - Bl\u00e4uer - Conservation - Science","og_description":"Projets r\u00e9alis\u00e9s en Norv\u00e8ge (cliquez sur l&rsquo;image pour ouvrir le r\u00e9sum\u00e9) : &nbsp; R\u00e9sum\u00e9 Lieu\/date Objet Th\u00e8me Trondheim 19.2.10 135.01 Palais de l&rsquo;archev\u00eaque, salle \u00ab\u00a0Regalia\u00a0\u00bb Suivi du climat int\u00e9rieur et recommandations Trondheim 19.2.10 135.02 Palais de l&rsquo;archev\u00eaque, mus\u00e9e, atelier de fabrication de la monnaie \u00c9valuation des risques et recommandations Reinskloster 8.7.13 185.04 Analyse de mat\u00e9riau &hellip; Continuer la lecture de NO &#8211; Norv\u00e8ge","og_url":"https:\/\/conservation-science.ch\/?page_id=37099","og_site_name":"Bl\u00e4uer - Conservation - Science","article_modified_time":"2024-11-16T15:30:24+00:00","og_image":[{"url":"https:\/\/csc-sarl.ch\/wp-content\/uploads\/2018\/06\/no_013501_large60px.jpg","type":"","width":"","height":""}],"twitter_card":"summary_large_image","schema":{"@context":"https:\/\/schema.org","@graph":[{"@type":"WebPage","@id":"https:\/\/conservation-science.ch\/?page_id=37099","url":"https:\/\/conservation-science.ch\/?page_id=37099","name":"NO - Norv\u00e8ge - Bl\u00e4uer - Conservation - Science","isPartOf":{"@id":"https:\/\/conservation-science.ch\/#website"},"primaryImageOfPage":{"@id":"https:\/\/conservation-science.ch\/?page_id=37099#primaryimage"},"image":{"@id":"https:\/\/conservation-science.ch\/?page_id=37099#primaryimage"},"thumbnailUrl":"https:\/\/csc-sarl.ch\/wp-content\/uploads\/2018\/06\/no_013501_large60px.jpg","datePublished":"2018-06-27T22:27:27+00:00","dateModified":"2024-11-16T15:30:24+00:00","breadcrumb":{"@id":"https:\/\/conservation-science.ch\/?page_id=37099#breadcrumb"},"inLanguage":"fr-FR","potentialAction":[{"@type":"ReadAction","target":["https:\/\/conservation-science.ch\/?page_id=37099"]}]},{"@type":"ImageObject","inLanguage":"fr-FR","@id":"https:\/\/conservation-science.ch\/?page_id=37099#primaryimage","url":"https:\/\/csc-sarl.ch\/wp-content\/uploads\/2018\/06\/no_013501_large60px.jpg","contentUrl":"https:\/\/csc-sarl.ch\/wp-content\/uploads\/2018\/06\/no_013501_large60px.jpg"},{"@type":"BreadcrumbList","@id":"https:\/\/conservation-science.ch\/?page_id=37099#breadcrumb","itemListElement":[{"@type":"ListItem","position":1,"name":"Accueil","item":"https:\/\/conservation-science.ch\/"},{"@type":"ListItem","position":2,"name":"Accueil","item":"https:\/\/conservation-science.ch\/"},{"@type":"ListItem","position":3,"name":"Etudes \/ Expertises","item":"https:\/\/conservation-science.ch\/?page_id=28915"},{"@type":"ListItem","position":4,"name":"NO &#8211; Norv\u00e8ge"}]},{"@type":"WebSite","@id":"https:\/\/conservation-science.ch\/#website","url":"https:\/\/conservation-science.ch\/","name":"CSC - Conservation - Sciences","description":"Transmission de connaissances dans le domaine des sciences de la conservation du patrimoine b\u00e2ti","potentialAction":[{"@type":"SearchAction","target":{"@type":"EntryPoint","urlTemplate":"https:\/\/conservation-science.ch\/?s={search_term_string}"},"query-input":{"@type":"PropertyValueSpecification","valueRequired":true,"valueName":"search_term_string"}}],"inLanguage":"fr-FR"}]}},"_links":{"self":[{"href":"https:\/\/conservation-science.ch\/index.php?rest_route=\/wp\/v2\/pages\/37099","targetHints":{"allow":["GET"]}}],"collection":[{"href":"https:\/\/conservation-science.ch\/index.php?rest_route=\/wp\/v2\/pages"}],"about":[{"href":"https:\/\/conservation-science.ch\/index.php?rest_route=\/wp\/v2\/types\/page"}],"author":[{"embeddable":true,"href":"https:\/\/conservation-science.ch\/index.php?rest_route=\/wp\/v2\/users\/1"}],"replies":[{"embeddable":true,"href":"https:\/\/conservation-science.ch\/index.php?rest_route=%2Fwp%2Fv2%2Fcomments&post=37099"}],"version-history":[{"count":4,"href":"https:\/\/conservation-science.ch\/index.php?rest_route=\/wp\/v2\/pages\/37099\/revisions"}],"predecessor-version":[{"id":40064,"href":"https:\/\/conservation-science.ch\/index.php?rest_route=\/wp\/v2\/pages\/37099\/revisions\/40064"}],"up":[{"embeddable":true,"href":"https:\/\/conservation-science.ch\/index.php?rest_route=\/wp\/v2\/pages\/28915"}],"wp:attachment":[{"href":"https:\/\/conservation-science.ch\/index.php?rest_route=%2Fwp%2Fv2%2Fmedia&parent=37099"}],"curies":[{"name":"wp","href":"https:\/\/api.w.org\/{rel}","templated":true}]}}