{"id":30607,"date":"2018-06-20T09:47:24","date_gmt":"2018-06-20T07:47:24","guid":{"rendered":"https:\/\/objectif-lune.ch\/?page_id=30607"},"modified":"2018-12-06T11:34:06","modified_gmt":"2018-12-06T10:34:06","slug":"berne-ville","status":"publish","type":"page","link":"https:\/\/conservation-science.ch\/?page_id=30607","title":{"rendered":"Berne &#8211; Ville"},"content":{"rendered":"<p style=\"text-align: justify;\"><strong>Autres projets r\u00e9alis\u00e9s dans la ville de Berne <\/strong><strong>(cliquez sur <\/strong><strong>l&rsquo;image <\/strong><strong>pour ouvrir le r\u00e9sum\u00e9<\/strong><strong>) <\/strong><strong>: <\/strong><\/p>\n<table border=\"2\" width=\"580\" cellpadding=\"2\">\n<tbody>\n<tr>\n<td style=\"vertical-align: top;\" valign=\"top\"><span style=\"font-size: 10pt;\"><strong>R\u00e9sum\u00e9<br \/>\n<\/strong><\/span><\/td>\n<td style=\"vertical-align: top;\" valign=\"top\"><span style=\"font-size: 10pt;\"><strong>Lieu\/date<\/strong><\/span><\/td>\n<td style=\"vertical-align: top;\" valign=\"top\"><span style=\"font-size: 10pt;\"><strong>Objet<\/strong><\/span><\/td>\n<td style=\"vertical-align: top;\" valign=\"top\"><span style=\"font-size: 10pt;\"><strong>Th\u00e8me<\/strong><\/span><\/td>\n<\/tr>\n<tr>\n<td style=\"vertical-align: top;\" valign=\"top\"><span style=\"font-size: 10pt;\"><a href=\"https:\/\/csc-sarl.ch\/wp-content\/uploads\/2018\/06\/a_0042_01.pdf\" target=\"_self\"><img decoding=\"async\" src=\"https:\/\/csc-sarl.ch\/wp-content\/uploads\/2018\/06\/be_004201_large60px.jpg\" alt=\"[Keine Beschreibung eingegeben]\" ismap=\"ismap\" \/><\/a><\/span><\/td>\n<td style=\"vertical-align: top;\" valign=\"top\"><span style=\"font-size: 10pt;\">Berne<\/span><br \/>\n<span style=\"font-size: 10pt;\">3.3.08<\/span><br \/>\n<span style=\"font-size: 10pt;\">42.01<\/span><\/td>\n<td style=\"vertical-align: top;\" valign=\"top\"><span style=\"font-size: 10pt;\">Ch\u00e2teau Holligen<\/span><\/td>\n<td style=\"vertical-align: top;\" valign=\"top\"><span style=\"font-size: 10pt;\">\u00c9tude d&rsquo;un \u00e9chantillon de cr\u00e9pi<\/span><\/td>\n<\/tr>\n<tr>\n<td style=\"vertical-align: top;\" valign=\"top\"><span style=\"font-size: 10pt;\"><a href=\"https:\/\/csc-sarl.ch\/wp-content\/uploads\/2018\/06\/a_0042_02.pdf\" target=\"_self\"><img decoding=\"async\" src=\"https:\/\/csc-sarl.ch\/wp-content\/uploads\/2018\/06\/be_004202_large60px.jpg\" alt=\"[Keine Beschreibung eingegeben]\" ismap=\"ismap\" \/><\/a><\/span><\/td>\n<td style=\"vertical-align: top;\" valign=\"top\"><span style=\"font-size: 10pt;\">Berne<\/span><br \/>\n<span style=\"font-size: 10pt;\">16.2.10<\/span><br \/>\n<span style=\"font-size: 10pt;\">42.02<\/span><\/td>\n<td style=\"vertical-align: top;\" valign=\"top\"><span style=\"font-size: 10pt;\">Ch\u00e2teau Holligen<\/span><\/td>\n<td style=\"vertical-align: top;\" valign=\"top\"><span style=\"font-size: 10pt;\">Conseils pour la conservation<\/span><\/td>\n<\/tr>\n<tr>\n<td style=\"vertical-align: top;\" valign=\"top\"><span style=\"font-size: 10pt;\"><a href=\"https:\/\/csc-sarl.ch\/wp-content\/uploads\/2018\/06\/a_0043_01.pdf\" target=\"_self\"><img decoding=\"async\" src=\"https:\/\/csc-sarl.ch\/wp-content\/uploads\/2018\/06\/be_004301_large60px.jpg\" alt=\"[Keine Beschreibung eingegeben]\" ismap=\"ismap\" \/><\/a><\/span><\/td>\n<td style=\"vertical-align: top;\" valign=\"top\"><span style=\"font-size: 10pt;\">Berne<\/span><br \/>\n<span style=\"font-size: 10pt;\">28.3.08<\/span><br \/>\n<span style=\"font-size: 10pt;\">43.01<\/span><\/td>\n<td style=\"vertical-align: top;\" valign=\"top\"><span style=\"font-size: 10pt;\">Altenberg, mur de soutainement<\/span><\/td>\n<td style=\"vertical-align: top;\" valign=\"top\"><span style=\"font-size: 10pt;\">Aide \u00e0 l&rsquo;\u00e9tablissement du constat d&rsquo;\u00e9tat<a href=\"https:\/\/csc-sarl.ch\/wp-content\/uploads\/2018\/06\/a_0042_01.pdf\" target=\"_self\"><br \/>\n<\/a><\/span><\/td>\n<\/tr>\n<tr>\n<td style=\"vertical-align: top;\" valign=\"top\"><span style=\"font-size: 10pt;\"><a href=\"https:\/\/csc-sarl.ch\/wp-content\/uploads\/2018\/06\/a_0054_01.pdf\" target=\"_self\"><img decoding=\"async\" src=\"https:\/\/csc-sarl.ch\/wp-content\/uploads\/2018\/06\/be_005401_large60px.jpg\" alt=\"[Keine Beschreibung eingegeben]\" ismap=\"ismap\" \/><\/a><\/span><\/td>\n<td style=\"vertical-align: top;\" valign=\"top\"><span style=\"font-size: 10pt;\">Berne<\/span><br \/>\n<span style=\"font-size: 10pt;\">28.5.08<\/span><br \/>\n<span style=\"font-size: 10pt;\">54.01<\/span><\/td>\n<td style=\"vertical-align: top;\" valign=\"top\"><span style=\"font-size: 10pt;\">Kl\u00f6sterlistutz, mur de soutainement<\/span><\/td>\n<td style=\"vertical-align: top;\" valign=\"top\"><span style=\"font-size: 10pt;\">Aide \u00e0 l&rsquo;\u00e9tablissement du constat d&rsquo;\u00e9tat<\/span><\/td>\n<\/tr>\n<tr>\n<td style=\"vertical-align: top;\" valign=\"top\"><span style=\"font-size: 10pt;\"><a href=\"https:\/\/csc-sarl.ch\/wp-content\/uploads\/2018\/06\/a_0066_01.pdf\" target=\"_self\"><img decoding=\"async\" src=\"https:\/\/csc-sarl.ch\/wp-content\/uploads\/2018\/06\/be_006601_large60px.jpg\" alt=\"[Keine Beschreibung eingegeben]\" ismap=\"ismap\" \/><\/a><\/span><\/td>\n<td style=\"vertical-align: top;\" valign=\"top\"><span style=\"font-size: 10pt;\">Berne<\/span><br \/>\n<span style=\"font-size: 10pt;\">29.9.08<\/span><br \/>\n<span style=\"font-size: 10pt;\">66.01<\/span><\/td>\n<td style=\"vertical-align: top;\" valign=\"top\"><span style=\"font-size: 10pt;\">Palais f\u00e9d\u00e9ral, mur de soutainement<\/span><\/td>\n<td style=\"vertical-align: top;\" valign=\"top\"><span style=\"font-size: 10pt;\">Aide \u00e0 l&rsquo;\u00e9tablissement du constat d&rsquo;\u00e9tat<\/span><\/td>\n<\/tr>\n<tr>\n<td style=\"vertical-align: top;\" valign=\"top\"><span style=\"font-size: 10pt;\"><a href=\"https:\/\/csc-sarl.ch\/wp-content\/uploads\/2018\/06\/a_0097_01.pdf\" target=\"_self\"><img decoding=\"async\" src=\"https:\/\/csc-sarl.ch\/wp-content\/uploads\/2018\/06\/be_009701_large60px.jpg\" alt=\"[Keine Beschreibung eingegeben]\" ismap=\"ismap\" \/><\/a><\/span><\/td>\n<td style=\"vertical-align: top;\" valign=\"top\"><span style=\"font-size: 10pt;\">Berne<\/span><br \/>\n<span style=\"font-size: 10pt;\">9.6.09<\/span><br \/>\n<span style=\"font-size: 10pt;\">97.01<\/span><\/td>\n<td style=\"vertical-align: top;\" valign=\"top\"><span style=\"font-size: 10pt;\">Maison St\u00fcrler<\/span><\/td>\n<td style=\"vertical-align: top;\" valign=\"top\"><span style=\"font-size: 10pt;\">Analyse de sels<\/span><\/td>\n<\/tr>\n<tr>\n<td style=\"vertical-align: top;\" valign=\"top\"><span style=\"font-size: 10pt;\"><a href=\"https:\/\/csc-sarl.ch\/wp-content\/uploads\/2018\/06\/a_0202_03.pdf\" target=\"_self\"><img decoding=\"async\" src=\"https:\/\/csc-sarl.ch\/wp-content\/uploads\/2018\/06\/be_020203.jpg\" alt=\"[Keine Beschreibung eingegeben]\" ismap=\"ismap\" \/><\/a><\/span><\/td>\n<td style=\"vertical-align: top;\" valign=\"top\"><span style=\"font-size: 10pt;\">Berne<\/span><br \/>\n<span style=\"font-size: 10pt;\">24.9.15<\/span><br \/>\n<span style=\"font-size: 10pt;\">202.03<\/span><\/td>\n<td style=\"vertical-align: top;\" valign=\"top\"><span style=\"font-size: 10pt;\">Maison Beatrice von Watterwyl, Tour des Prisons<\/span><\/td>\n<td style=\"vertical-align: top;\" valign=\"top\"><span style=\"font-size: 10pt;\">Probl\u00e8mes de sels et d&rsquo;humidit\u00e9, analyses et proposition d&rsquo;intervention<\/span><\/td>\n<\/tr>\n<tr>\n<td style=\"vertical-align: top;\" valign=\"top\"><span style=\"font-size: 10pt;\"><a href=\"https:\/\/csc-sarl.ch\/wp-content\/uploads\/2018\/06\/a_0239_01.pdf\" target=\"_self\"><img decoding=\"async\" src=\"https:\/\/csc-sarl.ch\/wp-content\/uploads\/2018\/06\/be_023901_large60px.jpg\" alt=\"[Keine Beschreibung eingegeben]\" ismap=\"ismap\" \/><\/a><\/span><\/td>\n<td style=\"vertical-align: top;\" valign=\"top\"><span style=\"font-size: 10pt;\">Berne<\/span><br \/>\n<span style=\"font-size: 10pt;\">26.4.12<\/span><br \/>\n<span style=\"font-size: 10pt;\">239.01<\/span><\/td>\n<td style=\"vertical-align: top;\" valign=\"top\"><span style=\"font-size: 10pt;\">Rathaus <\/span><\/td>\n<td style=\"vertical-align: top;\" valign=\"top\"><span style=\"font-size: 10pt;\">Ancien traitement<\/span><\/td>\n<\/tr>\n<tr>\n<td style=\"vertical-align: top;\" valign=\"top\"><span style=\"font-size: 10pt;\"><a href=\"https:\/\/conservation-science.ch\/a_0316_01\/\" target=\"_self\"><img decoding=\"async\" src=\"https:\/\/csc-sarl.ch\/wp-content\/uploads\/2018\/06\/be_031601.jpg\" alt=\"[Keine Beschreibung eingegeben]\" ismap=\"ismap\" \/><\/a><\/span><\/td>\n<td style=\"vertical-align: top;\" valign=\"top\"><span style=\"font-size: 10pt;\">Berne<\/span><br \/>\n<span style=\"font-size: 10pt;\">20.1.14<\/span><br \/>\n<span style=\"font-size: 10pt;\">316.01 <\/span><\/td>\n<td style=\"vertical-align: top;\" valign=\"top\"><span style=\"font-size: 10pt;\">Burgerbibliothek, cave vo\u00fbt\u00e9e<\/span><\/td>\n<td style=\"vertical-align: top;\" valign=\"top\"><span style=\"font-size: 10pt;\"> Analyses de sels et conseils d&rsquo;intervention<\/span><\/td>\n<\/tr>\n<tr>\n<td style=\"vertical-align: top;\" valign=\"top\"><span style=\"font-size: 10pt;\"><a href=\"https:\/\/csc-sarl.ch\/wp-content\/uploads\/2018\/06\/a_0364_01.pdf\" target=\"_self\"><img decoding=\"async\" src=\"https:\/\/csc-sarl.ch\/wp-content\/uploads\/2018\/06\/be_036401.jpg\" alt=\"[Keine Beschreibung eingegeben]\" ismap=\"ismap\" \/><\/a><\/span><\/td>\n<td style=\"vertical-align: top;\" valign=\"top\"><span style=\"font-size: 10pt;\">Berne<\/span><br \/>\n<span style=\"font-size: 10pt;\">3.10.14<\/span><br \/>\n<span style=\"font-size: 10pt;\">364.01 <\/span><\/td>\n<td style=\"vertical-align: top;\" valign=\"top\"><span style=\"font-size: 10pt;\">Th\u00e9\u00e2tre, fa\u00e7ades<\/span><\/td>\n<td style=\"vertical-align: top;\" valign=\"top\"><span style=\"font-size: 10pt;\">Conseils relatifs aux interventions de conservation<\/span><\/td>\n<\/tr>\n<tr>\n<td style=\"vertical-align: top;\" valign=\"top\"><span style=\"font-size: 10pt;\"><a href=\"https:\/\/csc-sarl.ch\/wp-content\/uploads\/2018\/06\/a_0369_01.pdf\" target=\"_self\"><img decoding=\"async\" src=\"https:\/\/csc-sarl.ch\/wp-content\/uploads\/2018\/06\/be_036901.jpg\" alt=\"[Keine Beschreibung eingegeben]\" ismap=\"ismap\" \/><\/a><\/span><\/td>\n<td style=\"vertical-align: top;\" valign=\"top\"><span style=\"font-size: 10pt;\">Berne<\/span><br \/>\n<span style=\"font-size: 10pt;\">11.11.14<\/span><br \/>\n<span style=\"font-size: 10pt;\">369.01 <\/span><\/td>\n<td style=\"vertical-align: top;\" valign=\"top\"><span style=\"font-size: 10pt;\">Mus\u00e9e d&rsquo;Histoire &#8211; C\u00e9ramiques gla\u00e7ur\u00e9es<\/span><\/td>\n<td style=\"vertical-align: top;\" valign=\"top\"><span style=\"font-size: 10pt;\">Analyses d&rsquo;efflorescences de sels<\/span><\/td>\n<\/tr>\n<tr>\n<td style=\"vertical-align: top;\" valign=\"top\"><span style=\"font-size: 10pt;\"><a href=\"https:\/\/csc-sarl.ch\/wp-content\/uploads\/2018\/06\/a_0389_01.pdf\" target=\"_self\"><img decoding=\"async\" src=\"https:\/\/csc-sarl.ch\/wp-content\/uploads\/2018\/06\/be_038901.jpg\" alt=\"[Keine Beschreibung eingegeben]\" ismap=\"ismap\" \/><\/a><\/span><\/td>\n<td style=\"vertical-align: top;\" valign=\"top\"><span style=\"font-size: 10pt;\">Berne<\/span><br \/>\n<span style=\"font-size: 10pt;\">13.4.15<\/span><br \/>\n<span style=\"font-size: 10pt;\">389.01 <\/span><\/td>\n<td style=\"vertical-align: top;\" valign=\"top\"><span style=\"font-size: 10pt;\">Universit\u00e4re Psychiatrische Dienste, Althaus St\u00f6ckli<\/span><\/td>\n<td style=\"vertical-align: top;\" valign=\"top\"><span style=\"font-size: 10pt;\">D\u00e9gradation des fa\u00e7ades li\u00e9e \u00e0 des sels<\/span><\/td>\n<\/tr>\n<tr>\n<td style=\"vertical-align: top;\" valign=\"top\"><span style=\"font-size: 10pt;\"><a href=\"https:\/\/csc-sarl.ch\/wp-content\/uploads\/2018\/06\/a_0439_01.pdf\" target=\"_self\"><img decoding=\"async\" src=\"https:\/\/csc-sarl.ch\/wp-content\/uploads\/2018\/06\/be_043901.jpg\" alt=\"[Keine Beschreibung eingegeben]\" ismap=\"ismap\" \/><\/a><\/span><\/td>\n<td style=\"vertical-align: top;\" valign=\"top\"><span style=\"font-size: 10pt;\">Berne<\/span><br \/>\n<span style=\"font-size: 10pt;\">11.5.16<\/span><br \/>\n<span style=\"font-size: 10pt;\">439.01 <\/span><\/td>\n<td style=\"vertical-align: top;\" valign=\"top\"><span style=\"font-size: 10pt;\">Universit\u00e4re Psychiatrische Dienste, Unteres Haus<\/span><\/td>\n<td style=\"vertical-align: top;\" valign=\"top\"><span style=\"font-size: 10pt;\">Analyses de sels et conseils relatifs \u00e0 la conservation<\/span><\/td>\n<\/tr>\n<\/tbody>\n<\/table>\n<p>&nbsp;<\/p>\n","protected":false},"excerpt":{"rendered":"<p>Autres projets r\u00e9alis\u00e9s dans la ville de Berne (cliquez sur l&rsquo;image pour ouvrir le r\u00e9sum\u00e9) : R\u00e9sum\u00e9 Lieu\/date Objet Th\u00e8me Berne 3.3.08 42.01 Ch\u00e2teau Holligen \u00c9tude d&rsquo;un \u00e9chantillon de cr\u00e9pi Berne 16.2.10 42.02 Ch\u00e2teau Holligen Conseils pour la conservation Berne 28.3.08 43.01 Altenberg, mur de soutainement Aide \u00e0 l&rsquo;\u00e9tablissement du constat d&rsquo;\u00e9tat Berne 28.5.08 54.01 &hellip; <a href=\"https:\/\/conservation-science.ch\/?page_id=30607\" class=\"more-link\">Continuer la lecture de <span class=\"screen-reader-text\">Berne &#8211; Ville<\/span><\/a><\/p>\n","protected":false},"author":1,"featured_media":0,"parent":30518,"menu_order":2,"comment_status":"closed","ping_status":"closed","template":"","meta":{"footnotes":""},"class_list":["post-30607","page","type-page","status-publish","hentry"],"yoast_head":"<!-- This site is optimized with the Yoast SEO plugin v27.2 - https:\/\/yoast.com\/product\/yoast-seo-wordpress\/ -->\n<title>Berne - Ville - Bl\u00e4uer - Conservation - Science<\/title>\n<meta name=\"robots\" content=\"index, follow, max-snippet:-1, max-image-preview:large, max-video-preview:-1\" \/>\n<link rel=\"canonical\" href=\"https:\/\/conservation-science.ch\/?page_id=30607\" \/>\n<meta property=\"og:locale\" content=\"fr_FR\" \/>\n<meta property=\"og:type\" content=\"article\" \/>\n<meta property=\"og:title\" content=\"Berne - Ville - Bl\u00e4uer - Conservation - Science\" \/>\n<meta property=\"og:description\" content=\"Autres projets r\u00e9alis\u00e9s dans la ville de Berne (cliquez sur l&rsquo;image pour ouvrir le r\u00e9sum\u00e9) : R\u00e9sum\u00e9 Lieu\/date Objet Th\u00e8me Berne 3.3.08 42.01 Ch\u00e2teau Holligen \u00c9tude d&rsquo;un \u00e9chantillon de cr\u00e9pi Berne 16.2.10 42.02 Ch\u00e2teau Holligen Conseils pour la conservation Berne 28.3.08 43.01 Altenberg, mur de soutainement Aide \u00e0 l&rsquo;\u00e9tablissement du constat d&rsquo;\u00e9tat Berne 28.5.08 54.01 &hellip; Continuer la lecture de Berne &#8211; Ville\" \/>\n<meta property=\"og:url\" content=\"https:\/\/conservation-science.ch\/?page_id=30607\" \/>\n<meta property=\"og:site_name\" content=\"Bl\u00e4uer - Conservation - Science\" \/>\n<meta property=\"article:modified_time\" content=\"2018-12-06T10:34:06+00:00\" \/>\n<meta property=\"og:image\" content=\"https:\/\/csc-sarl.ch\/wp-content\/uploads\/2018\/06\/be_004201_large60px.jpg\" \/>\n<meta name=\"twitter:card\" content=\"summary_large_image\" \/>\n<meta name=\"twitter:label1\" content=\"Dur\u00e9e de lecture estim\u00e9e\" \/>\n\t<meta name=\"twitter:data1\" content=\"1 minute\" \/>\n<script type=\"application\/ld+json\" class=\"yoast-schema-graph\">{\"@context\":\"https:\/\/schema.org\",\"@graph\":[{\"@type\":\"WebPage\",\"@id\":\"https:\/\/conservation-science.ch\/?page_id=30607\",\"url\":\"https:\/\/conservation-science.ch\/?page_id=30607\",\"name\":\"Berne - Ville - Bl\u00e4uer - Conservation - Science\",\"isPartOf\":{\"@id\":\"https:\/\/conservation-science.ch\/#website\"},\"primaryImageOfPage\":{\"@id\":\"https:\/\/conservation-science.ch\/?page_id=30607#primaryimage\"},\"image\":{\"@id\":\"https:\/\/conservation-science.ch\/?page_id=30607#primaryimage\"},\"thumbnailUrl\":\"https:\/\/csc-sarl.ch\/wp-content\/uploads\/2018\/06\/be_004201_large60px.jpg\",\"datePublished\":\"2018-06-20T07:47:24+00:00\",\"dateModified\":\"2018-12-06T10:34:06+00:00\",\"breadcrumb\":{\"@id\":\"https:\/\/conservation-science.ch\/?page_id=30607#breadcrumb\"},\"inLanguage\":\"fr-FR\",\"potentialAction\":[{\"@type\":\"ReadAction\",\"target\":[\"https:\/\/conservation-science.ch\/?page_id=30607\"]}]},{\"@type\":\"ImageObject\",\"inLanguage\":\"fr-FR\",\"@id\":\"https:\/\/conservation-science.ch\/?page_id=30607#primaryimage\",\"url\":\"https:\/\/csc-sarl.ch\/wp-content\/uploads\/2018\/06\/be_004201_large60px.jpg\",\"contentUrl\":\"https:\/\/csc-sarl.ch\/wp-content\/uploads\/2018\/06\/be_004201_large60px.jpg\"},{\"@type\":\"BreadcrumbList\",\"@id\":\"https:\/\/conservation-science.ch\/?page_id=30607#breadcrumb\",\"itemListElement\":[{\"@type\":\"ListItem\",\"position\":1,\"name\":\"Accueil\",\"item\":\"https:\/\/conservation-science.ch\/\"},{\"@type\":\"ListItem\",\"position\":2,\"name\":\"Accueil\",\"item\":\"https:\/\/conservation-science.ch\/\"},{\"@type\":\"ListItem\",\"position\":3,\"name\":\"Etudes \/ Expertises\",\"item\":\"https:\/\/conservation-science.ch\/?page_id=28915\"},{\"@type\":\"ListItem\",\"position\":4,\"name\":\"Suisse\",\"item\":\"https:\/\/conservation-science.ch\/?page_id=30086\"},{\"@type\":\"ListItem\",\"position\":5,\"name\":\"BE (Berne)\",\"item\":\"https:\/\/conservation-science.ch\/?page_id=30518\"},{\"@type\":\"ListItem\",\"position\":6,\"name\":\"Berne &#8211; Ville\"}]},{\"@type\":\"WebSite\",\"@id\":\"https:\/\/conservation-science.ch\/#website\",\"url\":\"https:\/\/conservation-science.ch\/\",\"name\":\"CSC - Conservation - Sciences\",\"description\":\"Transmission de connaissances dans le domaine des sciences de la conservation du patrimoine b\u00e2ti\",\"potentialAction\":[{\"@type\":\"SearchAction\",\"target\":{\"@type\":\"EntryPoint\",\"urlTemplate\":\"https:\/\/conservation-science.ch\/?s={search_term_string}\"},\"query-input\":{\"@type\":\"PropertyValueSpecification\",\"valueRequired\":true,\"valueName\":\"search_term_string\"}}],\"inLanguage\":\"fr-FR\"}]}<\/script>\n<!-- \/ Yoast SEO plugin. -->","yoast_head_json":{"title":"Berne - Ville - Bl\u00e4uer - Conservation - Science","robots":{"index":"index","follow":"follow","max-snippet":"max-snippet:-1","max-image-preview":"max-image-preview:large","max-video-preview":"max-video-preview:-1"},"canonical":"https:\/\/conservation-science.ch\/?page_id=30607","og_locale":"fr_FR","og_type":"article","og_title":"Berne - Ville - Bl\u00e4uer - Conservation - Science","og_description":"Autres projets r\u00e9alis\u00e9s dans la ville de Berne (cliquez sur l&rsquo;image pour ouvrir le r\u00e9sum\u00e9) : R\u00e9sum\u00e9 Lieu\/date Objet Th\u00e8me Berne 3.3.08 42.01 Ch\u00e2teau Holligen \u00c9tude d&rsquo;un \u00e9chantillon de cr\u00e9pi Berne 16.2.10 42.02 Ch\u00e2teau Holligen Conseils pour la conservation Berne 28.3.08 43.01 Altenberg, mur de soutainement Aide \u00e0 l&rsquo;\u00e9tablissement du constat d&rsquo;\u00e9tat Berne 28.5.08 54.01 &hellip; Continuer la lecture de Berne &#8211; Ville","og_url":"https:\/\/conservation-science.ch\/?page_id=30607","og_site_name":"Bl\u00e4uer - Conservation - Science","article_modified_time":"2018-12-06T10:34:06+00:00","og_image":[{"url":"https:\/\/csc-sarl.ch\/wp-content\/uploads\/2018\/06\/be_004201_large60px.jpg","type":"","width":"","height":""}],"twitter_card":"summary_large_image","twitter_misc":{"Dur\u00e9e de lecture estim\u00e9e":"1 minute"},"schema":{"@context":"https:\/\/schema.org","@graph":[{"@type":"WebPage","@id":"https:\/\/conservation-science.ch\/?page_id=30607","url":"https:\/\/conservation-science.ch\/?page_id=30607","name":"Berne - Ville - Bl\u00e4uer - Conservation - Science","isPartOf":{"@id":"https:\/\/conservation-science.ch\/#website"},"primaryImageOfPage":{"@id":"https:\/\/conservation-science.ch\/?page_id=30607#primaryimage"},"image":{"@id":"https:\/\/conservation-science.ch\/?page_id=30607#primaryimage"},"thumbnailUrl":"https:\/\/csc-sarl.ch\/wp-content\/uploads\/2018\/06\/be_004201_large60px.jpg","datePublished":"2018-06-20T07:47:24+00:00","dateModified":"2018-12-06T10:34:06+00:00","breadcrumb":{"@id":"https:\/\/conservation-science.ch\/?page_id=30607#breadcrumb"},"inLanguage":"fr-FR","potentialAction":[{"@type":"ReadAction","target":["https:\/\/conservation-science.ch\/?page_id=30607"]}]},{"@type":"ImageObject","inLanguage":"fr-FR","@id":"https:\/\/conservation-science.ch\/?page_id=30607#primaryimage","url":"https:\/\/csc-sarl.ch\/wp-content\/uploads\/2018\/06\/be_004201_large60px.jpg","contentUrl":"https:\/\/csc-sarl.ch\/wp-content\/uploads\/2018\/06\/be_004201_large60px.jpg"},{"@type":"BreadcrumbList","@id":"https:\/\/conservation-science.ch\/?page_id=30607#breadcrumb","itemListElement":[{"@type":"ListItem","position":1,"name":"Accueil","item":"https:\/\/conservation-science.ch\/"},{"@type":"ListItem","position":2,"name":"Accueil","item":"https:\/\/conservation-science.ch\/"},{"@type":"ListItem","position":3,"name":"Etudes \/ Expertises","item":"https:\/\/conservation-science.ch\/?page_id=28915"},{"@type":"ListItem","position":4,"name":"Suisse","item":"https:\/\/conservation-science.ch\/?page_id=30086"},{"@type":"ListItem","position":5,"name":"BE (Berne)","item":"https:\/\/conservation-science.ch\/?page_id=30518"},{"@type":"ListItem","position":6,"name":"Berne &#8211; Ville"}]},{"@type":"WebSite","@id":"https:\/\/conservation-science.ch\/#website","url":"https:\/\/conservation-science.ch\/","name":"CSC - Conservation - Sciences","description":"Transmission de connaissances dans le domaine des sciences de la conservation du patrimoine b\u00e2ti","potentialAction":[{"@type":"SearchAction","target":{"@type":"EntryPoint","urlTemplate":"https:\/\/conservation-science.ch\/?s={search_term_string}"},"query-input":{"@type":"PropertyValueSpecification","valueRequired":true,"valueName":"search_term_string"}}],"inLanguage":"fr-FR"}]}},"_links":{"self":[{"href":"https:\/\/conservation-science.ch\/index.php?rest_route=\/wp\/v2\/pages\/30607","targetHints":{"allow":["GET"]}}],"collection":[{"href":"https:\/\/conservation-science.ch\/index.php?rest_route=\/wp\/v2\/pages"}],"about":[{"href":"https:\/\/conservation-science.ch\/index.php?rest_route=\/wp\/v2\/types\/page"}],"author":[{"embeddable":true,"href":"https:\/\/conservation-science.ch\/index.php?rest_route=\/wp\/v2\/users\/1"}],"replies":[{"embeddable":true,"href":"https:\/\/conservation-science.ch\/index.php?rest_route=%2Fwp%2Fv2%2Fcomments&post=30607"}],"version-history":[{"count":3,"href":"https:\/\/conservation-science.ch\/index.php?rest_route=\/wp\/v2\/pages\/30607\/revisions"}],"predecessor-version":[{"id":38785,"href":"https:\/\/conservation-science.ch\/index.php?rest_route=\/wp\/v2\/pages\/30607\/revisions\/38785"}],"up":[{"embeddable":true,"href":"https:\/\/conservation-science.ch\/index.php?rest_route=\/wp\/v2\/pages\/30518"}],"wp:attachment":[{"href":"https:\/\/conservation-science.ch\/index.php?rest_route=%2Fwp%2Fv2%2Fmedia&parent=30607"}],"curies":[{"name":"wp","href":"https:\/\/api.w.org\/{rel}","templated":true}]}}