{"id":29708,"date":"2018-06-13T16:38:14","date_gmt":"2018-06-13T14:38:14","guid":{"rendered":"https:\/\/objectif-lune.ch\/?page_id=29708"},"modified":"2018-06-28T15:45:06","modified_gmt":"2018-06-28T13:45:06","slug":"evaluation-de-la-perennite","status":"publish","type":"page","link":"https:\/\/conservation-science.ch\/?page_id=29708","title":{"rendered":"Evaluation de la p\u00e9rennit\u00e9"},"content":{"rendered":"<p style=\"text-align: justify;\"><strong>\u00c9valuation de la p\u00e9rennit\u00e9 des mat\u00e9riaux et des interventions<\/strong>\u00a0: nos exp\u00e9riences et nos connaissances nous permettent de vous fournir des estimations de la p\u00e9rennit\u00e9 des mat\u00e9riaux et des interventions que vous souhaitez mettre en \u0153uvre, en fonction des mat\u00e9riaux sp\u00e9cifiques au b\u00e2timent et\/ou site en question, de son historique ainsi qu&rsquo;en fonction des conditions environnementales particuli\u00e8res.<\/p>\n","protected":false},"excerpt":{"rendered":"<p>\u00c9valuation de la p\u00e9rennit\u00e9 des mat\u00e9riaux et des interventions\u00a0: nos exp\u00e9riences et nos connaissances nous permettent de vous fournir des estimations de la p\u00e9rennit\u00e9 des mat\u00e9riaux et des interventions que vous souhaitez mettre en \u0153uvre, en fonction des mat\u00e9riaux sp\u00e9cifiques au b\u00e2timent et\/ou site en question, de son historique ainsi qu&rsquo;en fonction des conditions environnementales &hellip; <a href=\"https:\/\/conservation-science.ch\/?page_id=29708\" class=\"more-link\">Continuer la lecture de <span class=\"screen-reader-text\">Evaluation de la p\u00e9rennit\u00e9<\/span><\/a><\/p>\n","protected":false},"author":1,"featured_media":0,"parent":28923,"menu_order":8,"comment_status":"closed","ping_status":"closed","template":"","meta":{"footnotes":""},"class_list":["post-29708","page","type-page","status-publish","hentry"],"yoast_head":"<!-- This site is optimized with the Yoast SEO plugin v27.2 - https:\/\/yoast.com\/product\/yoast-seo-wordpress\/ -->\n<title>Evaluation de la p\u00e9rennit\u00e9 - Bl\u00e4uer - Conservation - Science<\/title>\n<meta name=\"robots\" content=\"index, follow, max-snippet:-1, max-image-preview:large, max-video-preview:-1\" \/>\n<link rel=\"canonical\" href=\"https:\/\/conservation-science.ch\/?page_id=29708\" \/>\n<meta property=\"og:locale\" content=\"fr_FR\" \/>\n<meta property=\"og:type\" content=\"article\" \/>\n<meta property=\"og:title\" content=\"Evaluation de la p\u00e9rennit\u00e9 - Bl\u00e4uer - Conservation - Science\" \/>\n<meta property=\"og:description\" content=\"\u00c9valuation de la p\u00e9rennit\u00e9 des mat\u00e9riaux et des interventions\u00a0: nos exp\u00e9riences et nos connaissances nous permettent de vous fournir des estimations de la p\u00e9rennit\u00e9 des mat\u00e9riaux et des interventions que vous souhaitez mettre en \u0153uvre, en fonction des mat\u00e9riaux sp\u00e9cifiques au b\u00e2timent et\/ou site en question, de son historique ainsi qu&rsquo;en fonction des conditions environnementales &hellip; Continuer la lecture de Evaluation de la p\u00e9rennit\u00e9\" \/>\n<meta property=\"og:url\" content=\"https:\/\/conservation-science.ch\/?page_id=29708\" \/>\n<meta property=\"og:site_name\" content=\"Bl\u00e4uer - Conservation - Science\" \/>\n<meta property=\"article:modified_time\" content=\"2018-06-28T13:45:06+00:00\" \/>\n<meta name=\"twitter:card\" content=\"summary_large_image\" \/>\n<script type=\"application\/ld+json\" class=\"yoast-schema-graph\">{\"@context\":\"https:\/\/schema.org\",\"@graph\":[{\"@type\":\"WebPage\",\"@id\":\"https:\/\/conservation-science.ch\/?page_id=29708\",\"url\":\"https:\/\/conservation-science.ch\/?page_id=29708\",\"name\":\"Evaluation de la p\u00e9rennit\u00e9 - Bl\u00e4uer - Conservation - Science\",\"isPartOf\":{\"@id\":\"https:\/\/conservation-science.ch\/#website\"},\"datePublished\":\"2018-06-13T14:38:14+00:00\",\"dateModified\":\"2018-06-28T13:45:06+00:00\",\"breadcrumb\":{\"@id\":\"https:\/\/conservation-science.ch\/?page_id=29708#breadcrumb\"},\"inLanguage\":\"fr-FR\",\"potentialAction\":[{\"@type\":\"ReadAction\",\"target\":[\"https:\/\/conservation-science.ch\/?page_id=29708\"]}]},{\"@type\":\"BreadcrumbList\",\"@id\":\"https:\/\/conservation-science.ch\/?page_id=29708#breadcrumb\",\"itemListElement\":[{\"@type\":\"ListItem\",\"position\":1,\"name\":\"Accueil\",\"item\":\"https:\/\/conservation-science.ch\/\"},{\"@type\":\"ListItem\",\"position\":2,\"name\":\"Activit\u00e9s\",\"item\":\"https:\/\/conservation-science.ch\/?page_id=28902\"},{\"@type\":\"ListItem\",\"position\":3,\"name\":\"Expertises et Conseils\",\"item\":\"https:\/\/conservation-science.ch\/?page_id=28923\"},{\"@type\":\"ListItem\",\"position\":4,\"name\":\"Evaluation de la p\u00e9rennit\u00e9\"}]},{\"@type\":\"WebSite\",\"@id\":\"https:\/\/conservation-science.ch\/#website\",\"url\":\"https:\/\/conservation-science.ch\/\",\"name\":\"CSC - Conservation - Sciences\",\"description\":\"Transmission de connaissances dans le domaine des sciences de la conservation du patrimoine b\u00e2ti\",\"potentialAction\":[{\"@type\":\"SearchAction\",\"target\":{\"@type\":\"EntryPoint\",\"urlTemplate\":\"https:\/\/conservation-science.ch\/?s={search_term_string}\"},\"query-input\":{\"@type\":\"PropertyValueSpecification\",\"valueRequired\":true,\"valueName\":\"search_term_string\"}}],\"inLanguage\":\"fr-FR\"}]}<\/script>\n<!-- \/ Yoast SEO plugin. -->","yoast_head_json":{"title":"Evaluation de la p\u00e9rennit\u00e9 - Bl\u00e4uer - Conservation - Science","robots":{"index":"index","follow":"follow","max-snippet":"max-snippet:-1","max-image-preview":"max-image-preview:large","max-video-preview":"max-video-preview:-1"},"canonical":"https:\/\/conservation-science.ch\/?page_id=29708","og_locale":"fr_FR","og_type":"article","og_title":"Evaluation de la p\u00e9rennit\u00e9 - Bl\u00e4uer - Conservation - Science","og_description":"\u00c9valuation de la p\u00e9rennit\u00e9 des mat\u00e9riaux et des interventions\u00a0: nos exp\u00e9riences et nos connaissances nous permettent de vous fournir des estimations de la p\u00e9rennit\u00e9 des mat\u00e9riaux et des interventions que vous souhaitez mettre en \u0153uvre, en fonction des mat\u00e9riaux sp\u00e9cifiques au b\u00e2timent et\/ou site en question, de son historique ainsi qu&rsquo;en fonction des conditions environnementales &hellip; Continuer la lecture de Evaluation de la p\u00e9rennit\u00e9","og_url":"https:\/\/conservation-science.ch\/?page_id=29708","og_site_name":"Bl\u00e4uer - Conservation - Science","article_modified_time":"2018-06-28T13:45:06+00:00","twitter_card":"summary_large_image","schema":{"@context":"https:\/\/schema.org","@graph":[{"@type":"WebPage","@id":"https:\/\/conservation-science.ch\/?page_id=29708","url":"https:\/\/conservation-science.ch\/?page_id=29708","name":"Evaluation de la p\u00e9rennit\u00e9 - Bl\u00e4uer - Conservation - Science","isPartOf":{"@id":"https:\/\/conservation-science.ch\/#website"},"datePublished":"2018-06-13T14:38:14+00:00","dateModified":"2018-06-28T13:45:06+00:00","breadcrumb":{"@id":"https:\/\/conservation-science.ch\/?page_id=29708#breadcrumb"},"inLanguage":"fr-FR","potentialAction":[{"@type":"ReadAction","target":["https:\/\/conservation-science.ch\/?page_id=29708"]}]},{"@type":"BreadcrumbList","@id":"https:\/\/conservation-science.ch\/?page_id=29708#breadcrumb","itemListElement":[{"@type":"ListItem","position":1,"name":"Accueil","item":"https:\/\/conservation-science.ch\/"},{"@type":"ListItem","position":2,"name":"Activit\u00e9s","item":"https:\/\/conservation-science.ch\/?page_id=28902"},{"@type":"ListItem","position":3,"name":"Expertises et Conseils","item":"https:\/\/conservation-science.ch\/?page_id=28923"},{"@type":"ListItem","position":4,"name":"Evaluation de la p\u00e9rennit\u00e9"}]},{"@type":"WebSite","@id":"https:\/\/conservation-science.ch\/#website","url":"https:\/\/conservation-science.ch\/","name":"CSC - Conservation - Sciences","description":"Transmission de connaissances dans le domaine des sciences de la conservation du patrimoine b\u00e2ti","potentialAction":[{"@type":"SearchAction","target":{"@type":"EntryPoint","urlTemplate":"https:\/\/conservation-science.ch\/?s={search_term_string}"},"query-input":{"@type":"PropertyValueSpecification","valueRequired":true,"valueName":"search_term_string"}}],"inLanguage":"fr-FR"}]}},"_links":{"self":[{"href":"https:\/\/conservation-science.ch\/index.php?rest_route=\/wp\/v2\/pages\/29708","targetHints":{"allow":["GET"]}}],"collection":[{"href":"https:\/\/conservation-science.ch\/index.php?rest_route=\/wp\/v2\/pages"}],"about":[{"href":"https:\/\/conservation-science.ch\/index.php?rest_route=\/wp\/v2\/types\/page"}],"author":[{"embeddable":true,"href":"https:\/\/conservation-science.ch\/index.php?rest_route=\/wp\/v2\/users\/1"}],"replies":[{"embeddable":true,"href":"https:\/\/conservation-science.ch\/index.php?rest_route=%2Fwp%2Fv2%2Fcomments&post=29708"}],"version-history":[{"count":1,"href":"https:\/\/conservation-science.ch\/index.php?rest_route=\/wp\/v2\/pages\/29708\/revisions"}],"predecessor-version":[{"id":37306,"href":"https:\/\/conservation-science.ch\/index.php?rest_route=\/wp\/v2\/pages\/29708\/revisions\/37306"}],"up":[{"embeddable":true,"href":"https:\/\/conservation-science.ch\/index.php?rest_route=\/wp\/v2\/pages\/28923"}],"wp:attachment":[{"href":"https:\/\/conservation-science.ch\/index.php?rest_route=%2Fwp%2Fv2%2Fmedia&parent=29708"}],"curies":[{"name":"wp","href":"https:\/\/api.w.org\/{rel}","templated":true}]}}