{"id":29700,"date":"2018-06-13T16:34:24","date_gmt":"2018-06-13T14:34:24","guid":{"rendered":"https:\/\/objectif-lune.ch\/?page_id=29700"},"modified":"2024-11-16T20:15:01","modified_gmt":"2024-11-16T19:15:01","slug":"mesures","status":"publish","type":"page","link":"https:\/\/conservation-science.ch\/?page_id=29700","title":{"rendered":"Mesures"},"content":{"rendered":"<p style=\"text-align: justify;\"><strong>Mesures\u00a0<em>in situ<\/em>\u00a0et au laboratoire\u00a0<\/strong>: notre constat d&rsquo;\u00e9tat peut \u00eatre compl\u00e9t\u00e9 par des mesures\u00a0<em>in situ<\/em> de propri\u00e9t\u00e9s de surface telles que leur <a href=\"\/nos-astuces\/\">mouillabilit\u00e9<\/a> et\/ou capillarit\u00e9, etc.<\/p>\n<p style=\"text-align: justify;\">Si des mesures au laboratoire sont n\u00e9cessaires, nous ferons en sorte de proc\u00e9der \u00e0 un \u00e9chantillonnage le moins destructif possible, sur lequel nous pourrons d\u00e9terminer davantage de propri\u00e9t\u00e9s telles que la porosit\u00e9, les cin\u00e9tiques d&rsquo;imbibition capillaire et de s\u00e9chage, la perm\u00e9abilit\u00e9 \u00e0 la vapeur ou l&rsquo;hygroscopicit\u00e9. Les r\u00e9sultats de ces tests seront surtout significatifs s&rsquo;ils sont interpr\u00e9t\u00e9s en valeurs relatives pour des mat\u00e9riaux voisins, ou pour un m\u00eame mat\u00e9riau avec et sans traitement par exemple.<\/p>\n<p style=\"text-align: justify;\">Si vos questions int\u00e9ressent plus particuli\u00e8rement les conditions climatiques de vos b\u00e2timents, nous pouvons installer des sondes d&rsquo;humidit\u00e9 temp\u00e9rature et enregistrer les donn\u00e9es n\u00e9cessaires pour vous <a href=\"\/wp-content\/uploads\/2018\/06\/a_0232_01-1.pdf?23,15\">guider dans vos ajustements climatiques<\/a>.<\/p>\n<table border=\"0\" align=\"center\">\n<tbody>\n<tr>\n<td><img loading=\"lazy\" decoding=\"async\" class=\"size-full wp-image-29701 aligncenter\" src=\"https:\/\/csc-sarl.ch\/wp-content\/uploads\/2018\/06\/prestations_mesures_xrf.jpg\" alt=\"\" width=\"283\" height=\"242\" \/><\/p>\n<p style=\"text-align: center;\">Mesures XRF, M\u00fcnster de Berne, 2008<\/p>\n<\/td>\n<\/tr>\n<\/tbody>\n<\/table>\n<table border=\"0\" align=\"center\">\n<tbody>\n<tr>\n<td style=\"text-align: center;\"><\/td>\n<\/tr>\n<\/tbody>\n<\/table>\n<p>&nbsp;<\/p>\n","protected":false},"excerpt":{"rendered":"<p>Mesures\u00a0in situ\u00a0et au laboratoire\u00a0: notre constat d&rsquo;\u00e9tat peut \u00eatre compl\u00e9t\u00e9 par des mesures\u00a0in situ de propri\u00e9t\u00e9s de surface telles que leur mouillabilit\u00e9 et\/ou capillarit\u00e9, etc. Si des mesures au laboratoire sont n\u00e9cessaires, nous ferons en sorte de proc\u00e9der \u00e0 un \u00e9chantillonnage le moins destructif possible, sur lequel nous pourrons d\u00e9terminer davantage de propri\u00e9t\u00e9s telles que &hellip; <a href=\"https:\/\/conservation-science.ch\/?page_id=29700\" class=\"more-link\">Continuer la lecture de <span class=\"screen-reader-text\">Mesures<\/span><\/a><\/p>\n","protected":false},"author":1,"featured_media":0,"parent":28923,"menu_order":4,"comment_status":"closed","ping_status":"closed","template":"","meta":{"footnotes":""},"class_list":["post-29700","page","type-page","status-publish","hentry"],"yoast_head":"<!-- This site is optimized with the Yoast SEO plugin v27.2 - https:\/\/yoast.com\/product\/yoast-seo-wordpress\/ -->\n<title>Mesures - Bl\u00e4uer - Conservation - Science<\/title>\n<meta name=\"robots\" content=\"index, follow, max-snippet:-1, max-image-preview:large, max-video-preview:-1\" \/>\n<link rel=\"canonical\" href=\"https:\/\/conservation-science.ch\/?page_id=29700\" \/>\n<meta property=\"og:locale\" content=\"fr_FR\" \/>\n<meta property=\"og:type\" content=\"article\" \/>\n<meta property=\"og:title\" content=\"Mesures - Bl\u00e4uer - Conservation - Science\" \/>\n<meta property=\"og:description\" content=\"Mesures\u00a0in situ\u00a0et au laboratoire\u00a0: notre constat d&rsquo;\u00e9tat peut \u00eatre compl\u00e9t\u00e9 par des mesures\u00a0in situ de propri\u00e9t\u00e9s de surface telles que leur mouillabilit\u00e9 et\/ou capillarit\u00e9, etc. Si des mesures au laboratoire sont n\u00e9cessaires, nous ferons en sorte de proc\u00e9der \u00e0 un \u00e9chantillonnage le moins destructif possible, sur lequel nous pourrons d\u00e9terminer davantage de propri\u00e9t\u00e9s telles que &hellip; Continuer la lecture de Mesures\" \/>\n<meta property=\"og:url\" content=\"https:\/\/conservation-science.ch\/?page_id=29700\" \/>\n<meta property=\"og:site_name\" content=\"Bl\u00e4uer - Conservation - Science\" \/>\n<meta property=\"article:modified_time\" content=\"2024-11-16T19:15:01+00:00\" \/>\n<meta property=\"og:image\" content=\"https:\/\/csc-sarl.ch\/wp-content\/uploads\/2018\/06\/prestations_mesures_xrf.jpg\" \/>\n<meta name=\"twitter:card\" content=\"summary_large_image\" \/>\n<meta name=\"twitter:label1\" content=\"Dur\u00e9e de lecture estim\u00e9e\" \/>\n\t<meta name=\"twitter:data1\" content=\"1 minute\" \/>\n<script type=\"application\/ld+json\" class=\"yoast-schema-graph\">{\"@context\":\"https:\/\/schema.org\",\"@graph\":[{\"@type\":\"WebPage\",\"@id\":\"https:\/\/conservation-science.ch\/?page_id=29700\",\"url\":\"https:\/\/conservation-science.ch\/?page_id=29700\",\"name\":\"Mesures - Bl\u00e4uer - Conservation - Science\",\"isPartOf\":{\"@id\":\"https:\/\/conservation-science.ch\/#website\"},\"primaryImageOfPage\":{\"@id\":\"https:\/\/conservation-science.ch\/?page_id=29700#primaryimage\"},\"image\":{\"@id\":\"https:\/\/conservation-science.ch\/?page_id=29700#primaryimage\"},\"thumbnailUrl\":\"https:\/\/csc-sarl.ch\/wp-content\/uploads\/2018\/06\/prestations_mesures_xrf.jpg\",\"datePublished\":\"2018-06-13T14:34:24+00:00\",\"dateModified\":\"2024-11-16T19:15:01+00:00\",\"breadcrumb\":{\"@id\":\"https:\/\/conservation-science.ch\/?page_id=29700#breadcrumb\"},\"inLanguage\":\"fr-FR\",\"potentialAction\":[{\"@type\":\"ReadAction\",\"target\":[\"https:\/\/conservation-science.ch\/?page_id=29700\"]}]},{\"@type\":\"ImageObject\",\"inLanguage\":\"fr-FR\",\"@id\":\"https:\/\/conservation-science.ch\/?page_id=29700#primaryimage\",\"url\":\"https:\/\/csc-sarl.ch\/wp-content\/uploads\/2018\/06\/prestations_mesures_xrf.jpg\",\"contentUrl\":\"https:\/\/csc-sarl.ch\/wp-content\/uploads\/2018\/06\/prestations_mesures_xrf.jpg\"},{\"@type\":\"BreadcrumbList\",\"@id\":\"https:\/\/conservation-science.ch\/?page_id=29700#breadcrumb\",\"itemListElement\":[{\"@type\":\"ListItem\",\"position\":1,\"name\":\"Accueil\",\"item\":\"https:\/\/conservation-science.ch\/\"},{\"@type\":\"ListItem\",\"position\":2,\"name\":\"Activit\u00e9s\",\"item\":\"https:\/\/conservation-science.ch\/?page_id=28902\"},{\"@type\":\"ListItem\",\"position\":3,\"name\":\"Expertises et Conseils\",\"item\":\"https:\/\/conservation-science.ch\/?page_id=28923\"},{\"@type\":\"ListItem\",\"position\":4,\"name\":\"Mesures\"}]},{\"@type\":\"WebSite\",\"@id\":\"https:\/\/conservation-science.ch\/#website\",\"url\":\"https:\/\/conservation-science.ch\/\",\"name\":\"CSC - Conservation - Sciences\",\"description\":\"Transmission de connaissances dans le domaine des sciences de la conservation du patrimoine b\u00e2ti\",\"potentialAction\":[{\"@type\":\"SearchAction\",\"target\":{\"@type\":\"EntryPoint\",\"urlTemplate\":\"https:\/\/conservation-science.ch\/?s={search_term_string}\"},\"query-input\":{\"@type\":\"PropertyValueSpecification\",\"valueRequired\":true,\"valueName\":\"search_term_string\"}}],\"inLanguage\":\"fr-FR\"}]}<\/script>\n<!-- \/ Yoast SEO plugin. -->","yoast_head_json":{"title":"Mesures - Bl\u00e4uer - Conservation - Science","robots":{"index":"index","follow":"follow","max-snippet":"max-snippet:-1","max-image-preview":"max-image-preview:large","max-video-preview":"max-video-preview:-1"},"canonical":"https:\/\/conservation-science.ch\/?page_id=29700","og_locale":"fr_FR","og_type":"article","og_title":"Mesures - Bl\u00e4uer - Conservation - Science","og_description":"Mesures\u00a0in situ\u00a0et au laboratoire\u00a0: notre constat d&rsquo;\u00e9tat peut \u00eatre compl\u00e9t\u00e9 par des mesures\u00a0in situ de propri\u00e9t\u00e9s de surface telles que leur mouillabilit\u00e9 et\/ou capillarit\u00e9, etc. Si des mesures au laboratoire sont n\u00e9cessaires, nous ferons en sorte de proc\u00e9der \u00e0 un \u00e9chantillonnage le moins destructif possible, sur lequel nous pourrons d\u00e9terminer davantage de propri\u00e9t\u00e9s telles que &hellip; Continuer la lecture de Mesures","og_url":"https:\/\/conservation-science.ch\/?page_id=29700","og_site_name":"Bl\u00e4uer - Conservation - Science","article_modified_time":"2024-11-16T19:15:01+00:00","og_image":[{"url":"https:\/\/csc-sarl.ch\/wp-content\/uploads\/2018\/06\/prestations_mesures_xrf.jpg","type":"","width":"","height":""}],"twitter_card":"summary_large_image","twitter_misc":{"Dur\u00e9e de lecture estim\u00e9e":"1 minute"},"schema":{"@context":"https:\/\/schema.org","@graph":[{"@type":"WebPage","@id":"https:\/\/conservation-science.ch\/?page_id=29700","url":"https:\/\/conservation-science.ch\/?page_id=29700","name":"Mesures - Bl\u00e4uer - Conservation - Science","isPartOf":{"@id":"https:\/\/conservation-science.ch\/#website"},"primaryImageOfPage":{"@id":"https:\/\/conservation-science.ch\/?page_id=29700#primaryimage"},"image":{"@id":"https:\/\/conservation-science.ch\/?page_id=29700#primaryimage"},"thumbnailUrl":"https:\/\/csc-sarl.ch\/wp-content\/uploads\/2018\/06\/prestations_mesures_xrf.jpg","datePublished":"2018-06-13T14:34:24+00:00","dateModified":"2024-11-16T19:15:01+00:00","breadcrumb":{"@id":"https:\/\/conservation-science.ch\/?page_id=29700#breadcrumb"},"inLanguage":"fr-FR","potentialAction":[{"@type":"ReadAction","target":["https:\/\/conservation-science.ch\/?page_id=29700"]}]},{"@type":"ImageObject","inLanguage":"fr-FR","@id":"https:\/\/conservation-science.ch\/?page_id=29700#primaryimage","url":"https:\/\/csc-sarl.ch\/wp-content\/uploads\/2018\/06\/prestations_mesures_xrf.jpg","contentUrl":"https:\/\/csc-sarl.ch\/wp-content\/uploads\/2018\/06\/prestations_mesures_xrf.jpg"},{"@type":"BreadcrumbList","@id":"https:\/\/conservation-science.ch\/?page_id=29700#breadcrumb","itemListElement":[{"@type":"ListItem","position":1,"name":"Accueil","item":"https:\/\/conservation-science.ch\/"},{"@type":"ListItem","position":2,"name":"Activit\u00e9s","item":"https:\/\/conservation-science.ch\/?page_id=28902"},{"@type":"ListItem","position":3,"name":"Expertises et Conseils","item":"https:\/\/conservation-science.ch\/?page_id=28923"},{"@type":"ListItem","position":4,"name":"Mesures"}]},{"@type":"WebSite","@id":"https:\/\/conservation-science.ch\/#website","url":"https:\/\/conservation-science.ch\/","name":"CSC - Conservation - Sciences","description":"Transmission de connaissances dans le domaine des sciences de la conservation du patrimoine b\u00e2ti","potentialAction":[{"@type":"SearchAction","target":{"@type":"EntryPoint","urlTemplate":"https:\/\/conservation-science.ch\/?s={search_term_string}"},"query-input":{"@type":"PropertyValueSpecification","valueRequired":true,"valueName":"search_term_string"}}],"inLanguage":"fr-FR"}]}},"_links":{"self":[{"href":"https:\/\/conservation-science.ch\/index.php?rest_route=\/wp\/v2\/pages\/29700","targetHints":{"allow":["GET"]}}],"collection":[{"href":"https:\/\/conservation-science.ch\/index.php?rest_route=\/wp\/v2\/pages"}],"about":[{"href":"https:\/\/conservation-science.ch\/index.php?rest_route=\/wp\/v2\/types\/page"}],"author":[{"embeddable":true,"href":"https:\/\/conservation-science.ch\/index.php?rest_route=\/wp\/v2\/users\/1"}],"replies":[{"embeddable":true,"href":"https:\/\/conservation-science.ch\/index.php?rest_route=%2Fwp%2Fv2%2Fcomments&post=29700"}],"version-history":[{"count":7,"href":"https:\/\/conservation-science.ch\/index.php?rest_route=\/wp\/v2\/pages\/29700\/revisions"}],"predecessor-version":[{"id":40445,"href":"https:\/\/conservation-science.ch\/index.php?rest_route=\/wp\/v2\/pages\/29700\/revisions\/40445"}],"up":[{"embeddable":true,"href":"https:\/\/conservation-science.ch\/index.php?rest_route=\/wp\/v2\/pages\/28923"}],"wp:attachment":[{"href":"https:\/\/conservation-science.ch\/index.php?rest_route=%2Fwp%2Fv2%2Fmedia&parent=29700"}],"curies":[{"name":"wp","href":"https:\/\/api.w.org\/{rel}","templated":true}]}}