{"id":29042,"date":"2018-06-11T11:36:40","date_gmt":"2018-06-11T09:36:40","guid":{"rendered":"https:\/\/objectif-lune.ch\/?page_id=29042"},"modified":"2024-11-16T21:18:39","modified_gmt":"2024-11-16T20:18:39","slug":"recherche-appliquee","status":"publish","type":"page","link":"https:\/\/conservation-science.ch\/?page_id=29042","title":{"rendered":"Recherche appliqu\u00e9e"},"content":{"rendered":"<p style=\"text-align: justify;\"><strong>D<\/strong>e mani\u00e8re g\u00e9n\u00e9rale, nous nous int\u00e9ressons aux ph\u00e9nom\u00e8nes p\u00e9trophysiques (mouillabilit\u00e9, capillarit\u00e9, s\u00e9chage, transfert de vapeur) entrant en jeu lors des traitements des pierres et des mortiers ou lors des processus d&rsquo;alt\u00e9ration (<a href=\"\/publications\/\">voir publications<\/a>).<\/p>\n<table class=\"style1\" border=\"0\" width=\"555\" align=\"center\">\n<tbody>\n<tr>\n<td><strong>\u00a02011<\/strong><\/td>\n<\/tr>\n<tr>\n<td>\n<ul>\n<li style=\"text-align: justify;\"><a href=\"\/activites\/recherche-appliquee\/taches-humides\/\">Les taches humides<\/a>\u00a0: \u00e9tudes de cas en ville de Fribourg et approche exp\u00e9rimentale ; stage de Matthieu Fuscien dans le cadre du MAS &#8211; Master Advanced Study &#8211; Conservation du patrimoine de l&rsquo;UNIGE<\/li>\n<\/ul>\n<\/td>\n<\/tr>\n<tr>\n<td><strong>2007-2009<\/strong><\/td>\n<\/tr>\n<tr>\n<td>\n<ul>\n<li style=\"text-align: justify;\"><a href=\"\/activites\/recherche-appliquee\/suivi-des-consolidations\/\">Contr\u00f4le et suivi des consolidations<\/a>\u00a0; projet r\u00e9alis\u00e9 pour les cath\u00e9drales de B\u00e2le, Berne, Fribourg et Lausanne<\/li>\n<\/ul>\n<\/td>\n<\/tr>\n<\/tbody>\n<\/table>\n","protected":false},"excerpt":{"rendered":"<p>De mani\u00e8re g\u00e9n\u00e9rale, nous nous int\u00e9ressons aux ph\u00e9nom\u00e8nes p\u00e9trophysiques (mouillabilit\u00e9, capillarit\u00e9, s\u00e9chage, transfert de vapeur) entrant en jeu lors des traitements des pierres et des mortiers ou lors des processus d&rsquo;alt\u00e9ration (voir publications). \u00a02011 Les taches humides\u00a0: \u00e9tudes de cas en ville de Fribourg et approche exp\u00e9rimentale ; stage de Matthieu Fuscien dans le cadre &hellip; <a href=\"https:\/\/conservation-science.ch\/?page_id=29042\" class=\"more-link\">Continuer la lecture de <span class=\"screen-reader-text\">Recherche appliqu\u00e9e<\/span><\/a><\/p>\n","protected":false},"author":1,"featured_media":0,"parent":28902,"menu_order":3,"comment_status":"closed","ping_status":"closed","template":"","meta":{"footnotes":""},"class_list":["post-29042","page","type-page","status-publish","hentry"],"yoast_head":"<!-- This site is optimized with the Yoast SEO plugin v27.2 - https:\/\/yoast.com\/product\/yoast-seo-wordpress\/ -->\n<title>Recherche appliqu\u00e9e - Bl\u00e4uer - Conservation - Science<\/title>\n<meta name=\"robots\" content=\"index, follow, max-snippet:-1, max-image-preview:large, max-video-preview:-1\" \/>\n<link rel=\"canonical\" href=\"https:\/\/conservation-science.ch\/?page_id=29042\" \/>\n<meta property=\"og:locale\" content=\"fr_FR\" \/>\n<meta property=\"og:type\" content=\"article\" \/>\n<meta property=\"og:title\" content=\"Recherche appliqu\u00e9e - Bl\u00e4uer - Conservation - Science\" \/>\n<meta property=\"og:description\" content=\"De mani\u00e8re g\u00e9n\u00e9rale, nous nous int\u00e9ressons aux ph\u00e9nom\u00e8nes p\u00e9trophysiques (mouillabilit\u00e9, capillarit\u00e9, s\u00e9chage, transfert de vapeur) entrant en jeu lors des traitements des pierres et des mortiers ou lors des processus d&rsquo;alt\u00e9ration (voir publications). \u00a02011 Les taches humides\u00a0: \u00e9tudes de cas en ville de Fribourg et approche exp\u00e9rimentale ; stage de Matthieu Fuscien dans le cadre &hellip; Continuer la lecture de Recherche appliqu\u00e9e\" \/>\n<meta property=\"og:url\" content=\"https:\/\/conservation-science.ch\/?page_id=29042\" \/>\n<meta property=\"og:site_name\" content=\"Bl\u00e4uer - Conservation - Science\" \/>\n<meta property=\"article:modified_time\" content=\"2024-11-16T20:18:39+00:00\" \/>\n<meta name=\"twitter:card\" content=\"summary_large_image\" \/>\n<meta name=\"twitter:label1\" content=\"Dur\u00e9e de lecture estim\u00e9e\" \/>\n\t<meta name=\"twitter:data1\" content=\"1 minute\" \/>\n<script type=\"application\/ld+json\" class=\"yoast-schema-graph\">{\"@context\":\"https:\/\/schema.org\",\"@graph\":[{\"@type\":\"WebPage\",\"@id\":\"https:\/\/conservation-science.ch\/?page_id=29042\",\"url\":\"https:\/\/conservation-science.ch\/?page_id=29042\",\"name\":\"Recherche appliqu\u00e9e - Bl\u00e4uer - Conservation - Science\",\"isPartOf\":{\"@id\":\"https:\/\/conservation-science.ch\/#website\"},\"datePublished\":\"2018-06-11T09:36:40+00:00\",\"dateModified\":\"2024-11-16T20:18:39+00:00\",\"breadcrumb\":{\"@id\":\"https:\/\/conservation-science.ch\/?page_id=29042#breadcrumb\"},\"inLanguage\":\"fr-FR\",\"potentialAction\":[{\"@type\":\"ReadAction\",\"target\":[\"https:\/\/conservation-science.ch\/?page_id=29042\"]}]},{\"@type\":\"BreadcrumbList\",\"@id\":\"https:\/\/conservation-science.ch\/?page_id=29042#breadcrumb\",\"itemListElement\":[{\"@type\":\"ListItem\",\"position\":1,\"name\":\"Accueil\",\"item\":\"https:\/\/conservation-science.ch\/\"},{\"@type\":\"ListItem\",\"position\":2,\"name\":\"Activit\u00e9s\",\"item\":\"https:\/\/conservation-science.ch\/?page_id=28902\"},{\"@type\":\"ListItem\",\"position\":3,\"name\":\"Recherche appliqu\u00e9e\"}]},{\"@type\":\"WebSite\",\"@id\":\"https:\/\/conservation-science.ch\/#website\",\"url\":\"https:\/\/conservation-science.ch\/\",\"name\":\"CSC - Conservation - Sciences\",\"description\":\"Transmission de connaissances dans le domaine des sciences de la conservation du patrimoine b\u00e2ti\",\"potentialAction\":[{\"@type\":\"SearchAction\",\"target\":{\"@type\":\"EntryPoint\",\"urlTemplate\":\"https:\/\/conservation-science.ch\/?s={search_term_string}\"},\"query-input\":{\"@type\":\"PropertyValueSpecification\",\"valueRequired\":true,\"valueName\":\"search_term_string\"}}],\"inLanguage\":\"fr-FR\"}]}<\/script>\n<!-- \/ Yoast SEO plugin. -->","yoast_head_json":{"title":"Recherche appliqu\u00e9e - Bl\u00e4uer - Conservation - Science","robots":{"index":"index","follow":"follow","max-snippet":"max-snippet:-1","max-image-preview":"max-image-preview:large","max-video-preview":"max-video-preview:-1"},"canonical":"https:\/\/conservation-science.ch\/?page_id=29042","og_locale":"fr_FR","og_type":"article","og_title":"Recherche appliqu\u00e9e - Bl\u00e4uer - Conservation - Science","og_description":"De mani\u00e8re g\u00e9n\u00e9rale, nous nous int\u00e9ressons aux ph\u00e9nom\u00e8nes p\u00e9trophysiques (mouillabilit\u00e9, capillarit\u00e9, s\u00e9chage, transfert de vapeur) entrant en jeu lors des traitements des pierres et des mortiers ou lors des processus d&rsquo;alt\u00e9ration (voir publications). \u00a02011 Les taches humides\u00a0: \u00e9tudes de cas en ville de Fribourg et approche exp\u00e9rimentale ; stage de Matthieu Fuscien dans le cadre &hellip; Continuer la lecture de Recherche appliqu\u00e9e","og_url":"https:\/\/conservation-science.ch\/?page_id=29042","og_site_name":"Bl\u00e4uer - Conservation - Science","article_modified_time":"2024-11-16T20:18:39+00:00","twitter_card":"summary_large_image","twitter_misc":{"Dur\u00e9e de lecture estim\u00e9e":"1 minute"},"schema":{"@context":"https:\/\/schema.org","@graph":[{"@type":"WebPage","@id":"https:\/\/conservation-science.ch\/?page_id=29042","url":"https:\/\/conservation-science.ch\/?page_id=29042","name":"Recherche appliqu\u00e9e - Bl\u00e4uer - Conservation - Science","isPartOf":{"@id":"https:\/\/conservation-science.ch\/#website"},"datePublished":"2018-06-11T09:36:40+00:00","dateModified":"2024-11-16T20:18:39+00:00","breadcrumb":{"@id":"https:\/\/conservation-science.ch\/?page_id=29042#breadcrumb"},"inLanguage":"fr-FR","potentialAction":[{"@type":"ReadAction","target":["https:\/\/conservation-science.ch\/?page_id=29042"]}]},{"@type":"BreadcrumbList","@id":"https:\/\/conservation-science.ch\/?page_id=29042#breadcrumb","itemListElement":[{"@type":"ListItem","position":1,"name":"Accueil","item":"https:\/\/conservation-science.ch\/"},{"@type":"ListItem","position":2,"name":"Activit\u00e9s","item":"https:\/\/conservation-science.ch\/?page_id=28902"},{"@type":"ListItem","position":3,"name":"Recherche appliqu\u00e9e"}]},{"@type":"WebSite","@id":"https:\/\/conservation-science.ch\/#website","url":"https:\/\/conservation-science.ch\/","name":"CSC - Conservation - Sciences","description":"Transmission de connaissances dans le domaine des sciences de la conservation du patrimoine b\u00e2ti","potentialAction":[{"@type":"SearchAction","target":{"@type":"EntryPoint","urlTemplate":"https:\/\/conservation-science.ch\/?s={search_term_string}"},"query-input":{"@type":"PropertyValueSpecification","valueRequired":true,"valueName":"search_term_string"}}],"inLanguage":"fr-FR"}]}},"_links":{"self":[{"href":"https:\/\/conservation-science.ch\/index.php?rest_route=\/wp\/v2\/pages\/29042","targetHints":{"allow":["GET"]}}],"collection":[{"href":"https:\/\/conservation-science.ch\/index.php?rest_route=\/wp\/v2\/pages"}],"about":[{"href":"https:\/\/conservation-science.ch\/index.php?rest_route=\/wp\/v2\/types\/page"}],"author":[{"embeddable":true,"href":"https:\/\/conservation-science.ch\/index.php?rest_route=\/wp\/v2\/users\/1"}],"replies":[{"embeddable":true,"href":"https:\/\/conservation-science.ch\/index.php?rest_route=%2Fwp%2Fv2%2Fcomments&post=29042"}],"version-history":[{"count":3,"href":"https:\/\/conservation-science.ch\/index.php?rest_route=\/wp\/v2\/pages\/29042\/revisions"}],"predecessor-version":[{"id":40481,"href":"https:\/\/conservation-science.ch\/index.php?rest_route=\/wp\/v2\/pages\/29042\/revisions\/40481"}],"up":[{"embeddable":true,"href":"https:\/\/conservation-science.ch\/index.php?rest_route=\/wp\/v2\/pages\/28902"}],"wp:attachment":[{"href":"https:\/\/conservation-science.ch\/index.php?rest_route=%2Fwp%2Fv2%2Fmedia&parent=29042"}],"curies":[{"name":"wp","href":"https:\/\/api.w.org\/{rel}","templated":true}]}}