{"id":28923,"date":"2018-06-10T15:48:06","date_gmt":"2018-06-10T13:48:06","guid":{"rendered":"https:\/\/objectif-lune.ch\/?page_id=28923"},"modified":"2024-11-16T20:06:37","modified_gmt":"2024-11-16T19:06:37","slug":"expertises-et-conseils","status":"publish","type":"page","link":"https:\/\/conservation-science.ch\/?page_id=28923","title":{"rendered":"Expertises et Conseils"},"content":{"rendered":"<p>Pour vous conseiller et vous soutenir lors de vos travaux de conservation-restauration, nous vous proposons les services suivants :<\/p>\n<p>&nbsp;<\/p>\n<p>&#8211; <a href=\"\/activites\/expertises-et-conseils\/consultations\/\">Consultations<\/a><\/p>\n<p>&#8211; <a href=\"\/activites\/expertises-et-conseils\/constat-detat-des-materiaux\/\">Constat d&rsquo;\u00e9tat des mat\u00e9riaux<\/a><\/p>\n<p>&#8211; <a href=\"\/activites\/expertises-et-conseils\/cartographie\/\">Cartographie<\/a><\/p>\n<p>&#8211; <a href=\"\/activites\/expertises-et-conseils\/mesures\/\">Mesures in situ et au laboratoire<\/a><\/p>\n<p>&#8211; <a href=\"\/activites\/expertises-et-conseils\/analyse\/\">Analyse des mat\u00e9riaux<\/a><\/p>\n<p>&#8211; <a href=\"\/activites\/expertises-et-conseils\/evaluation-de-limpact\/\">Evaluation de l&rsquo;impact des interventions<\/a><\/p>\n<p>&#8211; <a href=\"\/activites\/expertises-et-conseils\/evaluation-de-la-perennite\/\">Evaluation de la p\u00e9rennit\u00e9 des mat\u00e9riaux et des interventions<\/a><\/p>\n<p>&#8211; <a href=\"\/activites\/expertises-et-conseils\/plans-de-maintenance\/\">Plans de maintenance<\/a><\/p>\n","protected":false},"excerpt":{"rendered":"<p>Pour vous conseiller et vous soutenir lors de vos travaux de conservation-restauration, nous vous proposons les services suivants : &nbsp; &#8211; Consultations &#8211; Constat d&rsquo;\u00e9tat des mat\u00e9riaux &#8211; Cartographie &#8211; Mesures in situ et au laboratoire &#8211; Analyse des mat\u00e9riaux &#8211; Evaluation de l&rsquo;impact des interventions &#8211; Evaluation de la p\u00e9rennit\u00e9 des mat\u00e9riaux et des &hellip; <a href=\"https:\/\/conservation-science.ch\/?page_id=28923\" class=\"more-link\">Continuer la lecture de <span class=\"screen-reader-text\">Expertises et Conseils<\/span><\/a><\/p>\n","protected":false},"author":1,"featured_media":0,"parent":28902,"menu_order":0,"comment_status":"closed","ping_status":"closed","template":"","meta":{"footnotes":""},"class_list":["post-28923","page","type-page","status-publish","hentry"],"yoast_head":"<!-- This site is optimized with the Yoast SEO plugin v27.2 - https:\/\/yoast.com\/product\/yoast-seo-wordpress\/ -->\n<title>Expertises et Conseils - Bl\u00e4uer - Conservation - Science<\/title>\n<meta name=\"robots\" content=\"index, follow, max-snippet:-1, max-image-preview:large, max-video-preview:-1\" \/>\n<link rel=\"canonical\" href=\"https:\/\/conservation-science.ch\/?page_id=28923\" \/>\n<meta property=\"og:locale\" content=\"fr_FR\" \/>\n<meta property=\"og:type\" content=\"article\" \/>\n<meta property=\"og:title\" content=\"Expertises et Conseils - Bl\u00e4uer - Conservation - Science\" \/>\n<meta property=\"og:description\" content=\"Pour vous conseiller et vous soutenir lors de vos travaux de conservation-restauration, nous vous proposons les services suivants : &nbsp; &#8211; Consultations &#8211; Constat d&rsquo;\u00e9tat des mat\u00e9riaux &#8211; Cartographie &#8211; Mesures in situ et au laboratoire &#8211; Analyse des mat\u00e9riaux &#8211; Evaluation de l&rsquo;impact des interventions &#8211; Evaluation de la p\u00e9rennit\u00e9 des mat\u00e9riaux et des &hellip; Continuer la lecture de Expertises et Conseils\" \/>\n<meta property=\"og:url\" content=\"https:\/\/conservation-science.ch\/?page_id=28923\" \/>\n<meta property=\"og:site_name\" content=\"Bl\u00e4uer - Conservation - Science\" \/>\n<meta property=\"article:modified_time\" content=\"2024-11-16T19:06:37+00:00\" \/>\n<meta name=\"twitter:card\" content=\"summary_large_image\" \/>\n<meta name=\"twitter:label1\" content=\"Dur\u00e9e de lecture estim\u00e9e\" \/>\n\t<meta name=\"twitter:data1\" content=\"1 minute\" \/>\n<script type=\"application\/ld+json\" class=\"yoast-schema-graph\">{\"@context\":\"https:\/\/schema.org\",\"@graph\":[{\"@type\":\"WebPage\",\"@id\":\"https:\/\/conservation-science.ch\/?page_id=28923\",\"url\":\"https:\/\/conservation-science.ch\/?page_id=28923\",\"name\":\"Expertises et Conseils - Bl\u00e4uer - Conservation - Science\",\"isPartOf\":{\"@id\":\"https:\/\/conservation-science.ch\/#website\"},\"datePublished\":\"2018-06-10T13:48:06+00:00\",\"dateModified\":\"2024-11-16T19:06:37+00:00\",\"breadcrumb\":{\"@id\":\"https:\/\/conservation-science.ch\/?page_id=28923#breadcrumb\"},\"inLanguage\":\"fr-FR\",\"potentialAction\":[{\"@type\":\"ReadAction\",\"target\":[\"https:\/\/conservation-science.ch\/?page_id=28923\"]}]},{\"@type\":\"BreadcrumbList\",\"@id\":\"https:\/\/conservation-science.ch\/?page_id=28923#breadcrumb\",\"itemListElement\":[{\"@type\":\"ListItem\",\"position\":1,\"name\":\"Accueil\",\"item\":\"https:\/\/conservation-science.ch\/\"},{\"@type\":\"ListItem\",\"position\":2,\"name\":\"Activit\u00e9s\",\"item\":\"https:\/\/conservation-science.ch\/?page_id=28902\"},{\"@type\":\"ListItem\",\"position\":3,\"name\":\"Expertises et Conseils\"}]},{\"@type\":\"WebSite\",\"@id\":\"https:\/\/conservation-science.ch\/#website\",\"url\":\"https:\/\/conservation-science.ch\/\",\"name\":\"CSC - Conservation - Sciences\",\"description\":\"Transmission de connaissances dans le domaine des sciences de la conservation du patrimoine b\u00e2ti\",\"potentialAction\":[{\"@type\":\"SearchAction\",\"target\":{\"@type\":\"EntryPoint\",\"urlTemplate\":\"https:\/\/conservation-science.ch\/?s={search_term_string}\"},\"query-input\":{\"@type\":\"PropertyValueSpecification\",\"valueRequired\":true,\"valueName\":\"search_term_string\"}}],\"inLanguage\":\"fr-FR\"}]}<\/script>\n<!-- \/ Yoast SEO plugin. -->","yoast_head_json":{"title":"Expertises et Conseils - Bl\u00e4uer - Conservation - Science","robots":{"index":"index","follow":"follow","max-snippet":"max-snippet:-1","max-image-preview":"max-image-preview:large","max-video-preview":"max-video-preview:-1"},"canonical":"https:\/\/conservation-science.ch\/?page_id=28923","og_locale":"fr_FR","og_type":"article","og_title":"Expertises et Conseils - Bl\u00e4uer - Conservation - Science","og_description":"Pour vous conseiller et vous soutenir lors de vos travaux de conservation-restauration, nous vous proposons les services suivants : &nbsp; &#8211; Consultations &#8211; Constat d&rsquo;\u00e9tat des mat\u00e9riaux &#8211; Cartographie &#8211; Mesures in situ et au laboratoire &#8211; Analyse des mat\u00e9riaux &#8211; Evaluation de l&rsquo;impact des interventions &#8211; Evaluation de la p\u00e9rennit\u00e9 des mat\u00e9riaux et des &hellip; Continuer la lecture de Expertises et Conseils","og_url":"https:\/\/conservation-science.ch\/?page_id=28923","og_site_name":"Bl\u00e4uer - Conservation - Science","article_modified_time":"2024-11-16T19:06:37+00:00","twitter_card":"summary_large_image","twitter_misc":{"Dur\u00e9e de lecture estim\u00e9e":"1 minute"},"schema":{"@context":"https:\/\/schema.org","@graph":[{"@type":"WebPage","@id":"https:\/\/conservation-science.ch\/?page_id=28923","url":"https:\/\/conservation-science.ch\/?page_id=28923","name":"Expertises et Conseils - Bl\u00e4uer - Conservation - Science","isPartOf":{"@id":"https:\/\/conservation-science.ch\/#website"},"datePublished":"2018-06-10T13:48:06+00:00","dateModified":"2024-11-16T19:06:37+00:00","breadcrumb":{"@id":"https:\/\/conservation-science.ch\/?page_id=28923#breadcrumb"},"inLanguage":"fr-FR","potentialAction":[{"@type":"ReadAction","target":["https:\/\/conservation-science.ch\/?page_id=28923"]}]},{"@type":"BreadcrumbList","@id":"https:\/\/conservation-science.ch\/?page_id=28923#breadcrumb","itemListElement":[{"@type":"ListItem","position":1,"name":"Accueil","item":"https:\/\/conservation-science.ch\/"},{"@type":"ListItem","position":2,"name":"Activit\u00e9s","item":"https:\/\/conservation-science.ch\/?page_id=28902"},{"@type":"ListItem","position":3,"name":"Expertises et Conseils"}]},{"@type":"WebSite","@id":"https:\/\/conservation-science.ch\/#website","url":"https:\/\/conservation-science.ch\/","name":"CSC - Conservation - Sciences","description":"Transmission de connaissances dans le domaine des sciences de la conservation du patrimoine b\u00e2ti","potentialAction":[{"@type":"SearchAction","target":{"@type":"EntryPoint","urlTemplate":"https:\/\/conservation-science.ch\/?s={search_term_string}"},"query-input":{"@type":"PropertyValueSpecification","valueRequired":true,"valueName":"search_term_string"}}],"inLanguage":"fr-FR"}]}},"_links":{"self":[{"href":"https:\/\/conservation-science.ch\/index.php?rest_route=\/wp\/v2\/pages\/28923","targetHints":{"allow":["GET"]}}],"collection":[{"href":"https:\/\/conservation-science.ch\/index.php?rest_route=\/wp\/v2\/pages"}],"about":[{"href":"https:\/\/conservation-science.ch\/index.php?rest_route=\/wp\/v2\/types\/page"}],"author":[{"embeddable":true,"href":"https:\/\/conservation-science.ch\/index.php?rest_route=\/wp\/v2\/users\/1"}],"replies":[{"embeddable":true,"href":"https:\/\/conservation-science.ch\/index.php?rest_route=%2Fwp%2Fv2%2Fcomments&post=28923"}],"version-history":[{"count":3,"href":"https:\/\/conservation-science.ch\/index.php?rest_route=\/wp\/v2\/pages\/28923\/revisions"}],"predecessor-version":[{"id":40431,"href":"https:\/\/conservation-science.ch\/index.php?rest_route=\/wp\/v2\/pages\/28923\/revisions\/40431"}],"up":[{"embeddable":true,"href":"https:\/\/conservation-science.ch\/index.php?rest_route=\/wp\/v2\/pages\/28902"}],"wp:attachment":[{"href":"https:\/\/conservation-science.ch\/index.php?rest_route=%2Fwp%2Fv2%2Fmedia&parent=28923"}],"curies":[{"name":"wp","href":"https:\/\/api.w.org\/{rel}","templated":true}]}}