{"id":28902,"date":"2018-06-10T15:30:41","date_gmt":"2018-06-10T13:30:41","guid":{"rendered":"https:\/\/objectif-lune.ch\/?page_id=28902"},"modified":"2024-11-16T19:46:36","modified_gmt":"2024-11-16T18:46:36","slug":"activites","status":"publish","type":"page","link":"https:\/\/conservation-science.ch\/?page_id=28902","title":{"rendered":"Activit\u00e9s"},"content":{"rendered":"<p style=\"text-align: justify;\">Nous vous proposons des\u00a0<a href=\"\/activites\/expertises-et-conseils\/\">expertises<\/a>\u00a0bas\u00e9es sur des observations et des analyses <em>in situ<\/em>. Afin de vous rendre autonomes lors de vos travaux de conservation et\/ou restauration, il vous est possible de suivre des formations sp\u00e9cialis\u00e9es sur demande ou en participant \u00e0 nos\u00a0<a href=\"\/activites\/enseignement-et-formations\/\">enseignements<\/a>\u00a0donn\u00e9s dans le cadre du cursus des hautes \u00e9coles sp\u00e9cialis\u00e9es, des universit\u00e9s ou des \u00e9coles polytechniques.<br \/>\nNos comp\u00e9tences et nos contacts nous permettent aussi de vous soutenir au moyen de\u00a0<a href=\"\/activites\/recherche-appliquee\/\">projets de recherche<\/a>\u00a0appliqu\u00e9e et\/ou de vous aider \u00e0 r\u00e9diger vos plaquettes publicitaires, ou tout autres documents ou communications, destin\u00e9(e)s \u00e0 valoriser vos monuments et\/ou sites aupr\u00e8s du grand public.<\/p>\n<h6>Pour en savoir plus sur nos activit\u00e9s :<\/h6>\n<p>&nbsp;<\/p>\n<table style=\"width: 634px;\" border=\"0\" width=\"500\">\n<tbody>\n<tr style=\"height: 77px;\">\n<td style=\"width: 100px; height: 77px; vertical-align: top;\" width=\"105\" height=\"\"><img loading=\"lazy\" decoding=\"async\" class=\"alignnone size-full wp-image-28906\" src=\"https:\/\/csc-sarl.ch\/wp-content\/uploads\/2018\/06\/xbmesuresxrf_100px.jpg\" alt=\"\" width=\"100\" height=\"72\" \/><\/td>\n<td style=\"width: 190px; height: 77px; vertical-align: top;\" width=\"200\" height=\"\"><a href=\"\/activites\/expertises-et-conseils\/\">de services<\/a><\/td>\n<td style=\"width: 134px; height: 77px; vertical-align: top;\"><img loading=\"lazy\" decoding=\"async\" class=\"alignnone wp-image-28904 size-full\" src=\"https:\/\/csc-sarl.ch\/wp-content\/uploads\/2018\/06\/extractionselsmatthieufuscien_100px.jpg\" alt=\"\" width=\"100\" height=\"72\" \/><\/td>\n<td style=\"width: 210px; height: 77px; vertical-align: top;\" width=\"200\" height=\"\"><a href=\"\/activites\/recherche-appliquee\/\">de recherche<\/a><\/td>\n<\/tr>\n<tr style=\"height: 102px;\">\n<td style=\"width: 100px; height: 102px; vertical-align: top;\"><img loading=\"lazy\" decoding=\"async\" class=\"alignnone size-full wp-image-28903\" src=\"https:\/\/csc-sarl.ch\/wp-content\/uploads\/2018\/06\/coursburgdorf_100px.jpg\" alt=\"\" width=\"100\" height=\"72\" \/><\/td>\n<td style=\"width: 190px; height: 102px; vertical-align: top;\"><a href=\"\/activites\/enseignement-et-formations\/\">d&rsquo;instruction et enseignement<\/a><\/td>\n<td style=\"width: 134px; height: 102px; vertical-align: top;\"><img loading=\"lazy\" decoding=\"async\" class=\"alignnone size-full wp-image-28905\" src=\"https:\/\/csc-sarl.ch\/wp-content\/uploads\/2018\/06\/visiteguideefr2011archeo_100px.jpg\" alt=\"\" width=\"100\" height=\"72\" \/><\/td>\n<td style=\"width: 210px; height: 102px; vertical-align: top;\"><a href=\"\/activites\/visites-geologiques-en-ville\/\">de visites guid\u00e9es<\/a><\/td>\n<\/tr>\n<tr style=\"height: 24px;\">\n<td style=\"width: 100px; height: 24px;\"><\/td>\n<td style=\"width: 190px; height: 24px;\"><\/td>\n<td style=\"width: 134px; height: 24px;\"><\/td>\n<td style=\"width: 210px; height: 24px;\"><\/td>\n<\/tr>\n<\/tbody>\n<\/table>\n","protected":false},"excerpt":{"rendered":"<p>Nous vous proposons des\u00a0expertises\u00a0bas\u00e9es sur des observations et des analyses in situ. Afin de vous rendre autonomes lors de vos travaux de conservation et\/ou restauration, il vous est possible de suivre des formations sp\u00e9cialis\u00e9es sur demande ou en participant \u00e0 nos\u00a0enseignements\u00a0donn\u00e9s dans le cadre du cursus des hautes \u00e9coles sp\u00e9cialis\u00e9es, des universit\u00e9s ou des \u00e9coles &hellip; <a href=\"https:\/\/conservation-science.ch\/?page_id=28902\" class=\"more-link\">Continuer la lecture de <span class=\"screen-reader-text\">Activit\u00e9s<\/span><\/a><\/p>\n","protected":false},"author":1,"featured_media":0,"parent":0,"menu_order":3,"comment_status":"closed","ping_status":"closed","template":"","meta":{"footnotes":""},"class_list":["post-28902","page","type-page","status-publish","hentry"],"yoast_head":"<!-- This site is optimized with the Yoast SEO plugin v27.2 - https:\/\/yoast.com\/product\/yoast-seo-wordpress\/ -->\n<title>Activit\u00e9s - Bl\u00e4uer - Conservation - Science<\/title>\n<meta name=\"robots\" content=\"index, follow, max-snippet:-1, max-image-preview:large, max-video-preview:-1\" \/>\n<link rel=\"canonical\" href=\"https:\/\/conservation-science.ch\/?page_id=28902\" \/>\n<meta property=\"og:locale\" content=\"fr_FR\" \/>\n<meta property=\"og:type\" content=\"article\" \/>\n<meta property=\"og:title\" content=\"Activit\u00e9s - Bl\u00e4uer - Conservation - Science\" \/>\n<meta property=\"og:description\" content=\"Nous vous proposons des\u00a0expertises\u00a0bas\u00e9es sur des observations et des analyses in situ. Afin de vous rendre autonomes lors de vos travaux de conservation et\/ou restauration, il vous est possible de suivre des formations sp\u00e9cialis\u00e9es sur demande ou en participant \u00e0 nos\u00a0enseignements\u00a0donn\u00e9s dans le cadre du cursus des hautes \u00e9coles sp\u00e9cialis\u00e9es, des universit\u00e9s ou des \u00e9coles &hellip; Continuer la lecture de Activit\u00e9s\" \/>\n<meta property=\"og:url\" content=\"https:\/\/conservation-science.ch\/?page_id=28902\" \/>\n<meta property=\"og:site_name\" content=\"Bl\u00e4uer - Conservation - Science\" \/>\n<meta property=\"article:modified_time\" content=\"2024-11-16T18:46:36+00:00\" \/>\n<meta property=\"og:image\" content=\"https:\/\/csc-sarl.ch\/wp-content\/uploads\/2018\/06\/xbmesuresxrf_100px.jpg\" \/>\n<meta name=\"twitter:card\" content=\"summary_large_image\" \/>\n<meta name=\"twitter:label1\" content=\"Dur\u00e9e de lecture estim\u00e9e\" \/>\n\t<meta name=\"twitter:data1\" content=\"2 minutes\" \/>\n<script type=\"application\/ld+json\" class=\"yoast-schema-graph\">{\"@context\":\"https:\/\/schema.org\",\"@graph\":[{\"@type\":\"WebPage\",\"@id\":\"https:\/\/conservation-science.ch\/?page_id=28902\",\"url\":\"https:\/\/conservation-science.ch\/?page_id=28902\",\"name\":\"Activit\u00e9s - Bl\u00e4uer - Conservation - Science\",\"isPartOf\":{\"@id\":\"https:\/\/conservation-science.ch\/#website\"},\"primaryImageOfPage\":{\"@id\":\"https:\/\/conservation-science.ch\/?page_id=28902#primaryimage\"},\"image\":{\"@id\":\"https:\/\/conservation-science.ch\/?page_id=28902#primaryimage\"},\"thumbnailUrl\":\"https:\/\/csc-sarl.ch\/wp-content\/uploads\/2018\/06\/xbmesuresxrf_100px.jpg\",\"datePublished\":\"2018-06-10T13:30:41+00:00\",\"dateModified\":\"2024-11-16T18:46:36+00:00\",\"breadcrumb\":{\"@id\":\"https:\/\/conservation-science.ch\/?page_id=28902#breadcrumb\"},\"inLanguage\":\"fr-FR\",\"potentialAction\":[{\"@type\":\"ReadAction\",\"target\":[\"https:\/\/conservation-science.ch\/?page_id=28902\"]}]},{\"@type\":\"ImageObject\",\"inLanguage\":\"fr-FR\",\"@id\":\"https:\/\/conservation-science.ch\/?page_id=28902#primaryimage\",\"url\":\"https:\/\/csc-sarl.ch\/wp-content\/uploads\/2018\/06\/xbmesuresxrf_100px.jpg\",\"contentUrl\":\"https:\/\/csc-sarl.ch\/wp-content\/uploads\/2018\/06\/xbmesuresxrf_100px.jpg\"},{\"@type\":\"BreadcrumbList\",\"@id\":\"https:\/\/conservation-science.ch\/?page_id=28902#breadcrumb\",\"itemListElement\":[{\"@type\":\"ListItem\",\"position\":1,\"name\":\"Accueil\",\"item\":\"https:\/\/conservation-science.ch\/\"},{\"@type\":\"ListItem\",\"position\":2,\"name\":\"Activit\u00e9s\"}]},{\"@type\":\"WebSite\",\"@id\":\"https:\/\/conservation-science.ch\/#website\",\"url\":\"https:\/\/conservation-science.ch\/\",\"name\":\"CSC - Conservation - Sciences\",\"description\":\"Transmission de connaissances dans le domaine des sciences de la conservation du patrimoine b\u00e2ti\",\"potentialAction\":[{\"@type\":\"SearchAction\",\"target\":{\"@type\":\"EntryPoint\",\"urlTemplate\":\"https:\/\/conservation-science.ch\/?s={search_term_string}\"},\"query-input\":{\"@type\":\"PropertyValueSpecification\",\"valueRequired\":true,\"valueName\":\"search_term_string\"}}],\"inLanguage\":\"fr-FR\"}]}<\/script>\n<!-- \/ Yoast SEO plugin. -->","yoast_head_json":{"title":"Activit\u00e9s - Bl\u00e4uer - Conservation - Science","robots":{"index":"index","follow":"follow","max-snippet":"max-snippet:-1","max-image-preview":"max-image-preview:large","max-video-preview":"max-video-preview:-1"},"canonical":"https:\/\/conservation-science.ch\/?page_id=28902","og_locale":"fr_FR","og_type":"article","og_title":"Activit\u00e9s - Bl\u00e4uer - Conservation - Science","og_description":"Nous vous proposons des\u00a0expertises\u00a0bas\u00e9es sur des observations et des analyses in situ. Afin de vous rendre autonomes lors de vos travaux de conservation et\/ou restauration, il vous est possible de suivre des formations sp\u00e9cialis\u00e9es sur demande ou en participant \u00e0 nos\u00a0enseignements\u00a0donn\u00e9s dans le cadre du cursus des hautes \u00e9coles sp\u00e9cialis\u00e9es, des universit\u00e9s ou des \u00e9coles &hellip; Continuer la lecture de Activit\u00e9s","og_url":"https:\/\/conservation-science.ch\/?page_id=28902","og_site_name":"Bl\u00e4uer - Conservation - Science","article_modified_time":"2024-11-16T18:46:36+00:00","og_image":[{"url":"https:\/\/csc-sarl.ch\/wp-content\/uploads\/2018\/06\/xbmesuresxrf_100px.jpg","type":"","width":"","height":""}],"twitter_card":"summary_large_image","twitter_misc":{"Dur\u00e9e de lecture estim\u00e9e":"2 minutes"},"schema":{"@context":"https:\/\/schema.org","@graph":[{"@type":"WebPage","@id":"https:\/\/conservation-science.ch\/?page_id=28902","url":"https:\/\/conservation-science.ch\/?page_id=28902","name":"Activit\u00e9s - Bl\u00e4uer - Conservation - Science","isPartOf":{"@id":"https:\/\/conservation-science.ch\/#website"},"primaryImageOfPage":{"@id":"https:\/\/conservation-science.ch\/?page_id=28902#primaryimage"},"image":{"@id":"https:\/\/conservation-science.ch\/?page_id=28902#primaryimage"},"thumbnailUrl":"https:\/\/csc-sarl.ch\/wp-content\/uploads\/2018\/06\/xbmesuresxrf_100px.jpg","datePublished":"2018-06-10T13:30:41+00:00","dateModified":"2024-11-16T18:46:36+00:00","breadcrumb":{"@id":"https:\/\/conservation-science.ch\/?page_id=28902#breadcrumb"},"inLanguage":"fr-FR","potentialAction":[{"@type":"ReadAction","target":["https:\/\/conservation-science.ch\/?page_id=28902"]}]},{"@type":"ImageObject","inLanguage":"fr-FR","@id":"https:\/\/conservation-science.ch\/?page_id=28902#primaryimage","url":"https:\/\/csc-sarl.ch\/wp-content\/uploads\/2018\/06\/xbmesuresxrf_100px.jpg","contentUrl":"https:\/\/csc-sarl.ch\/wp-content\/uploads\/2018\/06\/xbmesuresxrf_100px.jpg"},{"@type":"BreadcrumbList","@id":"https:\/\/conservation-science.ch\/?page_id=28902#breadcrumb","itemListElement":[{"@type":"ListItem","position":1,"name":"Accueil","item":"https:\/\/conservation-science.ch\/"},{"@type":"ListItem","position":2,"name":"Activit\u00e9s"}]},{"@type":"WebSite","@id":"https:\/\/conservation-science.ch\/#website","url":"https:\/\/conservation-science.ch\/","name":"CSC - Conservation - Sciences","description":"Transmission de connaissances dans le domaine des sciences de la conservation du patrimoine b\u00e2ti","potentialAction":[{"@type":"SearchAction","target":{"@type":"EntryPoint","urlTemplate":"https:\/\/conservation-science.ch\/?s={search_term_string}"},"query-input":{"@type":"PropertyValueSpecification","valueRequired":true,"valueName":"search_term_string"}}],"inLanguage":"fr-FR"}]}},"_links":{"self":[{"href":"https:\/\/conservation-science.ch\/index.php?rest_route=\/wp\/v2\/pages\/28902","targetHints":{"allow":["GET"]}}],"collection":[{"href":"https:\/\/conservation-science.ch\/index.php?rest_route=\/wp\/v2\/pages"}],"about":[{"href":"https:\/\/conservation-science.ch\/index.php?rest_route=\/wp\/v2\/types\/page"}],"author":[{"embeddable":true,"href":"https:\/\/conservation-science.ch\/index.php?rest_route=\/wp\/v2\/users\/1"}],"replies":[{"embeddable":true,"href":"https:\/\/conservation-science.ch\/index.php?rest_route=%2Fwp%2Fv2%2Fcomments&post=28902"}],"version-history":[{"count":10,"href":"https:\/\/conservation-science.ch\/index.php?rest_route=\/wp\/v2\/pages\/28902\/revisions"}],"predecessor-version":[{"id":40416,"href":"https:\/\/conservation-science.ch\/index.php?rest_route=\/wp\/v2\/pages\/28902\/revisions\/40416"}],"wp:attachment":[{"href":"https:\/\/conservation-science.ch\/index.php?rest_route=%2Fwp%2Fv2%2Fmedia&parent=28902"}],"curies":[{"name":"wp","href":"https:\/\/api.w.org\/{rel}","templated":true}]}}