{"id":28756,"date":"2018-06-10T12:35:02","date_gmt":"2018-06-10T10:35:02","guid":{"rendered":"http:\/\/objectif-lune.ch\/?page_id=2"},"modified":"2024-11-16T18:44:19","modified_gmt":"2024-11-16T17:44:19","slug":"accueil","status":"publish","type":"page","link":"https:\/\/conservation-science.ch\/","title":{"rendered":"Accueil"},"content":{"rendered":"<p>Pour obtenir un soutien scientifique dans vos travaux de conservation et de restauration de b\u00e2timents historiques, veuillez contacter le laboratoire de la Fondation de la cath\u00e9drale de Berne (<a href=\"http:\/\/www.bernermuensterstiftung.ch\/aktuell\/aktuell.php\">http:\/\/www.bernermuensterstiftung.ch\/aktuell\/aktuell.php<\/a> )<\/p>\n<p><img loading=\"lazy\" decoding=\"async\" class=\"aligncenter wp-image-39246 \" src=\"https:\/\/conservation-science.ch\/wp-content\/uploads\/2019\/01\/0548_KO002_Bb175um_396-1-300x200.jpg\" alt=\"\" width=\"462\" height=\"308\" srcset=\"https:\/\/conservation-science.ch\/wp-content\/uploads\/2019\/01\/0548_KO002_Bb175um_396-1-300x200.jpg 300w, https:\/\/conservation-science.ch\/wp-content\/uploads\/2019\/01\/0548_KO002_Bb175um_396-1.jpg 640w\" sizes=\"auto, (max-width: 462px) 100vw, 462px\" \/>Reliques de quartz dans une nodule de chaux dans un mortier m\u00e9di\u00e9val. La chaux \u00e9tait probablement produite \u00e0 partir d&rsquo;un \u00ab\u00a0Kieselkalk\u00a0\u00bb (calcaire silicieu).<\/p>\n<p>Orange = quartz; bleu \u00e0 violet = produits de r\u00e9action du quartz et de la chaux; beige = liant. Lumi\u00e8re transmise polaris\u00e9e et analis\u00e9e et d\u00e9placement <span lang=\"fr\">\u03bb.<\/span><\/p>\n","protected":false},"excerpt":{"rendered":"<p>Pour obtenir un soutien scientifique dans vos travaux de conservation et de restauration de b\u00e2timents historiques, veuillez contacter le laboratoire de la Fondation de la cath\u00e9drale de Berne (http:\/\/www.bernermuensterstiftung.ch\/aktuell\/aktuell.php ) Reliques de quartz dans une nodule de chaux dans un mortier m\u00e9di\u00e9val. La chaux \u00e9tait probablement produite \u00e0 partir d&rsquo;un \u00ab\u00a0Kieselkalk\u00a0\u00bb (calcaire silicieu). Orange = &hellip; <a href=\"https:\/\/conservation-science.ch\/\" class=\"more-link\">Continuer la lecture de <span class=\"screen-reader-text\">Accueil<\/span><\/a><\/p>\n","protected":false},"author":1,"featured_media":0,"parent":0,"menu_order":0,"comment_status":"closed","ping_status":"closed","template":"","meta":{"footnotes":""},"class_list":["post-28756","page","type-page","status-publish","hentry"],"yoast_head":"<!-- This site is optimized with the Yoast SEO plugin v27.2 - https:\/\/yoast.com\/product\/yoast-seo-wordpress\/ -->\n<title>Accueil - Bl\u00e4uer - Conservation - Science<\/title>\n<meta name=\"robots\" content=\"index, follow, max-snippet:-1, max-image-preview:large, max-video-preview:-1\" \/>\n<link rel=\"canonical\" href=\"https:\/\/conservation-science.ch\/\" \/>\n<meta property=\"og:locale\" content=\"fr_FR\" \/>\n<meta property=\"og:type\" content=\"article\" \/>\n<meta property=\"og:title\" content=\"Accueil - Bl\u00e4uer - Conservation - Science\" \/>\n<meta property=\"og:description\" content=\"Pour obtenir un soutien scientifique dans vos travaux de conservation et de restauration de b\u00e2timents historiques, veuillez contacter le laboratoire de la Fondation de la cath\u00e9drale de Berne (http:\/\/www.bernermuensterstiftung.ch\/aktuell\/aktuell.php ) Reliques de quartz dans une nodule de chaux dans un mortier m\u00e9di\u00e9val. La chaux \u00e9tait probablement produite \u00e0 partir d&rsquo;un \u00ab\u00a0Kieselkalk\u00a0\u00bb (calcaire silicieu). Orange = &hellip; Continuer la lecture de Accueil\" \/>\n<meta property=\"og:url\" content=\"https:\/\/conservation-science.ch\/\" \/>\n<meta property=\"og:site_name\" content=\"Bl\u00e4uer - Conservation - Science\" \/>\n<meta property=\"article:modified_time\" content=\"2024-11-16T17:44:19+00:00\" \/>\n<meta property=\"og:image\" content=\"https:\/\/conservation-science.ch\/wp-content\/uploads\/2019\/01\/0548_KO002_Bb175um_396-1-300x200.jpg\" \/>\n<meta name=\"twitter:card\" content=\"summary_large_image\" \/>\n<meta name=\"twitter:label1\" content=\"Dur\u00e9e de lecture estim\u00e9e\" \/>\n\t<meta name=\"twitter:data1\" content=\"1 minute\" \/>\n<script type=\"application\/ld+json\" class=\"yoast-schema-graph\">{\"@context\":\"https:\/\/schema.org\",\"@graph\":[{\"@type\":\"WebPage\",\"@id\":\"https:\/\/conservation-science.ch\/\",\"url\":\"https:\/\/conservation-science.ch\/\",\"name\":\"Accueil - Bl\u00e4uer - Conservation - Science\",\"isPartOf\":{\"@id\":\"https:\/\/conservation-science.ch\/#website\"},\"primaryImageOfPage\":{\"@id\":\"https:\/\/conservation-science.ch\/#primaryimage\"},\"image\":{\"@id\":\"https:\/\/conservation-science.ch\/#primaryimage\"},\"thumbnailUrl\":\"https:\/\/conservation-science.ch\/wp-content\/uploads\/2019\/01\/0548_KO002_Bb175um_396-1-300x200.jpg\",\"datePublished\":\"2018-06-10T10:35:02+00:00\",\"dateModified\":\"2024-11-16T17:44:19+00:00\",\"breadcrumb\":{\"@id\":\"https:\/\/conservation-science.ch\/#breadcrumb\"},\"inLanguage\":\"fr-FR\",\"potentialAction\":[{\"@type\":\"ReadAction\",\"target\":[\"https:\/\/conservation-science.ch\/\"]}]},{\"@type\":\"ImageObject\",\"inLanguage\":\"fr-FR\",\"@id\":\"https:\/\/conservation-science.ch\/#primaryimage\",\"url\":\"https:\/\/conservation-science.ch\/wp-content\/uploads\/2019\/01\/0548_KO002_Bb175um_396-1.jpg\",\"contentUrl\":\"https:\/\/conservation-science.ch\/wp-content\/uploads\/2019\/01\/0548_KO002_Bb175um_396-1.jpg\",\"width\":640,\"height\":427},{\"@type\":\"BreadcrumbList\",\"@id\":\"https:\/\/conservation-science.ch\/#breadcrumb\",\"itemListElement\":[{\"@type\":\"ListItem\",\"position\":1,\"name\":\"Accueil\",\"item\":\"https:\/\/conservation-science.ch\/\"},{\"@type\":\"ListItem\",\"position\":2,\"name\":\"Accueil\"}]},{\"@type\":\"WebSite\",\"@id\":\"https:\/\/conservation-science.ch\/#website\",\"url\":\"https:\/\/conservation-science.ch\/\",\"name\":\"CSC - Conservation - Sciences\",\"description\":\"Transmission de connaissances dans le domaine des sciences de la conservation du patrimoine b\u00e2ti\",\"potentialAction\":[{\"@type\":\"SearchAction\",\"target\":{\"@type\":\"EntryPoint\",\"urlTemplate\":\"https:\/\/conservation-science.ch\/?s={search_term_string}\"},\"query-input\":{\"@type\":\"PropertyValueSpecification\",\"valueRequired\":true,\"valueName\":\"search_term_string\"}}],\"inLanguage\":\"fr-FR\"}]}<\/script>\n<!-- \/ Yoast SEO plugin. -->","yoast_head_json":{"title":"Accueil - Bl\u00e4uer - Conservation - Science","robots":{"index":"index","follow":"follow","max-snippet":"max-snippet:-1","max-image-preview":"max-image-preview:large","max-video-preview":"max-video-preview:-1"},"canonical":"https:\/\/conservation-science.ch\/","og_locale":"fr_FR","og_type":"article","og_title":"Accueil - Bl\u00e4uer - Conservation - Science","og_description":"Pour obtenir un soutien scientifique dans vos travaux de conservation et de restauration de b\u00e2timents historiques, veuillez contacter le laboratoire de la Fondation de la cath\u00e9drale de Berne (http:\/\/www.bernermuensterstiftung.ch\/aktuell\/aktuell.php ) Reliques de quartz dans une nodule de chaux dans un mortier m\u00e9di\u00e9val. La chaux \u00e9tait probablement produite \u00e0 partir d&rsquo;un \u00ab\u00a0Kieselkalk\u00a0\u00bb (calcaire silicieu). Orange = &hellip; Continuer la lecture de Accueil","og_url":"https:\/\/conservation-science.ch\/","og_site_name":"Bl\u00e4uer - Conservation - Science","article_modified_time":"2024-11-16T17:44:19+00:00","og_image":[{"url":"https:\/\/conservation-science.ch\/wp-content\/uploads\/2019\/01\/0548_KO002_Bb175um_396-1-300x200.jpg","type":"","width":"","height":""}],"twitter_card":"summary_large_image","twitter_misc":{"Dur\u00e9e de lecture estim\u00e9e":"1 minute"},"schema":{"@context":"https:\/\/schema.org","@graph":[{"@type":"WebPage","@id":"https:\/\/conservation-science.ch\/","url":"https:\/\/conservation-science.ch\/","name":"Accueil - Bl\u00e4uer - Conservation - Science","isPartOf":{"@id":"https:\/\/conservation-science.ch\/#website"},"primaryImageOfPage":{"@id":"https:\/\/conservation-science.ch\/#primaryimage"},"image":{"@id":"https:\/\/conservation-science.ch\/#primaryimage"},"thumbnailUrl":"https:\/\/conservation-science.ch\/wp-content\/uploads\/2019\/01\/0548_KO002_Bb175um_396-1-300x200.jpg","datePublished":"2018-06-10T10:35:02+00:00","dateModified":"2024-11-16T17:44:19+00:00","breadcrumb":{"@id":"https:\/\/conservation-science.ch\/#breadcrumb"},"inLanguage":"fr-FR","potentialAction":[{"@type":"ReadAction","target":["https:\/\/conservation-science.ch\/"]}]},{"@type":"ImageObject","inLanguage":"fr-FR","@id":"https:\/\/conservation-science.ch\/#primaryimage","url":"https:\/\/conservation-science.ch\/wp-content\/uploads\/2019\/01\/0548_KO002_Bb175um_396-1.jpg","contentUrl":"https:\/\/conservation-science.ch\/wp-content\/uploads\/2019\/01\/0548_KO002_Bb175um_396-1.jpg","width":640,"height":427},{"@type":"BreadcrumbList","@id":"https:\/\/conservation-science.ch\/#breadcrumb","itemListElement":[{"@type":"ListItem","position":1,"name":"Accueil","item":"https:\/\/conservation-science.ch\/"},{"@type":"ListItem","position":2,"name":"Accueil"}]},{"@type":"WebSite","@id":"https:\/\/conservation-science.ch\/#website","url":"https:\/\/conservation-science.ch\/","name":"CSC - Conservation - Sciences","description":"Transmission de connaissances dans le domaine des sciences de la conservation du patrimoine b\u00e2ti","potentialAction":[{"@type":"SearchAction","target":{"@type":"EntryPoint","urlTemplate":"https:\/\/conservation-science.ch\/?s={search_term_string}"},"query-input":{"@type":"PropertyValueSpecification","valueRequired":true,"valueName":"search_term_string"}}],"inLanguage":"fr-FR"}]}},"_links":{"self":[{"href":"https:\/\/conservation-science.ch\/index.php?rest_route=\/wp\/v2\/pages\/28756","targetHints":{"allow":["GET"]}}],"collection":[{"href":"https:\/\/conservation-science.ch\/index.php?rest_route=\/wp\/v2\/pages"}],"about":[{"href":"https:\/\/conservation-science.ch\/index.php?rest_route=\/wp\/v2\/types\/page"}],"author":[{"embeddable":true,"href":"https:\/\/conservation-science.ch\/index.php?rest_route=\/wp\/v2\/users\/1"}],"replies":[{"embeddable":true,"href":"https:\/\/conservation-science.ch\/index.php?rest_route=%2Fwp%2Fv2%2Fcomments&post=28756"}],"version-history":[{"count":6,"href":"https:\/\/conservation-science.ch\/index.php?rest_route=\/wp\/v2\/pages\/28756\/revisions"}],"predecessor-version":[{"id":40393,"href":"https:\/\/conservation-science.ch\/index.php?rest_route=\/wp\/v2\/pages\/28756\/revisions\/40393"}],"wp:attachment":[{"href":"https:\/\/conservation-science.ch\/index.php?rest_route=%2Fwp%2Fv2%2Fmedia&parent=28756"}],"curies":[{"name":"wp","href":"https:\/\/api.w.org\/{rel}","templated":true}]}}